CREATE TABLE IF NOT EXISTS `c_comite` (
  `fl_comite` mediumint(8) unsigned NOT NULL AUTO_INCREMENT,
  `fl_condominio` mediumint(8) unsigned NOT NULL,
  `nb_comite` varchar(150) NOT NULL,
  `fg_tipo` enum('V','O') DEFAULT 'O' COMMENT 'V => comité de vigilancia\nO => otros comites',
  `fe_ultmod` datetime NOT NULL,
  `fe_alta` datetime NOT NULL,
  PRIMARY KEY (`fl_comite`),
  KEY `fk_c_comite_c_condominio_idx` (`fl_condominio`)
) ENGINE=InnoDB  DEFAULT CHARSET=utf8 AUTO_INCREMENT=5 ;

--
-- Volcado de datos para la tabla `c_comite`
--

INSERT INTO `c_comite` (`fl_comite`, `fl_condominio`, `nb_comite`, `fg_tipo`, `fe_ultmod`, `fe_alta`) VALUES
(1, 3, 'Comit&eacute; de Vigilancia', 'O', '2015-05-01 19:27:03', '2015-05-01 19:16:25'),
(2, 3, '', 'V', '2015-08-20 17:23:21', '2015-08-20 17:23:21'),
(3, 18, '', 'V', '2015-11-26 06:36:24', '2015-11-26 06:36:24'),
(4, 19, '', 'V', '2015-12-22 16:45:34', '2015-12-22 16:45:34');

-- --------------------------------------------------------

--
-- Estructura de tabla para la tabla `c_condominio`
--

CREATE TABLE IF NOT EXISTS `c_condominio` (
  `fl_condominio` mediumint(8) unsigned NOT NULL AUTO_INCREMENT,
  `fl_usuario` mediumint(8) unsigned NOT NULL COMMENT 'Usuario Pricipal de la cuenta',
  `fl_direccion` mediumint(8) unsigned NOT NULL,
  `nb_condominio` varchar(200) NOT NULL,
  `ds_condominio` varchar(255) NOT NULL,
  `no_unidades` smallint(5) unsigned NOT NULL,
  `ds_logo1` varchar(100) DEFAULT NULL,
  `ds_logo2` varchar(255) DEFAULT NULL,
  `ds_logo3` varchar(255) DEFAULT NULL,
  `ds_numero_contrato` varchar(100) DEFAULT NULL,
  `ds_numero_referenciado` varchar(100) DEFAULT NULL,
  `ds_comprobante_pago_unico` varchar(255) DEFAULT NULL,
  `ds_observaciones` text,
  `fe_activacion` datetime DEFAULT NULL,
  `fg_activo` enum('1','0') NOT NULL DEFAULT '1',
  `fe_alta` datetime NOT NULL,
  `fe_ultmod` datetime DEFAULT NULL,
  PRIMARY KEY (`fl_condominio`),
  KEY `fk_c_condominio_c_direccion_idx` (`fl_direccion`),
  KEY `fk_c_condominio_c_usuario1_idx` (`fl_usuario`)
) ENGINE=InnoDB  DEFAULT CHARSET=utf8 AUTO_INCREMENT=23 ;

--
-- Volcado de datos para la tabla `c_condominio`
--

INSERT INTO `c_condominio` (`fl_condominio`, `fl_usuario`, `fl_direccion`, `nb_condominio`, `ds_condominio`, `no_unidades`, `ds_logo1`, `ds_logo2`, `ds_logo3`, `ds_numero_contrato`, `ds_numero_referenciado`, `ds_comprobante_pago_unico`, `ds_observaciones`, `fe_activacion`, `fg_activo`, `fe_alta`, `fe_ultmod`) VALUES
(3, 4, 3, 'Agave Azul', 'Fraccionamiento Agave Azul II', 246, 'l1_3_279.jpg', '', '', NULL, NULL, 'comprobante_cuota_unica_3.jpg', '', '2015-05-01 18:11:37', '1', '2015-05-01 18:11:37', '2015-10-30 11:11:21'),
(17, 41, 45, 'El Sim&oacute;n', 'El Sim&oacute;n', 624, '', '', '', NULL, NULL, 'l1_16_394.jpg', '', '2015-12-03 14:25:23', '1', '2015-10-27 17:36:13', '2015-12-07 12:11:13'),
(18, 65, 47, 'San Gil', 'Residecial Campestre San Gil, S.C.', 950, 'l1_18_320.jpg', 'l2_18_348.jpg', '', NULL, NULL, 'l2_18_977.jpg', '', '2015-10-29 16:46:05', '0', '2015-10-29 16:46:05', '2015-12-11 14:58:41'),
(19, 67, 50, 'LOMAS DEL RIO', 'LOMAS DEL RIO', 15, 'l1_19_606.png', 'l2_19_465.png', '', NULL, NULL, NULL, '', '2015-09-07 12:34:40', '1', '2015-11-04 16:54:21', '2015-12-21 14:41:27'),
(20, 69, 55, 'Las fuentes', 'Las fuentes de Jalisco', 60, '', '', '', NULL, NULL, NULL, '', '2015-12-18 11:57:45', '1', '2015-12-18 12:44:15', '2015-12-18 11:57:45'),
(21, 68, 57, 'Alamar', 'Condominio Alamar, A.C.', 125, '', '', '', NULL, NULL, NULL, '', '2015-12-19 02:04:05', '1', '2015-12-19 02:04:05', NULL),
(22, 71, 60, 'Los Olivos', 'Los Olivos S.C.', 60, '', '', '', NULL, NULL, NULL, '', '2016-01-04 15:02:23', '1', '2016-01-04 15:02:23', NULL);

-- --------------------------------------------------------

--
-- Estructura de tabla para la tabla `c_condomino`
--

CREATE TABLE IF NOT EXISTS `c_condomino` (
  `fl_condomino` int(10) unsigned NOT NULL AUTO_INCREMENT,
  `fl_unidad` int(10) unsigned NOT NULL,
  `fl_usuario` mediumint(8) unsigned DEFAULT NULL,
  `fl_persona` mediumint(8) unsigned DEFAULT NULL,
  `fl_empresa` mediumint(8) unsigned DEFAULT NULL,
  `fg_tipo` enum('P','U') DEFAULT NULL COMMENT 'Tipo de condómino\nP = Propietario\nU = Usuario o inquilino',
  `fe_inicia` date DEFAULT NULL,
  `fe_finaliza` date DEFAULT '2040-10-17',
  `fg_responsable_pago` tinyint(1) DEFAULT '0',
  `fe_alta` datetime DEFAULT NULL,
  `fe_ultmod` datetime DEFAULT NULL,
  PRIMARY KEY (`fl_condomino`),
  KEY `fk_c_condomino_c_unidad1_idx` (`fl_unidad`),
  KEY `fk_c_condomino_c_persona1_idx` (`fl_persona`),
  KEY `fk_c_condomino_c_empresa1_idx` (`fl_empresa`),
  KEY `fk_c_condomino_c_usuario1_idx` (`fl_usuario`)
) ENGINE=InnoDB  DEFAULT CHARSET=utf8 AUTO_INCREMENT=22 ;

--
-- Volcado de datos para la tabla `c_condomino`
--

INSERT INTO `c_condomino` (`fl_condomino`, `fl_unidad`, `fl_usuario`, `fl_persona`, `fl_empresa`, `fg_tipo`, `fe_inicia`, `fe_finaliza`, `fg_responsable_pago`, `fe_alta`, `fe_ultmod`) VALUES
(8, 1, 82, 38, 5, 'U', '2015-08-06', '0000-00-00', 0, '2015-08-06 19:05:20', '2016-01-15 12:51:03'),
(9, 2, NULL, 41, NULL, 'P', '2012-06-14', NULL, 1, '2015-08-12 17:16:02', '2015-08-12 17:17:01'),
(11, 6, NULL, 50, NULL, 'P', '2014-06-24', NULL, 1, '2015-08-26 16:41:11', '2015-08-26 16:43:17'),
(12, 5, NULL, 51, NULL, 'P', '2015-01-31', NULL, 1, '2015-08-27 12:31:39', '2015-08-27 12:33:23'),
(13, 7, NULL, 111, NULL, 'P', '2004-07-01', NULL, 1, '2015-10-29 20:00:03', '2015-10-29 20:00:05'),
(14, 8, NULL, 112, NULL, 'P', '2013-01-05', NULL, 1, '2015-10-29 20:18:55', '2015-10-29 20:18:57'),
(15, 1461, NULL, 130, NULL, 'P', '1969-12-31', '2040-10-17', 0, '2015-11-24 15:19:07', '2015-11-24 15:19:07'),
(16, 1461, NULL, 131, NULL, 'U', '1969-12-31', '2040-10-17', 1, '2015-11-24 15:19:07', '2015-11-24 15:19:07'),
(17, 1463, NULL, 134, NULL, 'P', '2015-11-01', NULL, 0, '2015-12-22 17:14:37', '2015-12-22 17:22:37'),
(18, 1463, NULL, 135, NULL, 'U', '2015-11-24', '2016-11-23', 1, '2015-12-22 17:22:26', '2015-12-22 17:22:37'),
(21, 1, 83, 20, NULL, 'P', '2015-10-17', '2040-10-17', 1, NULL, '2016-01-15 12:51:39');

-- --------------------------------------------------------

--
-- Estructura de tabla para la tabla `c_configuracion`
--

CREATE TABLE IF NOT EXISTS `c_configuracion` (
  `cl_configuracion` smallint(5) unsigned NOT NULL,
  `ds_configuracion` varchar(255) NOT NULL,
  `ds_valor` varchar(255) NOT NULL,
  `fg_admin` enum('1','0') NOT NULL DEFAULT '1',
  PRIMARY KEY (`cl_configuracion`)
) ENGINE=InnoDB DEFAULT CHARSET=utf8;

--
-- Volcado de datos para la tabla `c_configuracion`
--

INSERT INTO `c_configuracion` (`cl_configuracion`, `ds_configuracion`, `ds_valor`, `fg_admin`) VALUES
(1, 'M&aacute;ximo de renglones en listados sin scroll', '20', '1'),
(2, 'M&aacute;ximo de registros a recuperar en listados', '300', '1'),
(3, 'Plataforma (1,2,3)', '4', '0'),
(10, 'Width Icono Menu', '32', '1'),
(11, 'Height Icono Menu', '32', '1'),
(12, 'Width Banner Menu', '200', '1'),
(13, 'Height Banner Menu', '150', '1'),
(101, 'Sitio P&uacute;blico Activo (1&#061;Disponible, 0&#061;Fuera de servicio)', '1', '0'),
(102, 'URL del Sitio', 'http://www.loomtek.com.mx', '0'),
(103, 'Facebook - Nombre del Sitio', 'Loomtek', '0'),
(104, 'Facebook - P&aacute;gina de perfil', 'loomtek', '0'),
(105, 'Facebook - C&oacute;digo de Administraci&oacute;n', 'loomtek', '0'),
(106, 'Facebook - Tipo', 'service', '0'),
(107, 'Twitter - Cuenta', 'loomtek', '0'),
(108, 'Google Analytics - Cuenta', 'UA-99999999-9', '0'),
(109, 'Google Maps - Key', 'AIzaSyD0IJF7CUbhKFPHcE_EmmfU_RTNixdyJwE', '0'),
(110, 'Google Maps - Latitud inicial', '19.218976056481', '0'),
(111, 'Google Maps - Longitud inicial', '-99.63732966423038', '0'),
(112, 'Google Maps - Zoom default', '17', '0'),
(113, 'Google Maps - Ancho de Mapa', '300', '1'),
(114, 'Google Maps - Alto de Mapa', '170', '1'),
(115, 'reCAPTCHA - Llave P&uacute;blica', '6Lf4-dYSAAAAAM_zk1bPknqRVODt5CFlmhyBIeIW', '0'),
(116, 'reCAPTCHA - Llave Privada', '6Lf4-dYSAAAAAE-X3dTEfiWtm__XT4Sxpxghmmip', '0'),
(117, 'reCAPTCHA - Mostrar campo reCAPTCHA (1&#061;S&iacute;, 0&#061;No)', '1', '0'),
(120, 'Timer carrusel Banners (En segundos)', '4', '0'),
(121, 'Banners en orden aleatorio (1=S&iacute;, 0=Por n&uacute;mero de orden)', '0', '0'),
(900, 'DEBUG - Mostrar Queries', '0', '1');

-- --------------------------------------------------------

--
-- Estructura de tabla para la tabla `c_configuracion_trad`
--

CREATE TABLE IF NOT EXISTS `c_configuracion_trad` (
  `cl_configuracion` smallint(5) unsigned NOT NULL,
  `fl_idioma` smallint(5) unsigned NOT NULL,
  `ds_configuracion` varchar(255) DEFAULT NULL,
  PRIMARY KEY (`cl_configuracion`,`fl_idioma`),
  KEY `fx_configuracion_trad_c_configuracion_idx` (`cl_configuracion`),
  KEY `fx_configuracion_trad_c_idioma_idx` (`fl_idioma`)
) ENGINE=InnoDB DEFAULT CHARSET=utf8;

-- --------------------------------------------------------

--
-- Estructura de tabla para la tabla `c_contacto`
--

CREATE TABLE IF NOT EXISTS `c_contacto` (
  `fl_contacto` mediumint(8) unsigned NOT NULL,
  `ds_area` varchar(255) NOT NULL,
  `tr_area` varchar(255) DEFAULT NULL,
  `ds_email` varchar(255) NOT NULL,
  `no_orden` tinyint(3) unsigned NOT NULL DEFAULT '0',
  PRIMARY KEY (`fl_contacto`)
) ENGINE=InnoDB DEFAULT CHARSET=utf8;

--
-- Volcado de datos para la tabla `c_contacto`
--

INSERT INTO `c_contacto` (`fl_contacto`, `ds_area`, `tr_area`, `ds_email`, `no_orden`) VALUES
(1, 'Ventas', 'Sales', 'mreyes@loomtek.com.mx', 1);

-- --------------------------------------------------------

--
-- Estructura de tabla para la tabla `c_contacto_trad`
--

CREATE TABLE IF NOT EXISTS `c_contacto_trad` (
  `fl_contacto` mediumint(8) unsigned NOT NULL,
  `fl_idioma` smallint(5) unsigned NOT NULL,
  `ds_area` varchar(255) DEFAULT NULL,
  PRIMARY KEY (`fl_contacto`,`fl_idioma`),
  KEY `fk_c_contacto_trad_c_idioma_idx` (`fl_idioma`),
  KEY `fk_c_contacto_trad_c_contacto_idx` (`fl_contacto`)
) ENGINE=InnoDB DEFAULT CHARSET=utf8;

-- --------------------------------------------------------

--
-- Estructura de tabla para la tabla `c_contenido`
--

CREATE TABLE IF NOT EXISTS `c_contenido` (
  `fl_contenido` mediumint(8) unsigned NOT NULL AUTO_INCREMENT,
  `fg_tipo` enum('M','P','N','H','B','C') NOT NULL,
  `fg_buscar` enum('1','0') NOT NULL DEFAULT '1',
  `fg_favorito` enum('0','1') NOT NULL DEFAULT '0',
  `ds_titulo` varchar(255) DEFAULT NULL,
  `tr_titulo` varchar(255) DEFAULT NULL,
  `ds_resumen` text,
  `tr_resumen` text,
  `nb_thumb` varchar(100) DEFAULT NULL,
  `nb_imagen` varchar(100) DEFAULT NULL,
  `tr_imagen` varchar(100) DEFAULT NULL,
  `ds_contenido` mediumtext,
  `tr_contenido` mediumtext,
  PRIMARY KEY (`fl_contenido`)
) ENGINE=InnoDB  DEFAULT CHARSET=utf8 AUTO_INCREMENT=183 ;

--
-- Volcado de datos para la tabla `c_contenido`
--

INSERT INTO `c_contenido` (`fl_contenido`, `fg_tipo`, `fg_buscar`, `fg_favorito`, `ds_titulo`, `tr_titulo`, `ds_resumen`, `tr_resumen`, `nb_thumb`, `nb_imagen`, `tr_imagen`, `ds_contenido`, `tr_contenido`) VALUES
(1, 'P', '1', '0', '&iquest;Qu&eacute; es este sitio?', '', NULL, NULL, NULL, '', '', '&lt;p&gt;Aqu&iacute; va un %DIALOGO: di&aacute;logo |&lt;/p&gt;\r\n&lt;p&gt;Este es el contenido del di&aacute;logo. Podemos poner im&aacute;genes, y m&aacute;s cosas editables.&lt;/p&gt;\r\n&lt;p&gt;DIALOGO%.&lt;/p&gt;\r\n&lt;p&gt;&lt;img src&#061;&quot;/plataforma/anexos/Image/icon_fb.png&quot; alt&#061;&quot;&quot; width&#061;&quot;32&quot; height&#061;&quot;32&quot; /&gt;&lt;img src&#061;&quot;/plataforma/anexos/Image/Test/anm7.gif&quot; alt&#061;&quot;&quot; width&#061;&quot;500&quot; height&#061;&quot;296&quot; /&gt;&lt;/p&gt;\r\n&lt;p&gt;Y una imagen nueva:&lt;/p&gt;\r\n&lt;p&gt;&lt;img src&#061;&quot;/plataforma/anexos/Image/icon_twitter.png&quot; alt&#061;&quot;&quot; width&#061;&quot;32&quot; height&#061;&quot;32&quot; /&gt;&lt;/p&gt;', ''),
(2, 'P', '1', '0', 'Noticias', 'News', NULL, NULL, NULL, '', '', '&lt;p&gt;Descubre lo que est&aacute; sucediendo.&lt;/p&gt;', ''),
(3, 'P', '1', '0', 'Galer&iacute;a de Fotos', 'Photo Gallery', NULL, NULL, NULL, '', '', '&lt;p&gt;Haga click en la imagen para verla en su tama&ntilde;o original.&lt;/p&gt;', '&lt;p&gt;Click the image to view it in its original size.&lt;/p&gt;'),
(8, 'P', '1', '0', 'Contacto', 'Contact', NULL, NULL, NULL, '', '', '&lt;p&gt;Este texto va arriba de la forma de contacto y tendr&aacute; el directorio de contacto.&lt;/p&gt;', ''),
(9, 'H', '0', '0', 'Residencial', 'Residential', '&lt;p&gt;&lt;strong&gt;La Administraci&amp;oacute;n de Condominios Verticales, Horizontales o Mixtos que le ofrece este sitio le permite mantener todos los procesos a los que obliga la ley, de manera ordenada, segura y disponible para todos los cond&amp;oacute;minos.&lt;/strong&gt;&lt;/p&gt;', '&lt;p&gt;&lt;strong&gt;The management of Horizontal, Vertical or mixed condominiums offered in this site allows you to maintain all the processes in an orderly and secure manner, with individual access to all property owners.&lt;/strong&gt;&lt;/p&gt;', '', 'residencial.png', '', '', ''),
(19, 'M', '1', '0', 'Aviso legal', 'Legal Notice', '', '', '', '', '', '&lt;p&gt;Esta p&aacute;gina&nbsp; fue desarrollada y es actualizada  por Hilma Consultores Asociados, S.C.. Hilma Consultores Asociados, S.C. no garantiza la exactitud de la  informaci&oacute;n que se encuentra en esta p&aacute;gina.&lt;/p&gt;\r\n&lt;p&gt;Bajo ninguna circunstancia Hilma Consultores Asociados, S.C. se har&aacute; responsable por la  p&eacute;rdida directa o indirecta, especial o como consecuencia de esta  informaci&oacute;n, as&iacute; como por los riesgos asociados por los cambios en el  mercado, por los resultados generales econ&oacute;micos internacionales o de  M&eacute;xico, de la industria o de los mercados internacionales.&lt;/p&gt;\r\n&lt;p&gt;La p&aacute;gina de Internet contiene comentarios sobre expectativas de  resultados futuros que reflejan opiniones actuales de la Administraci&oacute;n  de Hilma Consultores Asociados, S.C. sobre eventos futuros. Las frases &quot;anticipan&quot;, &quot;creen&quot;,  &quot;estiman&quot;, &quot;esperan&quot;, &quot;tienen la intenci&oacute;n&quot;, &quot;pudieran&quot;, &quot;planean&quot;,  &quot;deben&quot; y expresiones similares generalmente indican comentarios sobre  expectativas. Estos comentarios est&aacute;n sujetos a riesgos, incertidumbres y  cambios en circunstancias.&lt;/p&gt;', '&lt;p&gt;This page was built &#97;nd is updated by Hilma Consultores Asociados, S.C.. Hilma Consultores Asociados, S.C. does not guarantee the exactnes of the information found on this page.&lt;/p&gt;\r\n&lt;p&gt;Under any circumstance will Hilma Consultores Asociados, S.C. be responsible for the direct or indirect loss, or as a consecuence of this information, as well as for the associated risks of market changes, for the international or Mexico&acute;s economic general results or for the international markets.&lt;/p&gt;\r\n&lt;p&gt;This website might contain comments about expectations of future results that reflect opinions of the Administration of Hilma Consultores Asociado, S.C. about present or future events.&nbsp; Frases like &quot;anticipate&quot;, &quot;believe&quot;, &quot;estimate&quot;, &quot;hope&quot;, &quot;have the intention of&quot;, &quot;could&quot;, &quot;plan&quot;, &quot;should&quot; or similar expressions generally indicate comments on expectations.&nbsp; These comments are subject to risks, uncertainties &#97;nd changes of circumstances.&lt;/p&gt;'),
(20, 'M', '1', '0', 'Aviso de privacidad', 'Privacy Advise', '', '', '', '', '', '&lt;p&gt;El acceso y la utilizaci&oacute;n de este Sitio o Portal denominado&lt;span style&#061;&quot;color: #ff0000;&quot;&gt; www.airlynk.com.mx&lt;/span&gt; supone  la expresa aceptaci&oacute;n de usted como usuario a los presentes T&eacute;rminos y  Condiciones de Uso y Privacidad.&lt;/p&gt;\r\n&lt;p&gt;Los siguientes t&eacute;rminos establecen los derechos de Usted (&quot;Usuario&quot;) y   limitan los alcances de responsabilidad de HILMA CONSULTORES  ASOCIADOS, S.C. derivados del uso de nuestro portal de  Internet o las  p&aacute;ginas o sitios hospedados, ubicados o ligados al o en  el mismo, el  cual se ubica en la direcci&oacute;n arriba citada, por lo que le  sugerimos  leerlos cuidadosamente, toda vez que nos reservamos el  derecho de  modificarlos sin previo aviso ni responsabilidad.&lt;/p&gt;\r\n&lt;p&gt;HILMA CONSULTORES ASOCIADOS, S.C. tiene el derecho a limitar el  acceso o  utilizaci&oacute;n total o parcialmente, as&iacute; como modificar en  cualquier  momento los Servicios y Contenidos.&lt;/p&gt;\r\n&lt;p&gt;HILMA CONSULTORES ASOCIADOS, S.C. no garantiza de manera alguna la   disponibilidad o continuidad de la operaci&oacute;n de su portal ni de sus   Contenidos, as&iacute; como de su utilidad respecto de alguna actividad   espec&iacute;fica o en la toma de decisiones. HILMA CONSULTORES ASOCIADOS, S.C.  no ser&aacute;  responsable por da&ntilde;os o p&eacute;rdida alguna de cualquier naturaleza  que  pueda ser causado debido a la falta de disponibilidad&lt;/p&gt;\r\n&lt;p&gt;&lt;strong&gt;Propiedad Intelectual &lt;/strong&gt;&lt;/p&gt;\r\n&lt;p&gt;Todos los derechos reservados por HILMA CONSULTORES ASOCIADOS, S.C.   ------------- El contenido de este portal de Internet (incluyendo de   manera enunciativa mas no limitativa: texto, im&aacute;genes, gr&aacute;ficas,   archivos con sonido, animaci&oacute;n, videos y sus adaptaciones en el sitio de   Internet de HILMA CONSULTORES ASOCIADOS, S.C.) est&aacute; protegido con  derechos de  propiedad intelectual. Estos objetos no deber&aacute;n ser  copiados para uso  comercial o de distribuci&oacute;n, ni deber&aacute;n ser  modificados o colocados en  otros sitios. Parte del contenido de  nuestras p&aacute;ginas de Internet puede  incluir materiales cuya propiedad  intelectual pertenezca a proveedores  de HILMA CONSULTORES ASOCIADOS,  S.C..&lt;/p&gt;\r\n&lt;p&gt;HILMA CONSULTORES ASOCIADOS, S.C. autoriza a sus usuarios a descargar   (&quot;download&quot;) todo aquel material contenido en este sitio de Internet   susceptible de serlo para uso estrictamente operativo. Cualquier   reproducci&oacute;n total o parcial as&iacute; como cualquier intento de realizar o la   realizaci&oacute;n efectiva de adiciones o en general de cualesquiera   alteraciones al contenido de este sitio, sin la autorizaci&oacute;n previa y   por escrito de HILMA CONSULTORES ASOCIADOS, S.C. queda prohibida y ser&aacute;   sancionada en los t&eacute;rminos que determinen las leyes en vigor en los   Estados Unidos Mexicanos&lt;/p&gt;\r\n&lt;p&gt;&lt;strong&gt;Propiedad Industrial &lt;/strong&gt;&lt;/p&gt;\r\n&lt;p&gt;Los derechos de propiedad industrial de HILMA CONSULTORES ASOCIADOS,  S.C.,  as&iacute; como los Servicios y Contenidos presentados, signos  distintivos y  dominios est&aacute;n protegidos por la legislaci&oacute;n vigente, y  son propiedad  exclusiva de HILMA CONSULTORES ASOCIADOS, S.C., sus  subsidiarias y/ o afiliadas.  El usuario reconoce y acepta que no  adquiere derecho alguno de  propiedad industrial por el simple acceso al  Portal de HILMA CONSULTORES ASOCIADOS, S.C. y en ning&uacute;n momento dicho  uso o acceso ser&aacute; considerado como  una autorizaci&oacute;n, consentimiento o  licencia para servirse de los  Servicios y Contenidos con fines  distintos a los que se contemplan en  los presentes T&eacute;rminos y  Condiciones de Uso y Privacidad.&lt;/p&gt;\r\n&lt;p&gt;Las marcas citadas en el sitio, los logotipos y personajes se   encuentran legalmente registradas por HILMA CONSULTORES ASOCIADOS, S.C. y  las  utiliza para identificar y comercializar sus productos en Mexico   entre otros, con base en las licencias que previamente le han sido   otorgadas y debidamente registradas ante el Instituto Mexicano de la   Propiedad Industrial y las Autoridades en materia de Propiedad   Intelectual, para esos efectos.&lt;br /&gt;Se  proh&iacute;be expresamente al usuario  modificar, alterar o suprimir, ya sea en  forma total o parcial, las  marcas, nombres y avisos comerciales, se&ntilde;as,  anuncios, logotipos o en  general cualquier indicaci&oacute;n que se refiera a  la propiedad de la  informaci&oacute;n contenida en el Sitio. &lt;br /&gt;Cualquier infracci&oacute;n a las mismas ser&aacute; castigada conforme a las Leyes de la materia.&lt;/p&gt;\r\n&lt;p&gt;&lt;strong&gt;Propiedad Industrial e Intelectual de Terceros&lt;/strong&gt;&lt;/p&gt;\r\n&lt;p&gt;Los derechos de propiedad industrial de los Servicios y Contenidos de   este Portal referidos a terceros, signos distintivos y dominios, en su   caso, est&aacute;n protegidos por la legislaci&oacute;n vigente y son propiedad   exclusiva de dichos terceros. El usuario reconoce y acepta que no   adquiere derecho alguno de propiedad industrial por el simple acceso al   sitio, a los v&iacute;nculos de acceso de los terceros o por el uso de dichos   Servicios y Contenidos, y en ning&uacute;n momento el uso o acceso ser&aacute;   considerado como una autorizaci&oacute;n, consentimiento o licencia de   cualquier tercero para utilizar los Servicios y Contenidos con fines   distintos a los que se contemplan en los presentes T&eacute;rminos y   Condiciones de Uso y Privacidad, salvo que el tercero as&iacute; lo establezca   expresamente.&lt;/p&gt;\r\n&lt;p&gt;&lt;strong&gt;Uso&lt;/strong&gt;&lt;/p&gt;\r\n&lt;p&gt;El uso y aprovechamiento de los Servicios y Contenidos del portal de  HILMA CONSULTORES ASOCIADOS, S.C. es exclusiva responsabilidad del  usuario,  quien en todo caso deber&aacute; servirse de ellos acorde a las  funcionalidades  del propio sitio, cumpliendo con lo establecido en la  legislaci&oacute;n  aplicable y en las Condiciones Particulares que se  establezcan.&lt;/p&gt;\r\n&lt;p&gt;&lt;br /&gt;&lt;strong&gt;Prohibiciones&lt;/strong&gt;&lt;/p&gt;\r\n&lt;p&gt;Al usuario le est&aacute; prohibido establecer v&iacute;nculos de acceso,   &quot;hiperligas&quot; o cualquier otra forma de enlace de y hacia HILMA  CONSULTORES ASOCIADOS, S.C., as&iacute; como el colocar o utilizar los  Servicios y  Contenidos en sitios o p&aacute;ginas ajenas a HILMA CONSULTORES  ASOCIADOS, S.C. o  comercializarla de cualquier forma servirse de los  Servicios y  Contenidos sin la autorizaci&oacute;n previa y por escrito de  HILMA CONSULTORES ASOCIADOS, S.C., sus filiales, afiliadas y/o  subsidiarias o de terceros, seg&uacute;n  sea el caso. Asimismo, al usuario le  est&aacute; prohibido limitar o impedir  por cualquier medio a cualquier otro  usuario el uso de este Portal.&lt;/p&gt;\r\n&lt;p&gt;&lt;br /&gt;&lt;strong&gt;Servicios y contenidos&lt;/strong&gt;&lt;/p&gt;\r\n&lt;p&gt;HILMA CONSULTORES ASOCIADOS, S.C. es responsable de la informaci&oacute;n  contenida  en este sitio. Sin embargo, no es responsable de los da&ntilde;os  y/o  perjuicios que pudiera sufrir el usuario como consecuencia de la  toma de  decisiones con base en la informaci&oacute;n presentada en el portal,  la cual  es de naturaleza general e informativa, por lo que el usuario  debe  tomarla en cuenta &uacute;nicamente como referencia para la adopci&oacute;n de   decisiones particulares.&lt;/p&gt;\r\n&lt;p&gt;Toda la informaci&oacute;n facilitada por HILMA CONSULTORES ASOCIADOS, S.C.,  tal y  como figura en este sitio de Internet, se ofrece sin ning&uacute;n tipo  de  garant&iacute;a, ya sea impl&iacute;cita o expl&iacute;cita. A&uacute;n consider&#97;ndo en  principio  que el contenido publicado sea correcto, &eacute;ste podr&iacute;a contener  errores o  imprecisiones, por lo que le sugerimos repita su visita  frecuentemente.&lt;/p&gt;\r\n&lt;p&gt;&lt;strong&gt;Servicios y contenidos de terceros proveedores &lt;/strong&gt;&lt;/p&gt;\r\n&lt;p&gt;Respecto de aquellos Servicios y Contenidos que proporcionan terceros   dentro de este portal de Internet mediante enlaces, ligas, banners,   botones u otras formas equivalentes, HILMA CONSULTORES ASOCIADOS, S.C.  no tiene  responsabilidad alguna, ya que no existe ning&uacute;n tipo de  relaci&oacute;n  laboral, asociaci&oacute;n o sociedad, y se limita exclusivamente,  para  conveniencia del usuario, a: (i) informarle sobre los Servicios y   Contenidos que proporcionan dichos terceros proveedores, y (ii)   proporcionar un medio para ponerles mutuamente en contacto.&lt;/p&gt;\r\n&lt;p&gt;La inclusi&oacute;n de dichas p&aacute;ginas y/o enlaces de terceros proveedores no   implica la aprobaci&oacute;n, respaldo, patrocinio, recomendaci&oacute;n o garant&iacute;a   por parte de HILMA CONSULTORES ASOCIADOS, S.C., sus filiales, afiliadas  o  subsidiarias, respecto de los Servicios y Contenidos que se ofrecen y   comercializan en los mismos.&lt;/p&gt;\r\n&lt;p&gt;HILMA CONSULTORES ASOCIADOS, S.C. se obliga a  mantener la  confidencialidad de la informaci&oacute;n que en su caso reciba del  usuario  que tenga dicho car&aacute;cter, conforme a las disposiciones legales   aplicables.&lt;/p&gt;\r\n&lt;p&gt;HILMA CONSULTORES ASOCIADOS, S.C. no asume ninguna obligaci&oacute;n de  mantener  confidencial cualquier otra informaci&oacute;n que el usuario le  proporcione,  incluyendo aquella informaci&oacute;n que el usuario proporcione a  trav&eacute;s de  boletines, pizarras o pl&aacute;tica en l&iacute;nea (chats), as&iacute; como la  informaci&oacute;n  que obtenga HILMA CONSULTORES ASOCIADOS, S.C. a trav&eacute;s del  env&iacute;o de los mensajes  de datos conocidos como &quot;Cookies&quot;.&lt;/p&gt;\r\n&lt;p&gt;&lt;strong&gt;Uso de la informaci&oacute;n no confidencial &lt;/strong&gt;&lt;/p&gt;\r\n&lt;p&gt;Mediante el uso de este sitio de internet el usuario autoriza a HILMA  CONSULTORES ASOCIADOS, S.C. a utilizar, publicar, reproducir, divulgar,   comunicar p&uacute;blicamente y transmitir la informaci&oacute;n no confidencial en   t&eacute;rminos de lo establecido en el art&iacute;culo 109 de la Ley Federal de los   Derechos de Autor.&lt;/p&gt;\r\n&lt;p&gt;&lt;strong&gt;Liberaci&oacute;n de Responsabilidad&lt;/strong&gt;&lt;/p&gt;\r\n&lt;p&gt;HILMA CONSULTORES AOSCIADOS, S.C. no asume ninguna responsabilidad  por el  funcionamiento de este sitio de Internet o por cualesquiera  da&ntilde;os y/o  perjuicios que pudieran derivarse de su uso, incluyendo de  manera  enunciativa mas no limitativa, por virus, la presencia de  elementos  operados y mostrados en los sitios de Internet por cualquier  tercero  distinto a HILMA CONSULTORES ASOCIADOS, S.C. o la presencia de  elementos  publicitarios que pudieran afectar al Usuario.&lt;/p&gt;\r\n&lt;p&gt;HILMA CONSULTORES ASOCIADOS, S.C. tiene el derecho de modificar en  cualquier  momento los presentes T&eacute;rminos y Condiciones de Uso y  Privacidad y las  Condiciones Particulares que le correspondan. En  consecuencia, el  usuario deber&aacute; leer y entender los mismos cada vez que  pretenda utilizar  este Portal.&lt;/p&gt;\r\n&lt;p&gt;&lt;strong&gt;Leyes aplicables y Jurisdicci&oacute;n &lt;/strong&gt;&lt;/p&gt;\r\n&lt;p&gt;Para la interpretaci&oacute;n, cumplimiento y ejecuci&oacute;n de los presentes   T&eacute;rminos y Condiciones de Uso y Privacidad y las Condiciones   Particulares que correspondan, las partes est&aacute;n de acuerdo en que ser&aacute;n   aplicables las Leyes federales de los Estados Unidos Mexicanos y   competentes, los tribunales de la Ciudad de M&eacute;xico, Distrito Federal,   renunci&#97;ndo expresamente a cualquier otro fuero o jurisdicci&oacute;n que   pudiera corresponderles en raz&oacute;n de sus domicilios presentes o futuros o   por cualquier otra causa.&lt;/p&gt;\r\n&lt;div id&#061;&quot;skype_c2c_menu_container&quot; class&#061;&quot;skype_c2c_menu_container notranslate&quot; style&#061;&quot;display: none;&quot; onmouseover&#061;&quot;SkypeClick2Call.MenuInjectionH&#97;ndler.showMenu(this, event)&quot; onmouseout&#061;&quot;SkypeClick2Call.MenuInjectionH&#97;ndler.hideMenu(this, event)&quot;&gt;\r\n&lt;div class&#061;&quot;skype_c2c_menu_click2call&quot;&gt;&lt;a id&#061;&quot;skype_c2c_menu_click2call_action&quot; class&#061;&quot;skype_c2c_menu_click2call_action&quot; target&#061;&quot;_self&quot;&gt;Call&lt;/a&gt;&lt;/div&gt;\r\n&lt;div class&#061;&quot;skype_c2c_menu_click2sms&quot;&gt;&lt;a id&#061;&quot;skype_c2c_menu_click2sms_action&quot; class&#061;&quot;skype_c2c_menu_click2sms_action&quot; target&#061;&quot;_self&quot;&gt;Send SMS&lt;/a&gt;&lt;/div&gt;\r\n&lt;div class&#061;&quot;skype_c2c_menu_add2skype&quot;&gt;&lt;a id&#061;&quot;skype_c2c_menu_add2skype_text&quot; class&#061;&quot;skype_c2c_menu_add2skype_text&quot; target&#061;&quot;_self&quot;&gt;Add to Skype&lt;/a&gt;&lt;/div&gt;\r\n&lt;div class&#061;&quot;skype_c2c_menu_toll_info&quot;&gt;&lt;span class&#061;&quot;skype_c2c_menu_toll_callcredit&quot;&gt;You&#039;ll need Skype Credit&lt;/span&gt;&lt;span class&#061;&quot;skype_c2c_menu_toll_free&quot;&gt;Free via Skype&lt;/span&gt;&lt;/div&gt;\r\n&lt;/div&gt;', ''),
(21, 'M', '1', '0', 'Condiciones de uso', 'Access Conditions', '', '', '', '', '', '&lt;p&gt;El acceso y la utilizaci&oacute;n de este Sitio o Portal denominado&lt;span style&#061;&quot;color: #ff0000;&quot;&gt; www.airlynk.com.mx&lt;/span&gt; supone  la expresa aceptaci&oacute;n de usted como usuario a los presentes T&eacute;rminos y  Condiciones de Uso y Privacidad.&lt;/p&gt;\r\n&lt;p&gt;Los siguientes t&eacute;rminos establecen los derechos de Usted (&quot;Usuario&quot;) y   limitan los alcances de responsabilidad de HILMA CONSULTORES  ASOCIADOS, S.C. derivados del uso de nuestro portal de  Internet o las  p&aacute;ginas o sitios hospedados, ubicados o ligados al o en  el mismo, el  cual se ubica en la direcci&oacute;n arriba citada, por lo que le  sugerimos  leerlos cuidadosamente, toda vez que nos reservamos el  derecho de  modificarlos sin previo aviso ni responsabilidad.&lt;/p&gt;\r\n&lt;p&gt;HILMA CONSULTORES ASOCIADOS, S.C. tiene el derecho a limitar el  acceso o  utilizaci&oacute;n total o parcialmente, as&iacute; como modificar en  cualquier  momento los Servicios y Contenidos.&lt;/p&gt;\r\n&lt;p&gt;HILMA CONSULTORES ASOCIADOS, S.C. no garantiza de manera alguna la   disponibilidad o continuidad de la operaci&oacute;n de su portal ni de sus   Contenidos, as&iacute; como de su utilidad respecto de alguna actividad   espec&iacute;fica o en la toma de decisiones. HILMA CONSULTORES ASOCIADOS, S.C.  no ser&aacute;  responsable por da&ntilde;os o p&eacute;rdida alguna de cualquier naturaleza  que  pueda ser causado debido a la falta de disponibilidad&lt;/p&gt;\r\n&lt;p&gt;&lt;strong&gt;Propiedad Intelectual &lt;/strong&gt;&lt;/p&gt;\r\n&lt;p&gt;Todos los derechos reservados por HILMA CONSULTORES ASOCIADOS, S.C.   ------------- El contenido de este portal de Internet (incluyendo de   manera enunciativa mas no limitativa: texto, im&aacute;genes, gr&aacute;ficas,   archivos con sonido, animaci&oacute;n, videos y sus adaptaciones en el sitio de   Internet de HILMA CONSULTORES ASOCIADOS, S.C.) est&aacute; protegido con  derechos de  propiedad intelectual. Estos objetos no deber&aacute;n ser  copiados para uso  comercial o de distribuci&oacute;n, ni deber&aacute;n ser  modificados o colocados en  otros sitios. Parte del contenido de  nuestras p&aacute;ginas de Internet puede  incluir materiales cuya propiedad  intelectual pertenezca a proveedores  de HILMA CONSULTORES ASOCIADOS,  S.C..&lt;/p&gt;\r\n&lt;p&gt;HILMA CONSULTORES ASOCIADOS, S.C. autoriza a sus usuarios a descargar   (&quot;download&quot;) todo aquel material contenido en este sitio de Internet   susceptible de serlo para uso estrictamente operativo. Cualquier   reproducci&oacute;n total o parcial as&iacute; como cualquier intento de realizar o la   realizaci&oacute;n efectiva de adiciones o en general de cualesquiera   alteraciones al contenido de este sitio, sin la autorizaci&oacute;n previa y   por escrito de HILMA CONSULTORES ASOCIADOS, S.C. queda prohibida y ser&aacute;   sancionada en los t&eacute;rminos que determinen las leyes en vigor en los   Estados Unidos Mexicanos&lt;/p&gt;\r\n&lt;p&gt;&lt;strong&gt;Propiedad Industrial &lt;/strong&gt;&lt;/p&gt;\r\n&lt;p&gt;Los derechos de propiedad industrial de HILMA CONSULTORES ASOCIADOS,  S.C.,  as&iacute; como los Servicios y Contenidos presentados, signos  distintivos y  dominios est&aacute;n protegidos por la legislaci&oacute;n vigente, y  son propiedad  exclusiva de HILMA CONSULTORES ASOCIADOS, S.C., sus  subsidiarias y/ o afiliadas.  El usuario reconoce y acepta que no  adquiere derecho alguno de  propiedad industrial por el simple acceso al  Portal de HILMA CONSULTORES ASOCIADOS, S.C. y en ning&uacute;n momento dicho  uso o acceso ser&aacute; considerado como  una autorizaci&oacute;n, consentimiento o  licencia para servirse de los  Servicios y Contenidos con fines  distintos a los que se contemplan en  los presentes T&eacute;rminos y  Condiciones de Uso y Privacidad.&lt;/p&gt;\r\n&lt;p&gt;Las marcas citadas en el sitio, los logotipos y personajes se   encuentran legalmente registradas por HILMA CONSULTORES ASOCIADOS, S.C. y  las  utiliza para identificar y comercializar sus productos en Mexico   entre otros, con base en las licencias que previamente le han sido   otorgadas y debidamente registradas ante el Instituto Mexicano de la   Propiedad Industrial y las Autoridades en materia de Propiedad   Intelectual, para esos efectos.&lt;br /&gt;Se  proh&iacute;be expresamente al usuario  modificar, alterar o suprimir, ya sea en  forma total o parcial, las  marcas, nombres y avisos comerciales, se&ntilde;as,  anuncios, logotipos o en  general cualquier indicaci&oacute;n que se refiera a  la propiedad de la  informaci&oacute;n contenida en el Sitio. &lt;br /&gt;Cualquier infracci&oacute;n a las mismas ser&aacute; castigada conforme a las Leyes de la materia.&lt;/p&gt;\r\n&lt;p&gt;&lt;strong&gt;Propiedad Industrial e Intelectual de Terceros&lt;/strong&gt;&lt;/p&gt;\r\n&lt;p&gt;Los derechos de propiedad industrial de los Servicios y Contenidos de   este Portal referidos a terceros, signos distintivos y dominios, en su   caso, est&aacute;n protegidos por la legislaci&oacute;n vigente y son propiedad   exclusiva de dichos terceros. El usuario reconoce y acepta que no   adquiere derecho alguno de propiedad industrial por el simple acceso al   sitio, a los v&iacute;nculos de acceso de los terceros o por el uso de dichos   Servicios y Contenidos, y en ning&uacute;n momento el uso o acceso ser&aacute;   considerado como una autorizaci&oacute;n, consentimiento o licencia de   cualquier tercero para utilizar los Servicios y Contenidos con fines   distintos a los que se contemplan en los presentes T&eacute;rminos y   Condiciones de Uso y Privacidad, salvo que el tercero as&iacute; lo establezca   expresamente.&lt;/p&gt;\r\n&lt;p&gt;&lt;strong&gt;Uso&lt;/strong&gt;&lt;/p&gt;\r\n&lt;p&gt;El uso y aprovechamiento de los Servicios y Contenidos del portal de  HILMA CONSULTORES ASOCIADOS, S.C. es exclusiva responsabilidad del  usuario,  quien en todo caso deber&aacute; servirse de ellos acorde a las  funcionalidades  del propio sitio, cumpliendo con lo establecido en la  legislaci&oacute;n  aplicable y en las Condiciones Particulares que se  establezcan.&lt;/p&gt;\r\n&lt;p&gt;&lt;br /&gt;&lt;strong&gt;Prohibiciones&lt;/strong&gt;&lt;/p&gt;\r\n&lt;p&gt;Al usuario le est&aacute; prohibido establecer v&iacute;nculos de acceso,   &quot;hiperligas&quot; o cualquier otra forma de enlace de y hacia HILMA  CONSULTORES ASOCIADOS, S.C., as&iacute; como el colocar o utilizar los  Servicios y  Contenidos en sitios o p&aacute;ginas ajenas a HILMA CONSULTORES  ASOCIADOS, S.C. o  comercializarla de cualquier forma servirse de los  Servicios y  Contenidos sin la autorizaci&oacute;n previa y por escrito de  HILMA CONSULTORES ASOCIADOS, S.C., sus filiales, afiliadas y/o  subsidiarias o de terceros, seg&uacute;n  sea el caso. Asimismo, al usuario le  est&aacute; prohibido limitar o impedir  por cualquier medio a cualquier otro  usuario el uso de este Portal.&lt;/p&gt;\r\n&lt;p&gt;&lt;br /&gt;&lt;strong&gt;Servicios y contenidos&lt;/strong&gt;&lt;/p&gt;\r\n&lt;p&gt;HILMA CONSULTORES ASOCIADOS, S.C. es responsable de la informaci&oacute;n  contenida  en este sitio. Sin embargo, no es responsable de los da&ntilde;os  y/o  perjuicios que pudiera sufrir el usuario como consecuencia de la  toma de  decisiones con base en la informaci&oacute;n presentada en el portal,  la cual  es de naturaleza general e informativa, por lo que el usuario  debe  tomarla en cuenta &uacute;nicamente como referencia para la adopci&oacute;n de   decisiones particulares.&lt;/p&gt;\r\n&lt;p&gt;Toda la informaci&oacute;n facilitada por HILMA CONSULTORES ASOCIADOS, S.C.,  tal y  como figura en este sitio de Internet, se ofrece sin ning&uacute;n tipo  de  garant&iacute;a, ya sea impl&iacute;cita o expl&iacute;cita. A&uacute;n consider&#97;ndo en  principio  que el contenido publicado sea correcto, &eacute;ste podr&iacute;a contener  errores o  imprecisiones, por lo que le sugerimos repita su visita  frecuentemente.&lt;/p&gt;\r\n&lt;p&gt;&lt;strong&gt;Servicios y contenidos de terceros proveedores &lt;/strong&gt;&lt;/p&gt;\r\n&lt;p&gt;Respecto de aquellos Servicios y Contenidos que proporcionan terceros   dentro de este portal de Internet mediante enlaces, ligas, banners,   botones u otras formas equivalentes, HILMA CONSULTORES ASOCIADOS, S.C.  no tiene  responsabilidad alguna, ya que no existe ning&uacute;n tipo de  relaci&oacute;n  laboral, asociaci&oacute;n o sociedad, y se limita exclusivamente,  para  conveniencia del usuario, a: (i) informarle sobre los Servicios y   Contenidos que proporcionan dichos terceros proveedores, y (ii)   proporcionar un medio para ponerles mutuamente en contacto.&lt;/p&gt;\r\n&lt;p&gt;La inclusi&oacute;n de dichas p&aacute;ginas y/o enlaces de terceros proveedores no   implica la aprobaci&oacute;n, respaldo, patrocinio, recomendaci&oacute;n o garant&iacute;a   por parte de HILMA CONSULTORES ASOCIADOS, S.C., sus filiales, afiliadas  o  subsidiarias, respecto de los Servicios y Contenidos que se ofrecen y   comercializan en los mismos.&lt;/p&gt;\r\n&lt;p&gt;HILMA CONSULTORES ASOCIADOS, S.C. se obliga a  mantener la  confidencialidad de la informaci&oacute;n que en su caso reciba del  usuario  que tenga dicho car&aacute;cter, conforme a las disposiciones legales   aplicables.&lt;/p&gt;\r\n&lt;p&gt;HILMA CONSULTORES ASOCIADOS, S.C. no asume ninguna obligaci&oacute;n de  mantener  confidencial cualquier otra informaci&oacute;n que el usuario le  proporcione,  incluyendo aquella informaci&oacute;n que el usuario proporcione a  trav&eacute;s de  boletines, pizarras o pl&aacute;tica en l&iacute;nea (chats), as&iacute; como la  informaci&oacute;n  que obtenga HILMA CONSULTORES ASOCIADOS, S.C. a trav&eacute;s del  env&iacute;o de los mensajes  de datos conocidos como &quot;Cookies&quot;.&lt;/p&gt;\r\n&lt;p&gt;&lt;strong&gt;Uso de la informaci&oacute;n no confidencial &lt;/strong&gt;&lt;/p&gt;\r\n&lt;p&gt;Mediante el uso de este sitio de internet el usuario autoriza a HILMA  CONSULTORES ASOCIADOS, S.C. a utilizar, publicar, reproducir, divulgar,   comunicar p&uacute;blicamente y transmitir la informaci&oacute;n no confidencial en   t&eacute;rminos de lo establecido en el art&iacute;culo 109 de la Ley Federal de los   Derechos de Autor.&lt;/p&gt;\r\n&lt;p&gt;&lt;strong&gt;Liberaci&oacute;n de Responsabilidad&lt;/strong&gt;&lt;/p&gt;\r\n&lt;p&gt;HILMA CONSULTORES AOSCIADOS, S.C. no asume ninguna responsabilidad  por el  funcionamiento de este sitio de Internet o por cualesquiera  da&ntilde;os y/o  perjuicios que pudieran derivarse de su uso, incluyendo de  manera  enunciativa mas no limitativa, por virus, la presencia de  elementos  operados y mostrados en los sitios de Internet por cualquier  tercero  distinto a HILMA CONSULTORES ASOCIADOS, S.C. o la presencia de  elementos  publicitarios que pudieran afectar al Usuario.&lt;/p&gt;\r\n&lt;p&gt;HILMA CONSULTORES ASOCIADOS, S.C. tiene el derecho de modificar en  cualquier  momento los presentes T&eacute;rminos y Condiciones de Uso y  Privacidad y las  Condiciones Particulares que le correspondan. En  consecuencia, el  usuario deber&aacute; leer y entender los mismos cada vez que  pretenda utilizar  este Portal.&lt;/p&gt;\r\n&lt;p&gt;&lt;strong&gt;Leyes aplicables y Jurisdicci&oacute;n &lt;/strong&gt;&lt;/p&gt;\r\n&lt;p&gt;Para la interpretaci&oacute;n, cumplimiento y ejecuci&oacute;n de los presentes   T&eacute;rminos y Condiciones de Uso y Privacidad y las Condiciones   Particulares que correspondan, las partes est&aacute;n de acuerdo en que ser&aacute;n   aplicables las Leyes federales de los Estados Unidos Mexicanos y   competentes, los tribunales de la Ciudad de M&eacute;xico, Distrito Federal,   renunci&#97;ndo expresamente a cualquier otro fuero o jurisdicci&oacute;n que   pudiera corresponderles en raz&oacute;n de sus domicilios presentes o futuros o   por cualquier otra causa.&lt;/p&gt;', ''),
(83, 'P', '1', '0', 'Art&iacute;culos', '', NULL, NULL, NULL, '', '', '&lt;p&gt;P&aacute;gina inicial de art&iacute;culos.&lt;/p&gt;', ''),
(87, 'P', '1', '0', 'Manual de Usuario', '', NULL, NULL, NULL, '', '', '&lt;p&gt;Aqu&iacute; va la ayuda de las funciones de administraci&oacute;n...&lt;/p&gt;', ''),
(154, 'H', '0', '0', 'Comercial', 'Commercial', '&lt;p&gt;&lt;strong&gt;Una herramienta novedosa y &amp;uacute;til para administrar Conjuntos Comerciales, de Profesionistas o de Servicio de una manera segura y de acuerdo con las leyes de condominios de toda la rep&amp;uacute;blica.&lt;/strong&gt;&lt;/p&gt;', '&lt;p&gt;&lt;strong&gt;A powerful and useful tool to manage Commercial areas, as well as office or professional buildings in a safe and easy way.&lt;/strong&gt;&lt;/p&gt;', '', 'comercial.png', '', '', ''),
(155, 'H', '0', '0', 'Industrial', 'Industrial', '&lt;p&gt;&lt;strong&gt;Un novedoso sitio en internet que permite administrar parques y naves industriales, independientemente de su estructura organizacional, permitiendo a todos los propietarios tener acceso directo a la administraci&amp;oacute;n desde cualquier sitio.&lt;/strong&gt;&lt;/p&gt;', '&lt;p&gt;&lt;strong&gt;A newly created website able to manage industrial parks, regardless of their organizational structure, that allows all property owners to have direct access to the administration from any part of the world.&lt;/strong&gt;&lt;/p&gt;', '', 'industrial.png', '', '', ''),
(160, 'P', '1', '0', 'Gu&iacute;a de Reusables', '', NULL, NULL, NULL, '', '', '', ''),
(161, 'B', '0', '0', 'Kondominea', '', '', '', '', 'home-slide-1.jpg', '', '&lt;p&gt;El sitio para los Administradores Profesionales.&lt;/p&gt;', '&lt;p&gt;The site for the Professional Administrators.&lt;/p&gt;'),
(163, 'B', '0', '0', 'Residencial', 'Residential', '', '', '', 'Residencial.jpeg', '', '&lt;p&gt;Horizontales, verticales o mixtos&lt;/p&gt;', '&lt;p&gt;Horizontal, vertical or mixed&lt;/p&gt;'),
(164, 'B', '0', '0', 'Comercial', 'Commercial', '', '', '', 'Centro Comercial.jpg', '', '&lt;p&gt;Administra Condominios Comerciales y Profesionales&lt;/p&gt;', '&lt;p&gt;It can manage commercial and professional condos&lt;/p&gt;'),
(165, 'M', '1', '0', 'Nosotros somos...', 'About us...', '', '', '', '', '', '&lt;p&gt;Una empresa super.&lt;/p&gt;\r\n&lt;p&gt;Aqu&iacute; algo de contenido. Esta es una p&aacute;gina din&aacute;mica.&lt;/p&gt;\r\n&lt;p&gt;&lt;img src&#061;&quot;/kondominea/anexos/Image/anm3.gif&quot; alt&#061;&quot;&quot; width&#061;&quot;500&quot; height&#061;&quot;281&quot; /&gt;&lt;/p&gt;', ''),
(166, 'N', '1', '0', 'Prueba de art&iacute;culo', '', '', '', '', '', '', '&lt;p&gt;Este es el contenido del art&iacute;culo.&lt;/p&gt;\r\n&lt;p&gt;&lt;img src&#061;&quot;/kondominea/anexos/Image/anm3.gif&quot; alt&#061;&quot;&quot; width&#061;&quot;500&quot; height&#061;&quot;281&quot; /&gt;&lt;/p&gt;', ''),
(167, 'N', '1', '0', '&iexcl;Extra! &iexcl;Extra!', 'News', '', '', '', '', '', '&lt;p&gt;&amp;iexcl;Esta es la noticia!&lt;/p&gt;\r\n&lt;p&gt;Le ponemos aqu&amp;iacute; una fotito.&lt;/p&gt;\r\n&lt;p&gt;&lt;img src=&quot;/kondominea/anexos/Image/anm9.gif&quot; alt=&quot;&quot; width=&quot;615&quot; height=&quot;346&quot; /&gt;&lt;/p&gt;', ''),
(168, 'M', '1', '0', 'Los Beneficios de Usar Kondominea', 'Benefits to use Kondominea', '', '', '', '', '', '&lt;p&gt;hay muchos beneficios&lt;/p&gt;', '&lt;p&gt;&lt;span id=&quot;result_box&quot; class=&quot;short_text&quot; lang=&quot;en&quot;&gt;&lt;span class=&quot;hps&quot;&gt;There are&lt;/span&gt; &lt;span class=&quot;hps&quot;&gt;many benefits&lt;/span&gt;&lt;/span&gt;&lt;/p&gt;'),
(169, 'P', '1', '0', 'Reg&iacute;strate', '', NULL, NULL, NULL, '', '', '', ''),
(170, 'P', '1', '0', 'Galer&iacute;a de fotos', '', NULL, NULL, NULL, '', '', '', ''),
(171, 'P', '1', '0', 'Galer&iacute;a de Fotos de Mesa Directiva', 'Photo Gallery by the Condo Council', NULL, NULL, NULL, '', '', '', ''),
(172, 'P', '1', '0', 'Galer&iacute;a de Fotos de Comit&eacute;', 'Photo Gallery by the Supervision Committee', NULL, NULL, NULL, '', '', '', ''),
(173, 'P', '1', '0', 'Galer&iacute;a de Fotos de Eventos', '', NULL, NULL, NULL, '', '', '', ''),
(174, 'P', '1', '0', 'Gracias por registrarte', 'Thanks for Signing Up', NULL, NULL, NULL, '', '', '&lt;p&gt;&lt;strong&gt;Gracias por registrate&lt;/strong&gt;&lt;/p&gt;\r\n&lt;p&gt;En breve te llegar&amp;aacute; un correo electr&amp;oacute;nico a #email# con la liga para activar tu cuenta, para s&amp;iacute; completar el registro.&lt;/p&gt;', '&lt;p&gt;Soon you will receive an email to #email# with the link to activate your account, and the process will be completed.&lt;/p&gt;'),
(175, 'P', '1', '0', 'Gracias por registrarte', 'Thanks for signing', NULL, NULL, NULL, '', '', '&lt;p&gt;&lt;strong&gt;Gracias por registrarte.&lt;/strong&gt;&lt;/p&gt;\r\n&lt;p&gt;En breve te llegar&amp;aacute; un correo electr&amp;oacute;nico a la direcci&amp;oacute;n #email# para ativar tu cuenta y continuar con tu registro.&lt;/p&gt;', ''),
(176, 'P', '1', '0', '', '', NULL, NULL, NULL, '', '', '', ''),
(181, 'P', '1', '0', 'Leyes de la Rep&uacute;blica Mexicana', '', NULL, NULL, NULL, '', '', '', ''),
(182, 'B', '0', '0', 'Parque Industrial', '', '', '', '', 'Parque Industrial.jpg', '', '', '');

-- --------------------------------------------------------

--
-- Estructura de tabla para la tabla `c_contenido_trad`
--

CREATE TABLE IF NOT EXISTS `c_contenido_trad` (
  `fl_contenido` mediumint(8) unsigned NOT NULL,
  `fl_idioma` smallint(5) unsigned NOT NULL,
  `ds_titulo` varchar(255) DEFAULT NULL,
  `ds_resumen` text,
  `nb_imagen` varchar(100) DEFAULT NULL,
  `ds_contenido` mediumtext,
  PRIMARY KEY (`fl_contenido`,`fl_idioma`),
  KEY `fk_c_contenido_trad_c_contenido_idx` (`fl_contenido`),
  KEY `fk_c_contenido_trad_c_idioma_idx` (`fl_idioma`)
) ENGINE=InnoDB DEFAULT CHARSET=utf8;

--
-- Volcado de datos para la tabla `c_contenido_trad`
--

INSERT INTO `c_contenido_trad` (`fl_contenido`, `fl_idioma`, `ds_titulo`, `ds_resumen`, `nb_imagen`, `ds_contenido`) VALUES
(163, 3, '', '', '', ''),
(164, 3, '', '', '', ''),
(176, 3, '', '', '', ''),
(181, 3, '', '', '', ''),
(182, 3, '', '', '', '');

-- --------------------------------------------------------

--
-- Estructura de tabla para la tabla `c_correos_fila`
--

CREATE TABLE IF NOT EXISTS `c_correos_fila` (
  `fl_correos_fila` bigint(19) unsigned NOT NULL AUTO_INCREMENT,
  `fl_datos_correo` int(10) unsigned NOT NULL,
  `fl_ingreso` bigint(19) unsigned DEFAULT NULL,
  `fl_asistente_junta` int(10) unsigned DEFAULT NULL,
  `ds_para` tinytext,
  `ds_de` varchar(255) DEFAULT NULL,
  `ds_cc` tinytext,
  `ds_bcc` tinytext,
  `ds_contenido_reemplazar` text,
  `ds_asunto_reemplazar` tinytext,
  `ds_extras` text,
  `ds_variables` text,
  `fe_enviar_el` datetime DEFAULT NULL,
  `fe_hasta_el` datetime DEFAULT NULL,
  `fg_prioridad` tinyint(1) unsigned NOT NULL DEFAULT '2',
  `fg_pausado` tinyint(1) unsigned DEFAULT '0',
  `fe_alta` datetime NOT NULL,
  `fe_ultmod` datetime NOT NULL,
  PRIMARY KEY (`fl_correos_fila`),
  KEY `fk_c_correos_fila_c_datos_correo1_idx` (`fl_datos_correo`),
  KEY `fk_c_correos_fila_k_asistente_junta1_idx` (`fl_asistente_junta`),
  KEY `fk_c_correos_fila_c_ingreso1_idx` (`fl_ingreso`)
) ENGINE=InnoDB DEFAULT CHARSET=utf8 AUTO_INCREMENT=1 ;

-- --------------------------------------------------------

--
-- Estructura de tabla para la tabla `c_cuenta`
--

CREATE TABLE IF NOT EXISTS `c_cuenta` (
  `fl_cuenta` mediumint(8) unsigned NOT NULL AUTO_INCREMENT,
  `fl_condominio` mediumint(8) unsigned NOT NULL,
  `ds_numero_contrato` varchar(150) DEFAULT NULL,
  `ds_numero_referenciado` varchar(500) DEFAULT NULL,
  `ds_comprobante_pago_unico` varchar(255) DEFAULT NULL,
  `ds_comentario` tinytext,
  `fg_bilingue` tinyint(1) DEFAULT '0',
  `fg_activo` tinyint(1) DEFAULT '0',
  `fe_alta` datetime DEFAULT NULL,
  `fe_ultmod` datetime DEFAULT NULL,
  PRIMARY KEY (`fl_cuenta`),
  KEY `fk_c_cuenta_c_condominio1_idx` (`fl_condominio`)
) ENGINE=InnoDB  DEFAULT CHARSET=utf8 AUTO_INCREMENT=45 ;

--
-- Volcado de datos para la tabla `c_cuenta`
--

INSERT INTO `c_cuenta` (`fl_cuenta`, `fl_condominio`, `ds_numero_contrato`, `ds_numero_referenciado`, `ds_comprobante_pago_unico`, `ds_comentario`, `fg_bilingue`, `fg_activo`, `fe_alta`, `fe_ultmod`) VALUES
(12, 3, 'U1C18C12', NULL, NULL, NULL, 0, 0, '2015-12-03 16:40:37', '2015-12-04 13:09:56'),
(13, 18, 'U1C18C13', NULL, NULL, NULL, 1, 0, '2015-12-03 17:08:54', '2015-12-09 18:09:00'),
(30, 19, 'U67C19C30', NULL, NULL, NULL, 1, 0, '2015-12-04 12:55:25', '2015-12-09 18:02:38'),
(33, 17, 'U65C17C33', NULL, NULL, NULL, 1, 0, '2015-12-07 12:20:43', '2015-12-08 11:48:54'),
(38, 3, 'U4C3C38', NULL, NULL, NULL, 1, 1, '2015-12-09 15:01:52', '2015-12-09 15:01:52'),
(41, 17, 'U65C17C41', NULL, NULL, NULL, 0, 1, '2015-12-09 17:42:10', '2015-12-09 17:42:11'),
(42, 19, 'U67C19C42', NULL, NULL, NULL, 1, 1, '2015-12-09 18:02:38', '2015-12-09 18:02:38'),
(43, 18, 'U66C18C43', NULL, NULL, NULL, 1, 1, '2015-12-09 18:09:00', '2015-12-09 18:09:00'),
(44, 20, 'U69C20C44', NULL, NULL, NULL, 0, 1, '2015-12-18 11:57:45', '2015-12-18 11:57:45');

-- --------------------------------------------------------

--
-- Estructura de tabla para la tabla `c_cuenta_bancaria`
--

CREATE TABLE IF NOT EXISTS `c_cuenta_bancaria` (
  `fl_cuenta_bancaria` int(10) unsigned NOT NULL AUTO_INCREMENT,
  `cl_banco` smallint(5) unsigned NOT NULL,
  `fl_sucursal_banco` mediumint(8) unsigned DEFAULT NULL,
  `fl_condominio` mediumint(8) unsigned DEFAULT NULL,
  `fl_proveedor` int(10) unsigned DEFAULT NULL,
  `nb_cuenta_bancaria` varchar(150) DEFAULT NULL,
  `no_cuenta_bancaria` varchar(500) DEFAULT NULL,
  `ds_numero_serie_token` varchar(100) DEFAULT NULL,
  `mn_saldo_inicial` decimal(10,2) DEFAULT NULL,
  `fg_activo` tinyint(1) DEFAULT '1',
  `fe_alta` datetime DEFAULT NULL,
  `fe_ultmod` datetime DEFAULT NULL,
  PRIMARY KEY (`fl_cuenta_bancaria`),
  KEY `fk_c_cuenta_bancaria_c_proveedor1_idx` (`fl_proveedor`),
  KEY `fk_c_cuenta_bancaria_c_banco1_idx` (`cl_banco`),
  KEY `fk_c_cuenta_bancaria_c_sucursal_banco1_idx` (`fl_sucursal_banco`),
  KEY `fk_c_cuenta_bancaria_c_condominio1_idx` (`fl_condominio`)
) ENGINE=InnoDB  DEFAULT CHARSET=utf8 AUTO_INCREMENT=8 ;

--
-- Volcado de datos para la tabla `c_cuenta_bancaria`
--

INSERT INTO `c_cuenta_bancaria` (`fl_cuenta_bancaria`, `cl_banco`, `fl_sucursal_banco`, `fl_condominio`, `fl_proveedor`, `nb_cuenta_bancaria`, `no_cuenta_bancaria`, `ds_numero_serie_token`, `mn_saldo_inicial`, `fg_activo`, `fe_alta`, `fe_ultmod`) VALUES
(1, 12, NULL, 3, NULL, 'Generales', '123456789', '1324', '13000.00', 1, '2015-09-21 16:50:26', '2015-09-21 17:51:36'),
(2, 14, NULL, 3, NULL, 'Caja Chic', '19840624', '', '21000.00', 1, '2015-09-21 17:45:54', '2015-09-21 17:55:59'),
(3, 21, NULL, NULL, 4, NULL, '12345678910', NULL, NULL, 1, '2015-09-22 14:10:09', '2015-09-22 14:10:24'),
(6, 3, NULL, NULL, 4, NULL, '65498723156', NULL, NULL, 0, '2015-09-22 15:38:45', '2015-09-22 15:38:45'),
(7, 16, NULL, 3, NULL, 'CC Bancomer', '789456421321', '12314564', '9874.00', 1, '2016-01-03 14:01:03', '2016-01-03 14:01:03');

-- --------------------------------------------------------

--
-- Estructura de tabla para la tabla `c_cuenta_contable`
--

CREATE TABLE IF NOT EXISTS `c_cuenta_contable` (
  `fl_cuenta_contable` int(10) unsigned NOT NULL AUTO_INCREMENT,
  `fl_condominio` mediumint(8) unsigned NOT NULL,
  `fl_cuenta_bancaria` int(10) unsigned DEFAULT NULL,
  `no_niveles` tinyint(6) unsigned DEFAULT NULL,
  `no_cuenta_contable` varchar(500) DEFAULT NULL,
  `fg_naturaleza` enum('D','A') DEFAULT NULL COMMENT 'D => Deudora\nA => Acreedora',
  `nb_cuenta_contable` varchar(250) DEFAULT NULL,
  `mn_saldo_inicial` decimal(10,2) DEFAULT NULL,
  `fg_aplica_iva` tinyint(1) unsigned DEFAULT '1',
  `ds_observaciones` tinytext,
  `fg_activo` tinyint(1) unsigned DEFAULT '1',
  `fe_alta` datetime DEFAULT NULL,
  `fe_ultmod` datetime DEFAULT NULL,
  PRIMARY KEY (`fl_cuenta_contable`),
  KEY `fk_c_cuenta_contable_c_condominio1_idx` (`fl_condominio`),
  KEY `fk_c_cuenta_contable_c_cuenta_bancaria1_idx` (`fl_cuenta_bancaria`)
) ENGINE=InnoDB  DEFAULT CHARSET=utf8 AUTO_INCREMENT=9 ;

--
-- Volcado de datos para la tabla `c_cuenta_contable`
--

INSERT INTO `c_cuenta_contable` (`fl_cuenta_contable`, `fl_condominio`, `fl_cuenta_bancaria`, `no_niveles`, `no_cuenta_contable`, `fg_naturaleza`, `nb_cuenta_contable`, `mn_saldo_inicial`, `fg_aplica_iva`, `ds_observaciones`, `fg_activo`, `fe_alta`, `fe_ultmod`) VALUES
(1, 3, 1, 4, '001-002-001-001', 'D', 'Generales', '13000.00', 1, 'Observations', 1, '2015-09-21 16:50:26', '2015-12-21 18:23:33'),
(2, 3, 2, 3, '001-001-002', 'D', 'Caja Chic', '21000.00', 1, '', 1, '2015-09-21 17:45:54', '2015-12-21 18:17:43'),
(3, 3, NULL, 3, '001-001-013', 'D', 'Ceunta contable 013', '1234.00', 1, '', 1, '2015-12-30 15:44:53', '2016-01-03 13:59:30'),
(4, 3, NULL, NULL, '001-002-001', NULL, '001-002-001', NULL, 1, NULL, 1, '2015-12-30 16:33:56', '2015-12-30 16:33:56'),
(5, 3, NULL, NULL, '001-002-002', NULL, '001-002-002', NULL, 1, NULL, 1, '2015-12-30 16:33:56', '2015-12-30 16:33:56'),
(6, 3, 7, 3, '001-002-003', 'D', 'CC Bancomer', '9874.00', 1, 'Observaci&oacute;n', 1, '2015-12-30 16:33:56', '2016-01-03 14:01:03'),
(7, 3, NULL, 3, '001-002-004', 'A', '001-002-004', '15062.00', 1, '', 1, '2015-12-30 16:33:56', '2016-01-03 14:01:35'),
(8, 3, NULL, NULL, '001-001-017', NULL, '001-001-017', NULL, 1, NULL, 1, '2015-12-31 10:57:41', '2015-12-31 10:57:41');

-- --------------------------------------------------------

--
-- Estructura de tabla para la tabla `c_cuota`
--

CREATE TABLE IF NOT EXISTS `c_cuota` (
  `fl_cuota` bigint(19) unsigned NOT NULL AUTO_INCREMENT,
  `fl_periodo_cuota` int(10) unsigned NOT NULL,
  `fl_unidad` int(10) unsigned NOT NULL,
  `fl_condomino` int(10) unsigned NOT NULL,
  `mn_mantenimiento` decimal(10,2) DEFAULT NULL,
  `mn_extra` decimal(10,2) DEFAULT NULL,
  `mn_fondo_fijo` decimal(10,2) DEFAULT NULL,
  `mn_sancion` decimal(10,2) DEFAULT NULL,
  `mn_descuento` decimal(10,2) DEFAULT NULL,
  `mn_total` decimal(10,2) DEFAULT NULL,
  `ds_comentario` varchar(500) DEFAULT NULL,
  `fe_alta` datetime DEFAULT NULL,
  `fe_ultmod` datetime DEFAULT NULL,
  PRIMARY KEY (`fl_cuota`),
  KEY `fk_c_cuota_c_periodo_cuota1_idx` (`fl_periodo_cuota`),
  KEY `fk_c_cuota_c_unidad1_idx` (`fl_unidad`),
  KEY `fk_c_cuota_c_condomino1_idx` (`fl_condomino`)
) ENGINE=InnoDB  DEFAULT CHARSET=utf8 AUTO_INCREMENT=8 ;

--
-- Volcado de datos para la tabla `c_cuota`
--

INSERT INTO `c_cuota` (`fl_cuota`, `fl_periodo_cuota`, `fl_unidad`, `fl_condomino`, `mn_mantenimiento`, `mn_extra`, `mn_fondo_fijo`, `mn_sancion`, `mn_descuento`, `mn_total`, `ds_comentario`, `fe_alta`, `fe_ultmod`) VALUES
(1, 1, 6, 11, '545.00', '280.00', '20.00', '713.00', '150.00', '1408.00', '', '2015-09-24 14:00:16', '2015-11-04 11:42:19'),
(5, 1, 5, 12, '4375.00', '0.00', '0.00', '0.00', '0.00', '4375.00', '', '2015-09-24 14:39:15', '2015-09-24 14:39:15'),
(6, 1, 2, 9, '200.00', '0.00', '0.00', '0.00', '0.00', '200.00', '', '2015-09-24 16:54:45', '2015-09-24 16:54:45'),
(7, 1, 1461, 16, '200.00', '12.00', '17212.00', '1230.00', '0.00', '18654.00', '', '2015-12-29 12:34:59', '2015-12-29 12:34:59');

-- --------------------------------------------------------

--
-- Estructura de tabla para la tabla `c_cuota_default`
--

CREATE TABLE IF NOT EXISTS `c_cuota_default` (
  `fl_cuota_default` int(10) unsigned NOT NULL AUTO_INCREMENT,
  `fl_seccion` mediumint(8) unsigned NOT NULL,
  `fg_tipo` enum('M','E','F','S') DEFAULT 'M' COMMENT 'M => Mantenimiento\nE => Extraordinario\nF => Fondo Fijo\nS => Sación ',
  `mn_default` decimal(10,2) DEFAULT NULL,
  `mn_superficie` decimal(10,2) DEFAULT NULL,
  `mn_construccion` decimal(10,2) DEFAULT NULL,
  `fe_inicia` date DEFAULT NULL,
  `fe_finaliza` date DEFAULT NULL,
  `ds_comentario` varchar(1000) DEFAULT NULL,
  `fg_activo` tinyint(1) DEFAULT '1',
  `fe_alta` datetime DEFAULT NULL,
  `fe_ultmod` datetime DEFAULT NULL,
  PRIMARY KEY (`fl_cuota_default`),
  KEY `fk_c_cuota_default_c_seccion_idx` (`fl_seccion`)
) ENGINE=InnoDB  DEFAULT CHARSET=utf8 AUTO_INCREMENT=19 ;

--
-- Volcado de datos para la tabla `c_cuota_default`
--

INSERT INTO `c_cuota_default` (`fl_cuota_default`, `fl_seccion`, `fg_tipo`, `mn_default`, `mn_superficie`, `mn_construccion`, `fe_inicia`, `fe_finaliza`, `ds_comentario`, `fg_activo`, `fe_alta`, `fe_ultmod`) VALUES
(1, 1, 'M', '350.00', '0.00', '1.50', '2015-01-31', '0000-00-00', 'La tarifa ser&aacute; fija hasta nuevo aviso', 1, '2015-08-26 13:49:15', '2015-09-04 12:11:31'),
(2, 13, 'M', '1000.00', '1.50', '1.00', '2015-01-31', NULL, '', 1, '2015-08-27 12:34:02', '2015-08-27 12:36:21'),
(4, 15, 'M', '200.00', '0.00', '0.00', '2015-05-06', '0000-00-00', '', 1, '2015-09-04 12:11:10', '2015-09-04 12:13:17'),
(5, 19, 'M', '8929.13', '17.08', '0.00', '2015-01-01', '2015-12-31', '', 1, '2015-11-26 08:05:52', '2015-11-26 08:05:52'),
(6, 23, 'M', '4464.56', '17.08', '0.00', '2015-01-01', '2015-12-31', '', 1, '2015-11-26 08:08:29', '2015-11-26 08:18:54'),
(7, 19, 'M', '9197.00', '17.60', '0.00', '2016-01-01', '2016-12-31', '', 1, '2015-11-26 08:09:52', '2015-11-26 08:09:52'),
(8, 23, 'M', '4598.50', '17.60', '0.00', '2016-01-01', '2016-12-31', '', 1, '2015-11-26 08:16:34', '2015-11-26 08:16:34'),
(9, 20, 'M', '8929.13', '17.08', '0.00', '2015-01-01', '2015-12-31', '', 1, '2015-11-26 08:21:50', '2015-11-26 08:21:50'),
(10, 24, 'M', '0.00', '17.08', '0.00', '2015-01-01', '2015-12-31', '', 1, '2015-11-26 08:23:56', '2015-11-26 08:23:56'),
(11, 24, 'M', '0.00', '17.60', '0.00', '2016-01-01', '2016-12-31', '', 1, '2015-11-26 08:25:24', '2015-11-26 08:25:24'),
(12, 20, 'M', '9197.00', '17.60', '0.00', '2016-01-01', '2016-12-31', '', 1, '2015-11-26 08:27:30', '2015-11-26 08:27:30'),
(13, 21, 'M', '8929.13', '17.08', '0.00', '2015-01-01', '2015-12-31', '', 1, '2015-11-26 08:30:16', '2015-11-26 08:30:16'),
(14, 21, 'M', '9197.00', '17.60', '0.00', '2016-01-01', '2016-12-31', '', 1, '2015-11-26 08:31:32', '2015-11-26 08:31:32'),
(15, 38, 'M', '1400.00', '0.00', '0.00', '2014-12-01', '0000-00-00', '', 1, '2015-12-22 17:54:56', '2015-12-22 17:54:56'),
(16, 27, 'M', '500.00', '0.00', '0.00', '2014-12-01', '0000-00-00', '', 1, '2015-12-22 17:55:28', '2015-12-22 17:55:28'),
(17, 39, 'M', '300.00', '0.00', '0.00', '2014-12-01', '0000-00-00', '', 1, '2015-12-22 17:56:10', '2015-12-22 17:56:10'),
(18, 40, 'M', '700.00', '0.00', '0.00', '2014-12-01', '0000-00-00', '', 1, '2015-12-22 17:57:44', '2015-12-22 17:57:44');

-- --------------------------------------------------------

--
-- Estructura de tabla para la tabla `c_cuota_kondominea`
--

CREATE TABLE IF NOT EXISTS `c_cuota_kondominea` (
  `fl_cuota_kondominea` int(10) unsigned NOT NULL AUTO_INCREMENT,
  `fl_cuota_kondominea_tipo` tinyint(3) unsigned NOT NULL,
  `fl_plan` tinyint(3) unsigned NOT NULL,
  `mn_cuota` decimal(10,2) DEFAULT NULL,
  `fe_inicia` date DEFAULT NULL COMMENT 'Vigencia inical de la cuota',
  `fe_finaliza` date DEFAULT NULL COMMENT 'Fecha final de la vigencia de la cuota',
  `fg_activo` tinyint(1) DEFAULT '1',
  `fe_alta` datetime DEFAULT NULL,
  `fe_ultmod` datetime DEFAULT NULL,
  PRIMARY KEY (`fl_cuota_kondominea`),
  KEY `fk_c_cuota_kondominea_c_cuota_kondominea_tipo1_idx` (`fl_cuota_kondominea_tipo`),
  KEY `fk_c_cuota_kondominea_c_plan1_idx` (`fl_plan`)
) ENGINE=InnoDB  DEFAULT CHARSET=utf8 AUTO_INCREMENT=5 ;

--
-- Volcado de datos para la tabla `c_cuota_kondominea`
--

INSERT INTO `c_cuota_kondominea` (`fl_cuota_kondominea`, `fl_cuota_kondominea_tipo`, `fl_plan`, `mn_cuota`, `fe_inicia`, `fe_finaliza`, `fg_activo`, `fe_alta`, `fe_ultmod`) VALUES
(2, 3, 1, '20.00', '2015-11-27', '2016-11-27', 1, '2015-11-27 11:34:39', '2015-11-30 13:44:03'),
(3, 3, 2, '50.00', '2015-12-02', '2016-12-02', 1, '2015-12-02 11:40:29', '2015-12-02 11:40:29'),
(4, 3, 3, '80.00', '2015-12-01', '2016-12-01', 1, '2015-12-02 17:39:14', '2015-12-02 17:39:49');

-- --------------------------------------------------------

--
-- Estructura de tabla para la tabla `c_cuota_kondominea_tipo`
--

CREATE TABLE IF NOT EXISTS `c_cuota_kondominea_tipo` (
  `fl_cuota_kondominea_tipo` tinyint(3) unsigned NOT NULL AUTO_INCREMENT,
  `nb_cuota_kondominea_tipo` varchar(150) DEFAULT NULL,
  `ds_cuota_kondominea_tipo` varchar(500) DEFAULT NULL,
  `fg_unico` tinyint(1) DEFAULT '0',
  `fe_alta` datetime DEFAULT NULL,
  `fe_ultmod` datetime DEFAULT NULL,
  PRIMARY KEY (`fl_cuota_kondominea_tipo`)
) ENGINE=InnoDB  DEFAULT CHARSET=utf8 COMMENT='Tipos de cuotas por plan\n\nCuota única de instalación\nCuota por unidad\nCuota mínima' AUTO_INCREMENT=4 ;

--
-- Volcado de datos para la tabla `c_cuota_kondominea_tipo`
--

INSERT INTO `c_cuota_kondominea_tipo` (`fl_cuota_kondominea_tipo`, `nb_cuota_kondominea_tipo`, `ds_cuota_kondominea_tipo`, `fg_unico`, `fe_alta`, `fe_ultmod`) VALUES
(1, 'Cuota &uacute;nica de instalaci&oacute;n', NULL, 1, '2015-11-26 17:24:13', '2015-11-26 17:24:13'),
(2, 'Cuota m&iacute;nima', NULL, 0, NULL, NULL),
(3, 'Cuota por unidad', NULL, 0, NULL, NULL);

-- --------------------------------------------------------

--
-- Estructura de tabla para la tabla `c_datos_correo`
--

CREATE TABLE IF NOT EXISTS `c_datos_correo` (
  `fl_datos_correo` int(10) unsigned NOT NULL AUTO_INCREMENT,
  `fl_plantilla_correo` mediumint(8) unsigned NOT NULL,
  `nb_layout` varchar(200) DEFAULT NULL,
  `ds_asunto` varchar(500) NOT NULL,
  `ds_para` tinytext,
  `ds_de` varchar(1000) DEFAULT NULL,
  `ds_cc` tinytext,
  `ds_bcc` tinytext,
  `ds_contenido` longtext,
  `ds_archivos_adjuntos` tinytext,
  `ds_extras` text,
  `ds_variables` text,
  `fe_alta` datetime NOT NULL,
  `fe_ultmod` datetime NOT NULL,
  PRIMARY KEY (`fl_datos_correo`),
  KEY `fk_c_datos_correo_c_plantilla_correo1_idx` (`fl_plantilla_correo`)
) ENGINE=InnoDB  DEFAULT CHARSET=utf8 AUTO_INCREMENT=33 ;

--
-- Volcado de datos para la tabla `c_datos_correo`
--

INSERT INTO `c_datos_correo` (`fl_datos_correo`, `fl_plantilla_correo`, `nb_layout`, `ds_asunto`, `ds_para`, `ds_de`, `ds_cc`, `ds_bcc`, `ds_contenido`, `ds_archivos_adjuntos`, `ds_extras`, `ds_variables`, `fe_alta`, `fe_ultmod`) VALUES
(32, 13, 'mails.condominio_1', 'Conclusi&oacute;n de junta Asamblea general (Ordinaria)', '', '{"name":"Loomtek Eddin","mail":"emedina@loomtek.com.mx"}', '', '[{"name":"Admin Kondominea","mail":"emedina@loomtek.com.mx"}]', '&lt;p&gt;La conclusi&oacute;n de la junta Asamblea general (Ordinaria) con los siguientes datos:&lt;br&gt;&lt;/p&gt;&lt;p&gt;Fecha: 13-01-2016&lt;/p&gt;&lt;p&gt;Hora inicia: 14:00 pm.&lt;/p&gt;&lt;p&gt;Hora finaliza: 16:00 pm.&lt;/p&gt;&lt;p&gt;Lugar: Aqu&iacute; mero&lt;/p&gt;&lt;p&gt;Se llev&oacute; acabo y se adjuntan los archivos resultantes.&lt;/p&gt;&lt;p&gt;Gracias!!!!&lt;/p&gt;', '[{"path":"\\/home\\/kondominea\\/public_html\\/AD3M2SRC4\\/media\\/junta\\/junta-2-20160104104038.pdf","name":"Orden del d&iacute;a"},{"path":"\\/home\\/kondominea\\/public_html\\/AD3M2SRC4\\/media\\/junta\\/junta-2-5-20160104110237.docx","name":"Lista de Asistencia"}]', '{"fg_tipo_correo":"fg_envio_resumen"}', '{"condominio_nombre":"Agave Azul","condominio_logo":"l1_3_793.jpg"}', '2016-01-08 13:45:25', '2016-01-08 13:45:25');

-- --------------------------------------------------------

--
-- Estructura de tabla para la tabla `c_default`
--

CREATE TABLE IF NOT EXISTS `c_default` (
  `fl_` int(10) unsigned NOT NULL AUTO_INCREMENT,
  `nb_` varchar(150) DEFAULT NULL,
  `ds_` varchar(500) DEFAULT NULL,
  `fe_inicia` datetime DEFAULT NULL,
  `fe_finaliza` datetime DEFAULT NULL,
  `fg_activo` tinyint(1) unsigned DEFAULT '1',
  `fe_alta` datetime DEFAULT NULL,
  `fe_ultmod` datetime DEFAULT NULL,
  PRIMARY KEY (`fl_`)
) ENGINE=InnoDB DEFAULT CHARSET=utf8 AUTO_INCREMENT=1 ;

-- --------------------------------------------------------

--
-- Estructura de tabla para la tabla `c_delegacion_municipio`
--

CREATE TABLE IF NOT EXISTS `c_delegacion_municipio` (
  `fl_delegacion_municipio` mediumint(8) unsigned NOT NULL AUTO_INCREMENT,
  `fl_estado` smallint(5) unsigned NOT NULL,
  `nb_delegacion_municipio` varchar(70) NOT NULL,
  PRIMARY KEY (`fl_delegacion_municipio`)
) ENGINE=InnoDB  DEFAULT CHARSET=utf8 AUTO_INCREMENT=2458 ;

--
-- Volcado de datos para la tabla `c_delegacion_municipio`
--

INSERT INTO `c_delegacion_municipio` (`fl_delegacion_municipio`, `fl_estado`, `nb_delegacion_municipio`) VALUES
(1, 1, 'Aguascalientes'),
(2, 1, 'Asientos'),
(3, 1, 'Calvillo'),
(4, 1, 'Cos&iacute;o'),
(5, 1, 'El Llano'),
(6, 1, 'Jes&uacute;s Mar&iacute;a'),
(7, 1, 'Pabell&oacute;n de Arteaga'),
(8, 1, 'Rinc&oacute;n de Romos'),
(9, 1, 'San Francisco de los Romo'),
(10, 1, 'San Jos&eacute; de Gracia'),
(11, 1, 'Tepezal&aacute;'),
(12, 2, 'Ensenada'),
(13, 2, 'Mexicali'),
(14, 2, 'Playas de Rosarito'),
(15, 2, 'Tecate'),
(16, 2, 'Tijuana'),
(17, 3, 'Comond&uacute;'),
(18, 3, 'La Paz'),
(19, 3, 'Loreto'),
(20, 3, 'Los Cabos'),
(21, 3, 'Muleg&eacute;'),
(22, 4, 'Calakmul'),
(23, 4, 'Calkin&iacute;'),
(24, 4, 'Campeche'),
(25, 4, 'Candelaria'),
(26, 4, 'Carmen'),
(27, 4, 'Champot&oacute;n'),
(28, 4, 'Esc&aacute;rcega'),
(29, 4, 'Hecelchak&aacute;n'),
(30, 4, 'Hopelch&eacute;n'),
(31, 4, 'Palizada'),
(32, 4, 'Tenabo'),
(33, 5, 'Abasolo'),
(34, 5, 'Acu&ntilde;a'),
(35, 5, 'Allende'),
(36, 5, 'Arteaga'),
(37, 5, 'Candela'),
(38, 5, 'Casta&ntilde;os'),
(39, 5, 'Cuatro Ci&eacute;negas'),
(40, 5, 'Escobedo'),
(41, 5, 'Francisco I. Madero'),
(42, 5, 'Frontera'),
(43, 5, 'General Cepeda'),
(44, 5, 'Guerrero'),
(45, 5, 'Hidalgo'),
(46, 5, 'Jim&eacute;nez'),
(47, 5, 'Ju&aacute;rez'),
(48, 5, 'Lamadrid'),
(49, 5, 'Matamoros'),
(50, 5, 'Monclova'),
(51, 5, 'Morelos'),
(52, 5, 'M&uacute;zquiz'),
(53, 5, 'Nadadores'),
(54, 5, 'Nava'),
(55, 5, 'Ocampo'),
(56, 5, 'Parras'),
(57, 5, 'Piedras Negras'),
(58, 5, 'Progreso'),
(59, 5, 'Ramos Arizpe'),
(60, 5, 'Sabinas'),
(61, 5, 'Sacramento'),
(62, 5, 'Saltillo'),
(63, 5, 'San Buenaventura'),
(64, 5, 'San Juan de Sabinas'),
(65, 5, 'San Pedro'),
(66, 5, 'Sierra Mojada'),
(67, 5, 'Torre&oacute;n'),
(68, 5, 'Viesca'),
(69, 5, 'Villa Uni&oacute;n'),
(70, 5, 'Zaragoza'),
(71, 6, 'Armer&iacute;a'),
(72, 6, 'Colima'),
(73, 6, 'Comala'),
(74, 6, 'Coquimatl&aacute;n'),
(75, 6, 'Cuauht&eacute;moc'),
(76, 6, 'Ixtlahuac&aacute;n'),
(77, 6, 'Manzanillo'),
(78, 6, 'Minatitl&aacute;n'),
(79, 6, 'Tecom&aacute;n'),
(80, 6, 'Villa de &aacute;lvarez'),
(81, 7, 'Acacoyagua'),
(82, 7, 'Acala'),
(83, 7, 'Acapetahua'),
(84, 7, 'Aldama'),
(85, 7, 'Altamirano'),
(86, 7, 'Amat&aacute;n'),
(87, 7, 'Amatenango de la Frontera'),
(88, 7, 'Amatenango del Valle'),
(89, 7, 'Angel Albino Corzo'),
(90, 7, 'Arriaga'),
(91, 7, 'Bejucal de Ocampo'),
(92, 7, 'Bella Vista'),
(93, 7, 'Benem&eacute;rito de las Am&eacute;ricas'),
(94, 7, 'Berrioz&aacute;bal'),
(95, 7, 'Bochil'),
(96, 7, 'Cacahoat&aacute;n'),
(97, 7, 'Catazaj&aacute;'),
(98, 7, 'Chalchihuit&aacute;n'),
(99, 7, 'Chamula'),
(100, 7, 'Chanal'),
(101, 7, 'Chapultenango'),
(102, 7, 'Chenalh&oacute;'),
(103, 7, 'Chiapa de Corzo'),
(104, 7, 'Chiapilla'),
(105, 7, 'Chicoas&eacute;n'),
(106, 7, 'Chicomuselo'),
(107, 7, 'Chil&oacute;n'),
(108, 7, 'Cintalapa'),
(109, 7, 'Coapilla'),
(110, 7, 'Comit&aacute;n de Dom&iacute;nguez'),
(111, 7, 'Copainal&aacute;'),
(112, 7, 'El Bosque'),
(113, 7, 'El Porvenir'),
(114, 7, 'Escuintla'),
(115, 7, 'Francisco Le&oacute;n'),
(116, 7, 'Frontera Comalapa'),
(117, 7, 'Frontera Hidalgo'),
(118, 7, 'Huehuet&aacute;n'),
(119, 7, 'Huitiup&aacute;n'),
(120, 7, 'Huixt&aacute;n'),
(121, 7, 'Huixtla'),
(122, 7, 'Ixhuat&aacute;n'),
(123, 7, 'Ixtacomit&aacute;n'),
(124, 7, 'Ixtapa'),
(125, 7, 'Ixtapangajoya'),
(126, 7, 'Jiquipilas'),
(127, 7, 'Jitotol'),
(128, 7, 'Ju&aacute;rez'),
(129, 7, 'La Concordia'),
(130, 7, 'La Grandeza'),
(131, 7, 'La Independencia'),
(132, 7, 'La Libertad'),
(133, 7, 'La Trinitaria'),
(134, 7, 'Larr&aacute;inzar'),
(135, 7, 'Las Margaritas'),
(136, 7, 'Las Rosas'),
(137, 7, 'Mapastepec'),
(138, 7, 'Maravilla Tenejapa'),
(139, 7, 'Marqu&eacute;s de Comillas'),
(140, 7, 'Mazapa de Madero'),
(141, 7, 'Mazat&aacute;n'),
(142, 7, 'Metapa'),
(143, 7, 'Mitontic'),
(144, 7, 'Montecristo de Guerrero'),
(145, 7, 'Motozintla'),
(146, 7, 'Nicol&aacute;s Ru&iacute;z'),
(147, 7, 'Ocosingo'),
(148, 7, 'Ocotepec'),
(149, 7, 'Ocozocoautla de Espinosa'),
(150, 7, 'Ostuac&aacute;n'),
(151, 7, 'Osumacinta'),
(152, 7, 'Oxchuc'),
(153, 7, 'Palenque'),
(154, 7, 'Pantelh&oacute;'),
(155, 7, 'Pantepec'),
(156, 7, 'Pichucalco'),
(157, 7, 'Pijijiapan'),
(158, 7, 'Pueblo Nuevo Solistahuac&aacute;n'),
(159, 7, 'Ray&oacute;n'),
(160, 7, 'Reforma'),
(161, 7, 'Sabanilla'),
(162, 7, 'Salto de Agua'),
(163, 7, 'San Andr&eacute;s Duraznal'),
(164, 7, 'San Crist&oacute;bal de las Casas'),
(165, 7, 'San Fernando'),
(166, 7, 'San Juan Cancuc'),
(167, 7, 'San Lucas'),
(168, 7, 'Santiago el Pinar'),
(169, 7, 'Siltepec'),
(170, 7, 'Simojovel'),
(171, 7, 'Sital&aacute;'),
(172, 7, 'Socoltenango'),
(173, 7, 'Solosuchiapa'),
(174, 7, 'Soyal&oacute;'),
(175, 7, 'Suchiapa'),
(176, 7, 'Suchiate'),
(177, 7, 'Sunuapa'),
(178, 7, 'Tapachula'),
(179, 7, 'Tapalapa'),
(180, 7, 'Tapilula'),
(181, 7, 'Tecpat&aacute;n'),
(182, 7, 'Tenejapa'),
(183, 7, 'Teopisca'),
(184, 7, 'Tila'),
(185, 7, 'Tonal&aacute;'),
(186, 7, 'Totolapa'),
(187, 7, 'Tumbal&aacute;'),
(188, 7, 'Tuxtla Chico'),
(189, 7, 'Tuxtla Guti&eacute;rrez'),
(190, 7, 'Tuzant&aacute;n'),
(191, 7, 'Tzimol'),
(192, 7, 'Uni&oacute;n Ju&aacute;rez'),
(193, 7, 'Venustiano Carranza'),
(194, 7, 'Villa Comaltitl&aacute;n'),
(195, 7, 'Villa Corzo'),
(196, 7, 'Villaflores'),
(197, 7, 'Yajal&oacute;n'),
(198, 7, 'Zinacant&aacute;n'),
(199, 8, 'Ahumada'),
(200, 8, 'Aldama'),
(201, 8, 'Allende'),
(202, 8, 'Aquiles Serd&aacute;n'),
(203, 8, 'Ascensi&oacute;n'),
(204, 8, 'Bach&iacute;niva'),
(205, 8, 'Balleza'),
(206, 8, 'Batopilas'),
(207, 8, 'Bocoyna'),
(208, 8, 'Buenaventura'),
(209, 8, 'Camargo'),
(210, 8, 'Carich&iacute;'),
(211, 8, 'Casas Grandes'),
(212, 8, 'Chihuahua'),
(213, 8, 'Ch&iacute;nipas'),
(214, 8, 'Coronado'),
(215, 8, 'Coyame del Sotol'),
(216, 8, 'Cuauht&eacute;moc'),
(217, 8, 'Cusihuiriachi'),
(218, 8, 'Delicias'),
(219, 8, 'Dr. Belisario Dom&iacute;nguez'),
(220, 8, 'El Tule'),
(221, 8, 'Galeana'),
(222, 8, 'G&oacute;mez Far&iacute;as'),
(223, 8, 'Gran Morelos'),
(224, 8, 'Guachochi'),
(225, 8, 'Guadalupe'),
(226, 8, 'Guadalupe y Calvo'),
(227, 8, 'Guazapares'),
(228, 8, 'Guerrero'),
(229, 8, 'Hidalgo del Parral'),
(230, 8, 'Huejotit&aacute;n'),
(231, 8, 'Ignacio Zaragoza'),
(232, 8, 'Janos'),
(233, 8, 'Jim&eacute;nez'),
(234, 8, 'Ju&aacute;rez'),
(235, 8, 'Julimes'),
(236, 8, 'La Cruz'),
(237, 8, 'L&oacute;pez'),
(238, 8, 'Madera'),
(239, 8, 'Maguarichi'),
(240, 8, 'Manuel Benavides'),
(241, 8, 'Matach&iacute;'),
(242, 8, 'Matamoros'),
(243, 8, 'Meoqui'),
(244, 8, 'Morelos'),
(245, 8, 'Moris'),
(246, 8, 'Namiquipa'),
(247, 8, 'Nonoava'),
(248, 8, 'Nuevo Casas Grandes'),
(249, 8, 'Ocampo'),
(250, 8, 'Ojinaga'),
(251, 8, 'Praxedis G. Guerrero'),
(252, 8, 'Riva Palacio'),
(253, 8, 'Rosales'),
(254, 8, 'Rosario'),
(255, 8, 'San Francisco de Borja'),
(256, 8, 'San Francisco de Conchos'),
(257, 8, 'San Francisco del Oro'),
(258, 8, 'Santa B&aacute;rbara'),
(259, 8, 'Santa Isabel'),
(260, 8, 'Satev&oacute;'),
(261, 8, 'Saucillo'),
(262, 8, 'Tem&oacute;sachic'),
(263, 8, 'Urique'),
(264, 8, 'Uruachi'),
(265, 8, 'Valle de Zaragoza'),
(266, 9, '&Aacute;lvaro Obreg&oacute;n'),
(267, 9, 'Azcapotzalco'),
(268, 9, 'Benito Ju&aacute;rez'),
(269, 9, 'Coyoac&aacute;n'),
(270, 9, 'Cuajimalpa de Morelos'),
(271, 9, 'Cuauht&eacute;moc'),
(272, 9, 'Gustavo A. Madero'),
(273, 9, 'Iztacalco'),
(274, 9, 'Iztapalapa'),
(275, 9, 'La Magdalena Contreras'),
(276, 9, 'Miguel Hidalgo'),
(277, 9, 'Milpa Alta'),
(278, 9, 'Tl&aacute;huac'),
(279, 9, 'Tlalpan'),
(280, 9, 'Venustiano Carranza'),
(281, 9, 'Xochimilco'),
(282, 10, 'Canatl&aacute;n'),
(283, 10, 'Canelas'),
(284, 10, 'Coneto de Comonfort'),
(285, 10, 'Cuencam&eacute;'),
(286, 10, 'Durango'),
(287, 10, 'El Oro'),
(288, 10, 'General Sim&oacute;n Bol&iacute;var'),
(289, 10, 'G&oacute;mez Palacio'),
(290, 10, 'Guadalupe Victoria'),
(291, 10, 'Guanacev&iacute;'),
(292, 10, 'Hidalgo'),
(293, 10, 'Ind&eacute;'),
(294, 10, 'Lerdo'),
(295, 10, 'Mapim&iacute;'),
(296, 10, 'Mezquital'),
(297, 10, 'Nazas'),
(298, 10, 'Nombre de Dios'),
(299, 10, 'Nuevo Ideal'),
(300, 10, 'Ocampo'),
(301, 10, 'Ot&aacute;ez'),
(302, 10, 'P&aacute;nuco de Coronado'),
(303, 10, 'Pe&ntilde;&oacute;n Blanco'),
(304, 10, 'Poanas'),
(305, 10, 'Pueblo Nuevo'),
(306, 10, 'Rodeo'),
(307, 10, 'San Bernardo'),
(308, 10, 'San Dimas'),
(309, 10, 'San Juan de Guadalupe'),
(310, 10, 'San Juan del R&iacute;o'),
(311, 10, 'San Luis del Cordero'),
(312, 10, 'San Pedro del Gallo'),
(313, 10, 'Santa Clara'),
(314, 10, 'Santiago Papasquiaro'),
(315, 10, 'S&uacute;chil'),
(316, 10, 'Tamazula'),
(317, 10, 'Tepehuanes'),
(318, 10, 'Tlahualilo'),
(319, 10, 'Topia'),
(320, 10, 'Vicente Guerrero'),
(321, 11, 'Abasolo'),
(322, 11, 'Ac&aacute;mbaro'),
(323, 11, 'Apaseo el Alto'),
(324, 11, 'Apaseo el Grande'),
(325, 11, 'Atarjea'),
(326, 11, 'Celaya'),
(327, 11, 'Comonfort'),
(328, 11, 'Coroneo'),
(329, 11, 'Cortazar'),
(330, 11, 'Cuer&aacute;maro'),
(331, 11, 'Doctor Mora'),
(332, 11, 'Dolores Hidalgo Cuna de la Independencia Nacional'),
(333, 11, 'Guanajuato'),
(334, 11, 'Huan&iacute;maro'),
(335, 11, 'Irapuato'),
(336, 11, 'Jaral del Progreso'),
(337, 11, 'Jer&eacute;cuaro'),
(338, 11, 'Le&oacute;n'),
(339, 11, 'Manuel Doblado'),
(340, 11, 'Morole&oacute;n'),
(341, 11, 'Ocampo'),
(342, 11, 'P&eacute;njamo'),
(343, 11, 'Pueblo Nuevo'),
(344, 11, 'Pur&iacute;sima del Rinc&oacute;n'),
(345, 11, 'Romita'),
(346, 11, 'Salamanca'),
(347, 11, 'Salvatierra'),
(348, 11, 'San Diego de la Uni&oacute;n'),
(349, 11, 'San Felipe'),
(350, 11, 'San Francisco del Rinc&oacute;n'),
(351, 11, 'San Jos&eacute; Iturbide'),
(352, 11, 'San Luis de la Paz'),
(353, 11, 'San Miguel de Allende'),
(354, 11, 'Santa Catarina'),
(355, 11, 'Santa Cruz de Juventino Rosas'),
(356, 11, 'Santiago Maravat&iacute;o'),
(357, 11, 'Silao'),
(358, 11, 'Tarandacuao'),
(359, 11, 'Tarimoro'),
(360, 11, 'Tierra Blanca'),
(361, 11, 'Uriangato'),
(362, 11, 'Valle de Santiago'),
(363, 11, 'Victoria'),
(364, 11, 'Villagr&aacute;n'),
(365, 11, 'Xich&uacute;'),
(366, 11, 'Yuriria'),
(367, 12, 'Acapulco de Ju&aacute;rez'),
(368, 12, 'Acatepec'),
(369, 12, 'Ahuacuotzingo'),
(370, 12, 'Ajuchitl&aacute;n del Progreso'),
(371, 12, 'Alcozauca de Guerrero'),
(372, 12, 'Alpoyeca'),
(373, 12, 'Apaxtla'),
(374, 12, 'Arcelia'),
(375, 12, 'Atenango del R&iacute;o'),
(376, 12, 'Atlamajalcingo del Monte'),
(377, 12, 'Atlixtac'),
(378, 12, 'Atoyac de &aacute;lvarez'),
(379, 12, 'Ayutla de los Libres'),
(380, 12, 'Azoy&uacute;'),
(381, 12, 'Benito Ju&aacute;rez'),
(382, 12, 'Buenavista de Cu&eacute;llar'),
(383, 12, 'Chilapa de &aacute;lvarez'),
(384, 12, 'Chilpancingo de los Bravo'),
(385, 12, 'Coahuayutla de Jos&eacute; Mar&iacute;a Izazaga'),
(386, 12, 'Cochoapa el Grande'),
(387, 12, 'Cocula'),
(388, 12, 'Copala'),
(389, 12, 'Copalillo'),
(390, 12, 'Copanatoyac'),
(391, 12, 'Coyuca de Ben&iacute;tez'),
(392, 12, 'Coyuca de Catal&aacute;n'),
(393, 12, 'Cuajinicuilapa'),
(394, 12, 'Cual&aacute;c'),
(395, 12, 'Cuautepec'),
(396, 12, 'Cuetzala del Progreso'),
(397, 12, 'Cutzamala de Pinz&oacute;n'),
(398, 12, 'Eduardo Neri'),
(399, 12, 'Florencio Villarreal'),
(400, 12, 'General Canuto A. Neri'),
(401, 12, 'General Heliodoro Castillo'),
(402, 12, 'Huamuxtitl&aacute;n'),
(403, 12, 'Huitzuco de los Figueroa'),
(404, 12, 'Iguala de la Independencia'),
(405, 12, 'Igualapa'),
(406, 12, 'Iliatenco'),
(407, 12, 'Ixcateopan de Cuauht&eacute;moc'),
(408, 12, 'Jos&eacute; Joaqu&iacute;n de Herrera'),
(409, 12, 'Juan R. Escudero'),
(410, 12, 'Juchit&aacute;n'),
(411, 12, 'La Uni&oacute;n de Isidoro Montes de Oca'),
(412, 12, 'Leonardo Bravo'),
(413, 12, 'Malinaltepec'),
(414, 12, 'Marquelia'),
(415, 12, 'M&aacute;rtir de Cuilapan'),
(416, 12, 'Metlat&oacute;noc'),
(417, 12, 'Mochitl&aacute;n'),
(418, 12, 'Olinal&aacute;'),
(419, 12, 'Ometepec'),
(420, 12, 'Pedro Ascencio Alquisiras'),
(421, 12, 'Petatl&aacute;n'),
(422, 12, 'Pilcaya'),
(423, 12, 'Pungarabato'),
(424, 12, 'Quechultenango'),
(425, 12, 'San Luis Acatl&aacute;n'),
(426, 12, 'San Marcos'),
(427, 12, 'San Miguel Totolapan'),
(428, 12, 'Taxco de Alarc&oacute;n'),
(429, 12, 'Tecoanapa'),
(430, 12, 'T&eacute;cpan de Galeana'),
(431, 12, 'Teloloapan'),
(432, 12, 'Tepecoacuilco de Trujano'),
(433, 12, 'Tetipac'),
(434, 12, 'Tixtla de Guerrero'),
(435, 12, 'Tlacoachistlahuaca'),
(436, 12, 'Tlacoapa'),
(437, 12, 'Tlalchapa'),
(438, 12, 'Tlalixtaquilla de Maldonado'),
(439, 12, 'Tlapa de Comonfort'),
(440, 12, 'Tlapehuala'),
(441, 12, 'Xalpatl&aacute;huac'),
(442, 12, 'Xochihuehuetl&aacute;n'),
(443, 12, 'Xochistlahuaca'),
(444, 12, 'Zapotitl&aacute;n Tablas'),
(445, 12, 'Zihuatanejo de Azueta'),
(446, 12, 'Zir&aacute;ndaro'),
(447, 12, 'Zitlala'),
(448, 13, 'Acatl&aacute;n'),
(449, 13, 'Acaxochitl&aacute;n'),
(450, 13, 'Actopan'),
(451, 13, 'Agua Blanca de Iturbide'),
(452, 13, 'Ajacuba'),
(453, 13, 'Alfajayucan'),
(454, 13, 'Almoloya'),
(455, 13, 'Apan'),
(456, 13, 'Atitalaquia'),
(457, 13, 'Atlapexco'),
(458, 13, 'Atotonilco de Tula'),
(459, 13, 'Atotonilco el Grande'),
(460, 13, 'Calnali'),
(461, 13, 'Cardonal'),
(462, 13, 'Chapantongo'),
(463, 13, 'Chapulhuac&aacute;n'),
(464, 13, 'Chilcuautla'),
(465, 13, 'Cuautepec de Hinojosa'),
(466, 13, 'El Arenal'),
(467, 13, 'Eloxochitl&aacute;n'),
(468, 13, 'Emiliano Zapata'),
(469, 13, 'Epazoyucan'),
(470, 13, 'Francisco I. Madero'),
(471, 13, 'Huasca de Ocampo'),
(472, 13, 'Huautla'),
(473, 13, 'Huazalingo'),
(474, 13, 'Huehuetla'),
(475, 13, 'Huejutla de Reyes'),
(476, 13, 'Huichapan'),
(477, 13, 'Ixmiquilpan'),
(478, 13, 'Jacala de Ledezma'),
(479, 13, 'Jaltoc&aacute;n'),
(480, 13, 'Ju&aacute;rez Hidalgo'),
(481, 13, 'La Misi&oacute;n'),
(482, 13, 'Lolotla'),
(483, 13, 'Metepec'),
(484, 13, 'Metztitl&aacute;n'),
(485, 13, 'Mineral de la Reforma'),
(486, 13, 'Mineral del Chico'),
(487, 13, 'Mineral del Monte'),
(488, 13, 'Mixquiahuala de Ju&aacute;rez'),
(489, 13, 'Molango de Escamilla'),
(490, 13, 'Nicol&aacute;s Flores'),
(491, 13, 'Nopala de Villagr&aacute;n'),
(492, 13, 'Omitl&aacute;n de Ju&aacute;rez'),
(493, 13, 'Pachuca de Soto'),
(494, 13, 'Pacula'),
(495, 13, 'Pisaflores'),
(496, 13, 'Progreso de Obreg&oacute;n'),
(497, 13, 'San Agust&iacute;n Metzquititl&aacute;n'),
(498, 13, 'San Agust&iacute;n Tlaxiaca'),
(499, 13, 'San Bartolo Tutotepec'),
(500, 13, 'San Felipe Orizatl&aacute;n'),
(501, 13, 'San Salvador'),
(502, 13, 'Santiago de Anaya'),
(503, 13, 'Santiago Tulantepec de Lugo Guerrero'),
(504, 13, 'Singuilucan'),
(505, 13, 'Tasquillo'),
(506, 13, 'Tecozautla'),
(507, 13, 'Tenango de Doria'),
(508, 13, 'Tepeapulco'),
(509, 13, 'Tepehuac&aacute;n de Guerrero'),
(510, 13, 'Tepeji del R&iacute;o de Ocampo'),
(511, 13, 'Tepetitl&aacute;n'),
(512, 13, 'Tetepango'),
(513, 13, 'Tezontepec de Aldama'),
(514, 13, 'Tianguistengo'),
(515, 13, 'Tizayuca'),
(516, 13, 'Tlahuelilpan'),
(517, 13, 'Tlahuiltepa'),
(518, 13, 'Tlanalapa'),
(519, 13, 'Tlanchinol'),
(520, 13, 'Tlaxcoapan'),
(521, 13, 'Tolcayuca'),
(522, 13, 'Tula de Allende'),
(523, 13, 'Tulancingo de Bravo'),
(524, 13, 'Villa de Tezontepec'),
(525, 13, 'Xochiatipan'),
(526, 13, 'Xochicoatl&aacute;n'),
(527, 13, 'Yahualica'),
(528, 13, 'Zacualtip&aacute;n de &aacute;ngeles'),
(529, 13, 'Zapotl&aacute;n de Ju&aacute;rez'),
(530, 13, 'Zempoala'),
(531, 13, 'Zimap&aacute;n'),
(532, 14, 'Acatic'),
(533, 14, 'Acatl&aacute;n de Ju&aacute;rez'),
(534, 14, 'Ahualulco de Mercado'),
(535, 14, 'Amacueca'),
(536, 14, 'Amatit&aacute;n'),
(537, 14, 'Ameca'),
(538, 14, 'Arandas'),
(539, 14, 'Atemajac de Brizuela'),
(540, 14, 'Atengo'),
(541, 14, 'Atenguillo'),
(542, 14, 'Atotonilco el Alto'),
(543, 14, 'Atoyac'),
(544, 14, 'Autl&aacute;n de Navarro'),
(545, 14, 'Ayotl&aacute;n'),
(546, 14, 'Ayutla'),
(547, 14, 'Bola&ntilde;os'),
(548, 14, 'Cabo Corrientes'),
(549, 14, 'Ca&ntilde;adas de Obreg&oacute;n'),
(550, 14, 'Casimiro Castillo'),
(551, 14, 'Chapala'),
(552, 14, 'Chimaltit&aacute;n'),
(553, 14, 'Chiquilistl&aacute;n'),
(554, 14, 'Cihuatl&aacute;n'),
(555, 14, 'Cocula'),
(556, 14, 'Colotl&aacute;n'),
(557, 14, 'Concepci&oacute;n de Buenos Aires'),
(558, 14, 'Cuautitl&aacute;n de Garc&iacute;a Barrag&aacute;n'),
(559, 14, 'Cuautla'),
(560, 14, 'Cuqu&iacute;o'),
(561, 14, 'Degollado'),
(562, 14, 'Ejutla'),
(563, 14, 'El Arenal'),
(564, 14, 'El Grullo'),
(565, 14, 'El Lim&oacute;n'),
(566, 14, 'El Salto'),
(567, 14, 'Encarnaci&oacute;n de D&iacute;az'),
(568, 14, 'Etzatl&aacute;n'),
(569, 14, 'G&oacute;mez Far&iacute;as'),
(570, 14, 'Guachinango'),
(571, 14, 'Guadalajara'),
(572, 14, 'Hostotipaquillo'),
(573, 14, 'Huej&uacute;car'),
(574, 14, 'Huejuquilla el Alto'),
(575, 14, 'Ixtlahuac&aacute;n de los Membrillos'),
(576, 14, 'Ixtlahuac&aacute;n del R&iacute;o'),
(577, 14, 'Jalostotitl&aacute;n'),
(578, 14, 'Jamay'),
(579, 14, 'Jes&uacute;s Mar&iacute;a'),
(580, 14, 'Jilotl&aacute;n de los Dolores'),
(581, 14, 'Jocotepec'),
(582, 14, 'Juanacatl&aacute;n'),
(583, 14, 'Juchitl&aacute;n'),
(584, 14, 'La Barca'),
(585, 14, 'La Huerta'),
(586, 14, 'La Manzanilla de la Paz'),
(587, 14, 'Lagos de Moreno'),
(588, 14, 'Magdalena'),
(589, 14, 'Mascota'),
(590, 14, 'Mazamitla'),
(591, 14, 'Mexticac&aacute;n'),
(592, 14, 'Mezquitic'),
(593, 14, 'Mixtl&aacute;n'),
(594, 14, 'Ocotl&aacute;n'),
(595, 14, 'Ojuelos de Jalisco'),
(596, 14, 'Pihuamo'),
(597, 14, 'Poncitl&aacute;n'),
(598, 14, 'Puerto Vallarta'),
(599, 14, 'Quitupan'),
(600, 14, 'San Crist&oacute;bal de la Barranca'),
(601, 14, 'San Diego de Alejandr&iacute;a'),
(602, 14, 'San Gabriel'),
(603, 14, 'San Ignacio Cerro Gordo'),
(604, 14, 'San Juan de los Lagos'),
(605, 14, 'San Juanito de Escobedo'),
(606, 14, 'San Juli&aacute;n'),
(607, 14, 'San Marcos'),
(608, 14, 'San Mart&iacute;n de Bola&ntilde;os'),
(609, 14, 'San Mart&iacute;n Hidalgo'),
(610, 14, 'San Miguel el Alto'),
(611, 14, 'San Sebasti&aacute;n del Oeste'),
(612, 14, 'Santa Mar&iacute;a de los &aacute;ngeles'),
(613, 14, 'Santa Mar&iacute;a del Oro'),
(614, 14, 'Sayula'),
(615, 14, 'Tala'),
(616, 14, 'Talpa de Allende'),
(617, 14, 'Tamazula de Gordiano'),
(618, 14, 'Tapalpa'),
(619, 14, 'Tecalitl&aacute;n'),
(620, 14, 'Techaluta de Montenegro'),
(621, 14, 'Tecolotl&aacute;n'),
(622, 14, 'Tenamaxtl&aacute;n'),
(623, 14, 'Teocaltiche'),
(624, 14, 'Teocuitatl&aacute;n de Corona'),
(625, 14, 'Tepatitl&aacute;n de Morelos'),
(626, 14, 'Tequila'),
(627, 14, 'Teuchitl&aacute;n'),
(628, 14, 'Tizap&aacute;n el Alto'),
(629, 14, 'Tlajomulco de Z&uacute;&ntilde;iga'),
(630, 14, 'Tlaquepaque'),
(631, 14, 'Tolim&aacute;n'),
(632, 14, 'Tomatl&aacute;n'),
(633, 14, 'Tonal&aacute;'),
(634, 14, 'Tonaya'),
(635, 14, 'Tonila'),
(636, 14, 'Totatiche'),
(637, 14, 'Tototl&aacute;n'),
(638, 14, 'Tuxcacuesco'),
(639, 14, 'Tuxcueca'),
(640, 14, 'Tuxpan'),
(641, 14, 'Uni&oacute;n de San Antonio'),
(642, 14, 'Uni&oacute;n de Tula'),
(643, 14, 'Valle de Guadalupe'),
(644, 14, 'Valle de Ju&aacute;rez'),
(645, 14, 'Villa Corona'),
(646, 14, 'Villa Guerrero'),
(647, 14, 'Villa Hidalgo'),
(648, 14, 'Villa Purificaci&oacute;n'),
(649, 14, 'Yahualica de Gonz&aacute;lez Gallo'),
(650, 14, 'Zacoalco de Torres'),
(651, 14, 'Zapopan'),
(652, 14, 'Zapotiltic'),
(653, 14, 'Zapotitl&aacute;n de Vadillo'),
(654, 14, 'Zapotl&aacute;n del Rey'),
(655, 14, 'Zapotl&aacute;n el Grande'),
(656, 14, 'Zapotlanejo'),
(657, 15, 'Acambay'),
(658, 15, 'Acolman'),
(659, 15, 'Aculco'),
(660, 15, 'Almoloya de Alquisiras'),
(661, 15, 'Almoloya de Ju&aacute;rez'),
(662, 15, 'Almoloya del R&iacute;o'),
(663, 15, 'Amanalco'),
(664, 15, 'Amatepec'),
(665, 15, 'Amecameca'),
(666, 15, 'Apaxco'),
(667, 15, 'Atenco'),
(668, 15, 'Atizap&aacute;n'),
(669, 15, 'Atizap&aacute;n de Zaragoza'),
(670, 15, 'Atlacomulco'),
(671, 15, 'Atlautla'),
(672, 15, 'Axapusco'),
(673, 15, 'Ayapango'),
(674, 15, 'Calimaya'),
(675, 15, 'Capulhuac'),
(676, 15, 'Chalco'),
(677, 15, 'Chapa de Mota'),
(678, 15, 'Chapultepec'),
(679, 15, 'Chiautla'),
(680, 15, 'Chicoloapan'),
(681, 15, 'Chiconcuac'),
(682, 15, 'Chimalhuac&aacute;n'),
(683, 15, 'Coacalco de Berrioz&aacute;bal'),
(684, 15, 'Coatepec Harinas'),
(685, 15, 'Cocotitl&aacute;n'),
(686, 15, 'Coyotepec'),
(687, 15, 'Cuautitl&aacute;n'),
(688, 15, 'Cuautitl&aacute;n Izcalli'),
(689, 15, 'Donato Guerra'),
(690, 15, 'Ecatepec de Morelos'),
(691, 15, 'Ecatzingo'),
(692, 15, 'El Oro'),
(693, 15, 'Huehuetoca'),
(694, 15, 'Hueypoxtla'),
(695, 15, 'Huixquilucan'),
(696, 15, 'Isidro Fabela'),
(697, 15, 'Ixtapaluca'),
(698, 15, 'Ixtapan de la Sal'),
(699, 15, 'Ixtapan del Oro'),
(700, 15, 'Ixtlahuaca'),
(701, 15, 'Jaltenco'),
(702, 15, 'Jilotepec'),
(703, 15, 'Jilotzingo'),
(704, 15, 'Jiquipilco'),
(705, 15, 'Jocotitl&aacute;n'),
(706, 15, 'Joquicingo'),
(707, 15, 'Juchitepec'),
(708, 15, 'La Paz'),
(709, 15, 'Lerma'),
(710, 15, 'Luvianos'),
(711, 15, 'Malinalco'),
(712, 15, 'Melchor Ocampo'),
(713, 15, 'Metepec'),
(714, 15, 'Mexicaltzingo'),
(715, 15, 'Morelos'),
(716, 15, 'Naucalpan de Ju&aacute;rez'),
(717, 15, 'Nextlalpan'),
(718, 15, 'Nezahualc&oacute;yotl'),
(719, 15, 'Nicol&aacute;s Romero'),
(720, 15, 'Nopaltepec'),
(721, 15, 'Ocoyoacac'),
(722, 15, 'Ocuilan'),
(723, 15, 'Otumba'),
(724, 15, 'Otzoloapan'),
(725, 15, 'Otzolotepec'),
(726, 15, 'Ozumba'),
(727, 15, 'Papalotla'),
(728, 15, 'Polotitl&aacute;n'),
(729, 15, 'Ray&oacute;n'),
(730, 15, 'San Antonio la Isla'),
(731, 15, 'San Felipe del Progreso'),
(732, 15, 'San Jos&eacute; del Rinc&oacute;n'),
(733, 15, 'San Mart&iacute;n de las Pir&aacute;mides'),
(734, 15, 'San Mateo Atenco'),
(735, 15, 'San Sim&oacute;n de Guerrero'),
(736, 15, 'Santo Tom&aacute;s'),
(737, 15, 'Soyaniquilpan de Ju&aacute;rez'),
(738, 15, 'Sultepec'),
(739, 15, 'Tec&aacute;mac'),
(740, 15, 'Tejupilco'),
(741, 15, 'Temamatla'),
(742, 15, 'Temascalapa'),
(743, 15, 'Temascalcingo'),
(744, 15, 'Temascaltepec'),
(745, 15, 'Temoaya'),
(746, 15, 'Tenancingo'),
(747, 15, 'Tenango del Aire'),
(748, 15, 'Tenango del Valle'),
(749, 15, 'Teoloyucan'),
(750, 15, 'Teotihuac&aacute;n'),
(751, 15, 'Tepetlaoxtoc'),
(752, 15, 'Tepetlixpa'),
(753, 15, 'Tepotzotl&aacute;n'),
(754, 15, 'Tequixquiac'),
(755, 15, 'Texcaltitl&aacute;n'),
(756, 15, 'Texcalyacac'),
(757, 15, 'Texcoco'),
(758, 15, 'Tezoyuca'),
(759, 15, 'Tianguistenco'),
(760, 15, 'Timilpan'),
(761, 15, 'Tlalmanalco'),
(762, 15, 'Tlalnepantla de Baz'),
(763, 15, 'Tlatlaya'),
(764, 15, 'Toluca'),
(765, 15, 'Tonanitla'),
(766, 15, 'Tonatico'),
(767, 15, 'Tultepec'),
(768, 15, 'Tultitl&aacute;n'),
(769, 15, 'Valle de Bravo'),
(770, 15, 'Valle de Chalco Solidaridad'),
(771, 15, 'Villa de Allende'),
(772, 15, 'Villa del Carb&oacute;n'),
(773, 15, 'Villa Guerrero'),
(774, 15, 'Villa Victoria'),
(775, 15, 'Xalatlaco'),
(776, 15, 'Xonacatl&aacute;n'),
(777, 15, 'Zacazonapan'),
(778, 15, 'Zacualpan'),
(779, 15, 'Zinacantepec'),
(780, 15, 'Zumpahuac&aacute;n'),
(781, 15, 'Zumpango'),
(782, 16, 'Acuitzio'),
(783, 16, 'Aguililla'),
(784, 16, '&aacute;lvaro Obreg&oacute;n'),
(785, 16, 'Angamacutiro'),
(786, 16, 'Angangueo'),
(787, 16, 'Apatzing&aacute;n'),
(788, 16, 'Aporo'),
(789, 16, 'Aquila'),
(790, 16, 'Ario'),
(791, 16, 'Arteaga'),
(792, 16, 'Brise&ntilde;as'),
(793, 16, 'Buenavista'),
(794, 16, 'Car&aacute;cuaro'),
(795, 16, 'Charapan'),
(796, 16, 'Charo'),
(797, 16, 'Chavinda'),
(798, 16, 'Cher&aacute;n'),
(799, 16, 'Chilchota'),
(800, 16, 'Chinicuila'),
(801, 16, 'Chuc&aacute;ndiro'),
(802, 16, 'Churintzio'),
(803, 16, 'Churumuco'),
(804, 16, 'Coahuayana'),
(805, 16, 'Coalcom&aacute;n de V&aacute;zquez Pallares'),
(806, 16, 'Coeneo'),
(807, 16, 'Cojumatl&aacute;n de R&eacute;gules'),
(808, 16, 'Contepec'),
(809, 16, 'Cop&aacute;ndaro'),
(810, 16, 'Cotija'),
(811, 16, 'Cuitzeo'),
(812, 16, 'Ecuandureo'),
(813, 16, 'Epitacio Huerta'),
(814, 16, 'Erongar&iacute;cuaro'),
(815, 16, 'Gabriel Zamora'),
(816, 16, 'Hidalgo'),
(817, 16, 'Huandacareo'),
(818, 16, 'Huaniqueo'),
(819, 16, 'Huetamo'),
(820, 16, 'Huiramba'),
(821, 16, 'Indaparapeo'),
(822, 16, 'Irimbo'),
(823, 16, 'Ixtl&aacute;n'),
(824, 16, 'Jacona'),
(825, 16, 'Jim&eacute;nez'),
(826, 16, 'Jiquilpan'),
(827, 16, 'Jos&eacute; Sixto Verduzco'),
(828, 16, 'Ju&aacute;rez'),
(829, 16, 'Jungapeo'),
(830, 16, 'La Huacana'),
(831, 16, 'La Piedad'),
(832, 16, 'Lagunillas'),
(833, 16, 'L&aacute;zaro C&aacute;rdenas'),
(834, 16, 'Los Reyes'),
(835, 16, 'Madero'),
(836, 16, 'Maravat&iacute;o'),
(837, 16, 'Marcos Castellanos'),
(838, 16, 'Morelia'),
(839, 16, 'Morelos'),
(840, 16, 'M&uacute;gica'),
(841, 16, 'Nahuatzen'),
(842, 16, 'Nocup&eacute;taro'),
(843, 16, 'Nuevo Parangaricutiro'),
(844, 16, 'Nuevo Urecho'),
(845, 16, 'Numar&aacute;n'),
(846, 16, 'Ocampo'),
(847, 16, 'Pajacuar&aacute;n'),
(848, 16, 'Panind&iacute;cuaro'),
(849, 16, 'Paracho'),
(850, 16, 'Par&aacute;cuaro'),
(851, 16, 'P&aacute;tzcuaro'),
(852, 16, 'Penjamillo'),
(853, 16, 'Perib&aacute;n'),
(854, 16, 'Pur&eacute;pero'),
(855, 16, 'Puru&aacute;ndiro'),
(856, 16, 'Quer&eacute;ndaro'),
(857, 16, 'Quiroga'),
(858, 16, 'Sahuayo'),
(859, 16, 'Salvador Escalante'),
(860, 16, 'San Lucas'),
(861, 16, 'Santa Ana Maya'),
(862, 16, 'Senguio'),
(863, 16, 'Susupuato'),
(864, 16, 'Tac&aacute;mbaro'),
(865, 16, 'Tanc&iacute;taro'),
(866, 16, 'Tangamandapio'),
(867, 16, 'Tanganc&iacute;cuaro'),
(868, 16, 'Tanhuato'),
(869, 16, 'Taretan'),
(870, 16, 'Tar&iacute;mbaro'),
(871, 16, 'Tepalcatepec'),
(872, 16, 'Tingambato'),
(873, 16, 'TingÃ¼ind&iacute;n'),
(874, 16, 'Tiquicheo de Nicol&aacute;s Romero'),
(875, 16, 'Tlalpujahua'),
(876, 16, 'Tlazazalca'),
(877, 16, 'Tocumbo'),
(878, 16, 'Tumbiscat&iacute;o'),
(879, 16, 'Turicato'),
(880, 16, 'Tuxpan'),
(881, 16, 'Tuzantla'),
(882, 16, 'Tzintzuntzan'),
(883, 16, 'Tzitzio'),
(884, 16, 'Uruapan'),
(885, 16, 'Venustiano Carranza'),
(886, 16, 'Villamar'),
(887, 16, 'Vista Hermosa'),
(888, 16, 'Yur&eacute;cuaro'),
(889, 16, 'Zacapu'),
(890, 16, 'Zamora'),
(891, 16, 'Zin&aacute;paro'),
(892, 16, 'Zinap&eacute;cuaro'),
(893, 16, 'Ziracuaretiro'),
(894, 16, 'Zit&aacute;cuaro'),
(895, 17, 'Amacuzac'),
(896, 17, 'Atlatlahucan'),
(897, 17, 'Axochiapan'),
(898, 17, 'Ayala'),
(899, 17, 'Coatl&aacute;n del R&iacute;o'),
(900, 17, 'Cuautla'),
(901, 17, 'Cuernavaca'),
(902, 17, 'Emiliano Zapata'),
(903, 17, 'Huitzilac'),
(904, 17, 'Jantetelco'),
(905, 17, 'Jiutepec'),
(906, 17, 'Jojutla'),
(907, 17, 'Jonacatepec'),
(908, 17, 'Mazatepec'),
(909, 17, 'Miacatl&aacute;n'),
(910, 17, 'Ocuituco'),
(911, 17, 'Puente de Ixtla'),
(912, 17, 'Temixco'),
(913, 17, 'Temoac'),
(914, 17, 'Tepalcingo'),
(915, 17, 'Tepoztl&aacute;n'),
(916, 17, 'Tetecala'),
(917, 17, 'Tetela del Volc&aacute;n'),
(918, 17, 'Tlalnepantla'),
(919, 17, 'Tlaltizap&aacute;n de Zapata'),
(920, 17, 'Tlaquiltenango'),
(921, 17, 'Tlayacapan'),
(922, 17, 'Totolapan'),
(923, 17, 'Xochitepec'),
(924, 17, 'Yautepec'),
(925, 17, 'Yecapixtla'),
(926, 17, 'Zacatepec'),
(927, 17, 'Zacualpan'),
(928, 18, 'Acaponeta'),
(929, 18, 'Ahuacatl&aacute;n'),
(930, 18, 'Amatl&aacute;n de Ca&ntilde;as'),
(931, 18, 'Bah&iacute;a de Banderas'),
(932, 18, 'Compostela'),
(933, 18, 'Del Nayar'),
(934, 18, 'Huajicori'),
(935, 18, 'Ixtl&aacute;n del R&iacute;o'),
(936, 18, 'Jala'),
(937, 18, 'La Yesca'),
(938, 18, 'Rosamorada'),
(939, 18, 'Ru&iacute;z'),
(940, 18, 'San Blas'),
(941, 18, 'San Pedro Lagunillas'),
(942, 18, 'Santa Mar&iacute;a del Oro'),
(943, 18, 'Santiago Ixcuintla'),
(944, 18, 'Tecuala'),
(945, 18, 'Tepic'),
(946, 18, 'Tuxpan'),
(947, 18, 'Xalisco'),
(948, 19, 'Abasolo'),
(949, 19, 'Agualeguas'),
(950, 19, 'Allende'),
(951, 19, 'An&aacute;huac'),
(952, 19, 'Apodaca'),
(953, 19, 'Aramberri'),
(954, 19, 'Bustamante'),
(955, 19, 'Cadereyta Jim&eacute;nez'),
(956, 19, 'Carmen'),
(957, 19, 'Cerralvo'),
(958, 19, 'China'),
(959, 19, 'Ci&eacute;nega de Flores'),
(960, 19, 'Dr. Arroyo'),
(961, 19, 'Dr. Coss'),
(962, 19, 'Dr. Gonz&aacute;lez'),
(963, 19, 'Galeana'),
(964, 19, 'Garc&iacute;a'),
(965, 19, 'Gral. Bravo'),
(966, 19, 'Gral. Escobedo'),
(967, 19, 'Gral. Ter&aacute;n'),
(968, 19, 'Gral. Trevi&ntilde;o'),
(969, 19, 'Gral. Zaragoza'),
(970, 19, 'Gral. Zuazua'),
(971, 19, 'Guadalupe'),
(972, 19, 'Hidalgo'),
(973, 19, 'Higueras'),
(974, 19, 'Hualahuises'),
(975, 19, 'Iturbide'),
(976, 19, 'Ju&aacute;rez'),
(977, 19, 'Lampazos de Naranjo'),
(978, 19, 'Linares'),
(979, 19, 'Los Aldamas'),
(980, 19, 'Los Herreras'),
(981, 19, 'Los Ramones'),
(982, 19, 'Mar&iacute;n'),
(983, 19, 'Melchor Ocampo'),
(984, 19, 'Mier y Noriega'),
(985, 19, 'Mina'),
(986, 19, 'Montemorelos'),
(987, 19, 'Monterrey'),
(988, 19, 'Par&aacute;s'),
(989, 19, 'Pesquer&iacute;a'),
(990, 19, 'Rayones'),
(991, 19, 'Sabinas Hidalgo'),
(992, 19, 'Salinas Victoria'),
(993, 19, 'San Nicol&aacute;s de los Garza'),
(994, 19, 'San Pedro Garza Garc&iacute;a'),
(995, 19, 'Santa Catarina'),
(996, 19, 'Santiago'),
(997, 19, 'Vallecillo'),
(998, 19, 'Villaldama'),
(999, 20, 'Abejones'),
(1000, 20, 'Acatl&aacute;n de P&eacute;rez Figueroa'),
(1001, 20, '&aacute;nimas Trujano'),
(1002, 20, 'Asunci&oacute;n Cacalotepec'),
(1003, 20, 'Asunci&oacute;n Cuyotepeji'),
(1004, 20, 'Asunci&oacute;n Ixtaltepec'),
(1005, 20, 'Asunci&oacute;n Nochixtl&aacute;n'),
(1006, 20, 'Asunci&oacute;n Ocotl&aacute;n'),
(1007, 20, 'Asunci&oacute;n Tlacolulita'),
(1008, 20, 'Ayoquezco de Aldama'),
(1009, 20, 'Ayotzintepec'),
(1010, 20, 'Calihual&aacute;'),
(1011, 20, 'Candelaria Loxicha'),
(1012, 20, 'Capul&aacute;lpam de M&eacute;ndez'),
(1013, 20, 'Chahuites'),
(1014, 20, 'Chalcatongo de Hidalgo'),
(1015, 20, 'Chiquihuitl&aacute;n de Benito Ju&aacute;rez'),
(1016, 20, 'Ci&eacute;nega de Zimatl&aacute;n'),
(1017, 20, 'Ciudad Ixtepec'),
(1018, 20, 'Coatecas Altas'),
(1019, 20, 'Coicoy&aacute;n de las Flores'),
(1020, 20, 'Concepci&oacute;n Buenavista'),
(1021, 20, 'Concepci&oacute;n P&aacute;palo'),
(1022, 20, 'Constancia del Rosario'),
(1023, 20, 'Cosolapa'),
(1024, 20, 'Cosoltepec'),
(1025, 20, 'Cuil&aacute;pam de Guerrero'),
(1026, 20, 'Cuyamecalco Villa de Zaragoza'),
(1027, 20, 'El Barrio de la Soledad'),
(1028, 20, 'El Espinal'),
(1029, 20, 'Eloxochitl&aacute;n de Flores Mag&oacute;n'),
(1030, 20, 'Fresnillo de Trujano'),
(1031, 20, 'Guadalupe de Ram&iacute;rez'),
(1032, 20, 'Guadalupe Etla'),
(1033, 20, 'Guelatao de Ju&aacute;rez'),
(1034, 20, 'Guevea de Humboldt'),
(1035, 20, 'Heroica Ciudad de Ejutla de Crespo'),
(1036, 20, 'Heroica Ciudad de Huajuapan de Le&oacute;n'),
(1037, 20, 'Heroica Ciudad de Juchit&aacute;n de Zaragoza'),
(1038, 20, 'Heroica Ciudad de Tlaxiaco'),
(1039, 20, 'Huautepec'),
(1040, 20, 'Huautla de Jim&eacute;nez'),
(1041, 20, 'Ixpantepec Nieves'),
(1042, 20, 'Ixtl&aacute;n de Ju&aacute;rez'),
(1043, 20, 'La Compa&ntilde;&iacute;a'),
(1044, 20, 'La Pe'),
(1045, 20, 'La Reforma'),
(1046, 20, 'La Trinidad Vista Hermosa'),
(1047, 20, 'Loma Bonita'),
(1048, 20, 'Magdalena Apasco'),
(1049, 20, 'Magdalena Jaltepec'),
(1050, 20, 'Magdalena Mixtepec'),
(1051, 20, 'Magdalena Ocotl&aacute;n'),
(1052, 20, 'Magdalena Pe&ntilde;asco'),
(1053, 20, 'Magdalena Teitipac'),
(1054, 20, 'Magdalena Tequisistl&aacute;n'),
(1055, 20, 'Magdalena Tlacotepec'),
(1056, 20, 'Magdalena Yodocono de Porfirio D&iacute;az'),
(1057, 20, 'Magdalena Zahuatl&aacute;n'),
(1058, 20, 'Mariscala de Ju&aacute;rez'),
(1059, 20, 'M&aacute;rtires de Tacubaya'),
(1060, 20, 'Mat&iacute;as Romero Avenda&ntilde;o'),
(1061, 20, 'Mazatl&aacute;n Villa de Flores'),
(1062, 20, 'Mesones Hidalgo'),
(1063, 20, 'Miahuatl&aacute;n de Porfirio D&iacute;az'),
(1064, 20, 'Mixistl&aacute;n de la Reforma'),
(1065, 20, 'Monjas'),
(1066, 20, 'Natividad'),
(1067, 20, 'Nazareno Etla'),
(1068, 20, 'Nejapa de Madero'),
(1069, 20, 'Nuevo Zoqui&aacute;pam'),
(1070, 20, 'Oaxaca de Ju&aacute;rez'),
(1071, 20, 'Ocotl&aacute;n de Morelos'),
(1072, 20, 'Pinotepa de Don Luis'),
(1073, 20, 'Pluma Hidalgo'),
(1074, 20, 'Putla Villa de Guerrero'),
(1075, 20, 'Reforma de Pineda'),
(1076, 20, 'Reyes Etla'),
(1077, 20, 'Rojas de Cuauht&eacute;moc'),
(1078, 20, 'Salina Cruz'),
(1079, 20, 'San Agust&iacute;n Amatengo'),
(1080, 20, 'San Agust&iacute;n Atenango'),
(1081, 20, 'San Agust&iacute;n Chayuco'),
(1082, 20, 'San Agust&iacute;n de las Juntas'),
(1083, 20, 'San Agust&iacute;n Etla'),
(1084, 20, 'San Agust&iacute;n Loxicha'),
(1085, 20, 'San Agust&iacute;n Tlacotepec'),
(1086, 20, 'San Agust&iacute;n Yatareni'),
(1087, 20, 'San Andr&eacute;s Cabecera Nueva'),
(1088, 20, 'San Andr&eacute;s Dinicuiti'),
(1089, 20, 'San Andr&eacute;s Huaxpaltepec'),
(1090, 20, 'San Andr&eacute;s Huay&aacute;pam'),
(1091, 20, 'San Andr&eacute;s Ixtlahuaca'),
(1092, 20, 'San Andr&eacute;s Lagunas'),
(1093, 20, 'San Andr&eacute;s Nuxi&ntilde;o'),
(1094, 20, 'San Andr&eacute;s Paxtl&aacute;n'),
(1095, 20, 'San Andr&eacute;s Sinaxtla'),
(1096, 20, 'San Andr&eacute;s Solaga'),
(1097, 20, 'San Andr&eacute;s Teotil&aacute;lpam'),
(1098, 20, 'San Andr&eacute;s Tepetlapa'),
(1099, 20, 'San Andr&eacute;s Ya&aacute;'),
(1100, 20, 'San Andr&eacute;s Zabache'),
(1101, 20, 'San Andr&eacute;s Zautla'),
(1102, 20, 'San Antonino Castillo Velasco'),
(1103, 20, 'San Antonino el Alto'),
(1104, 20, 'San Antonino Monte Verde'),
(1105, 20, 'San Antonio Acutla'),
(1106, 20, 'San Antonio de la Cal'),
(1107, 20, 'San Antonio Huitepec'),
(1108, 20, 'San Antonio Nanahuat&iacute;pam'),
(1109, 20, 'San Antonio Sinicahua'),
(1110, 20, 'San Antonio Tepetlapa'),
(1111, 20, 'San Baltazar Chichic&aacute;pam'),
(1112, 20, 'San Baltazar Loxicha'),
(1113, 20, 'San Baltazar Yatzachi el Bajo'),
(1114, 20, 'San Bartolo Coyotepec'),
(1115, 20, 'San Bartolo Soyaltepec'),
(1116, 20, 'San Bartolo Yautepec'),
(1117, 20, 'San Bartolom&eacute; Ayautla'),
(1118, 20, 'San Bartolom&eacute; Loxicha'),
(1119, 20, 'San Bartolom&eacute; Quialana'),
(1120, 20, 'San Bartolom&eacute; Yucua&ntilde;e'),
(1121, 20, 'San Bartolom&eacute; Zoogocho'),
(1122, 20, 'San Bernardo Mixtepec'),
(1123, 20, 'San Blas Atempa'),
(1124, 20, 'San Carlos Yautepec'),
(1125, 20, 'San Crist&oacute;bal Amatl&aacute;n'),
(1126, 20, 'San Crist&oacute;bal Amoltepec'),
(1127, 20, 'San Crist&oacute;bal Lachirioag'),
(1128, 20, 'San Crist&oacute;bal Suchixtlahuaca'),
(1129, 20, 'San Dionisio del Mar'),
(1130, 20, 'San Dionisio Ocotepec'),
(1131, 20, 'San Dionisio Ocotl&aacute;n'),
(1132, 20, 'San Esteban Atatlahuca'),
(1133, 20, 'San Felipe Jalapa de D&iacute;az'),
(1134, 20, 'San Felipe Tejal&aacute;pam'),
(1135, 20, 'San Felipe Usila'),
(1136, 20, 'San Francisco Cahuacu&aacute;'),
(1137, 20, 'San Francisco Cajonos'),
(1138, 20, 'San Francisco Chapulapa'),
(1139, 20, 'San Francisco Chind&uacute;a'),
(1140, 20, 'San Francisco del Mar'),
(1141, 20, 'San Francisco Huehuetl&aacute;n'),
(1142, 20, 'San Francisco Ixhuat&aacute;n'),
(1143, 20, 'San Francisco Jaltepetongo'),
(1144, 20, 'San Francisco Lachigol&oacute;'),
(1145, 20, 'San Francisco Logueche'),
(1146, 20, 'San Francisco Nuxa&ntilde;o'),
(1147, 20, 'San Francisco Ozolotepec'),
(1148, 20, 'San Francisco Sola'),
(1149, 20, 'San Francisco Telixtlahuaca'),
(1150, 20, 'San Francisco Teopan'),
(1151, 20, 'San Francisco Tlapancingo'),
(1152, 20, 'San Gabriel Mixtepec'),
(1153, 20, 'San Ildefonso Amatl&aacute;n'),
(1154, 20, 'San Ildefonso Sola'),
(1155, 20, 'San Ildefonso Villa Alta'),
(1156, 20, 'San Jacinto Amilpas'),
(1157, 20, 'San Jacinto Tlacotepec'),
(1158, 20, 'San Jer&oacute;nimo Coatl&aacute;n'),
(1159, 20, 'San Jer&oacute;nimo Silacayoapilla'),
(1160, 20, 'San Jer&oacute;nimo Sosola'),
(1161, 20, 'San Jer&oacute;nimo Taviche'),
(1162, 20, 'San Jer&oacute;nimo Tec&oacute;atl'),
(1163, 20, 'San Jer&oacute;nimo Tlacochahuaya'),
(1164, 20, 'San Jorge Nuchita'),
(1165, 20, 'San Jos&eacute; Ayuquila'),
(1166, 20, 'San Jos&eacute; Chiltepec'),
(1167, 20, 'San Jos&eacute; del Pe&ntilde;asco'),
(1168, 20, 'San Jos&eacute; del Progreso'),
(1169, 20, 'San Jos&eacute; Estancia Grande'),
(1170, 20, 'San Jos&eacute; Independencia'),
(1171, 20, 'San Jos&eacute; Lachiguiri'),
(1172, 20, 'San Jos&eacute; Tenango'),
(1173, 20, 'San Juan Achiutla'),
(1174, 20, 'San Juan Atepec'),
(1175, 20, 'San Juan Bautista Atatlahuca'),
(1176, 20, 'San Juan Bautista Coixtlahuaca'),
(1177, 20, 'San Juan Bautista Cuicatl&aacute;n'),
(1178, 20, 'San Juan Bautista Guelache'),
(1179, 20, 'San Juan Bautista Jayacatl&aacute;n'),
(1180, 20, 'San Juan Bautista Lo de Soto'),
(1181, 20, 'San Juan Bautista Suchitepec'),
(1182, 20, 'San Juan Bautista Tlachichilco'),
(1183, 20, 'San Juan Bautista Tlacoatzintepec'),
(1184, 20, 'San Juan Bautista Tuxtepec'),
(1185, 20, 'San Juan Bautista Valle Nacional'),
(1186, 20, 'San Juan Cacahuatepec'),
(1187, 20, 'San Juan Chicomez&uacute;chil'),
(1188, 20, 'San Juan Chilateca'),
(1189, 20, 'San Juan Cieneguilla'),
(1190, 20, 'San Juan Coatz&oacute;spam'),
(1191, 20, 'San Juan Colorado'),
(1192, 20, 'San Juan Comaltepec'),
(1193, 20, 'San Juan Cotzoc&oacute;n'),
(1194, 20, 'San Juan de los Cu&eacute;s'),
(1195, 20, 'San Juan del Estado'),
(1196, 20, 'San Juan del R&iacute;o'),
(1197, 20, 'San Juan Diuxi'),
(1198, 20, 'San Juan Evangelista Analco'),
(1199, 20, 'San Juan Guelav&iacute;a'),
(1200, 20, 'San Juan Guichicovi'),
(1201, 20, 'San Juan Ihualtepec'),
(1202, 20, 'San Juan Juquila Mixes'),
(1203, 20, 'San Juan Juquila Vijanos'),
(1204, 20, 'San Juan Lachao'),
(1205, 20, 'San Juan Lachigalla'),
(1206, 20, 'San Juan Lajarcia'),
(1207, 20, 'San Juan Lalana'),
(1208, 20, 'San Juan Mazatl&aacute;n'),
(1209, 20, 'San Juan Mixtepec -Dto. 08 -'),
(1210, 20, 'San Juan Mixtepec -Dto. 26 -'),
(1211, 20, 'San Juan Ã‘um&iacute;'),
(1212, 20, 'San Juan Ozolotepec'),
(1213, 20, 'San Juan Petlapa'),
(1214, 20, 'San Juan Quiahije'),
(1215, 20, 'San Juan Quiotepec'),
(1216, 20, 'San Juan Sayultepec'),
(1217, 20, 'San Juan Taba&aacute;'),
(1218, 20, 'San Juan Tamazola'),
(1219, 20, 'San Juan Teita'),
(1220, 20, 'San Juan Teitipac'),
(1221, 20, 'San Juan Tepeuxila'),
(1222, 20, 'San Juan Teposcolula'),
(1223, 20, 'San Juan Yae&eacute;'),
(1224, 20, 'San Juan Yatzona'),
(1225, 20, 'San Juan Yucuita'),
(1226, 20, 'San Lorenzo'),
(1227, 20, 'San Lorenzo Albarradas'),
(1228, 20, 'San Lorenzo Cacaotepec'),
(1229, 20, 'San Lorenzo Cuaunecuiltitla'),
(1230, 20, 'San Lorenzo Texmel&uacute;can'),
(1231, 20, 'San Lorenzo Victoria'),
(1232, 20, 'San Lucas Camotl&aacute;n'),
(1233, 20, 'San Lucas Ojitl&aacute;n'),
(1234, 20, 'San Lucas Quiavin&iacute;'),
(1235, 20, 'San Lucas Zoqui&aacute;pam'),
(1236, 20, 'San Luis Amatl&aacute;n'),
(1237, 20, 'San Marcial Ozolotepec'),
(1238, 20, 'San Marcos Arteaga'),
(1239, 20, 'San Mart&iacute;n de los Cansecos'),
(1240, 20, 'San Mart&iacute;n Huamel&uacute;lpam'),
(1241, 20, 'San Mart&iacute;n Itunyoso'),
(1242, 20, 'San Mart&iacute;n Lachil&aacute;'),
(1243, 20, 'San Mart&iacute;n Peras'),
(1244, 20, 'San Mart&iacute;n Tilcajete'),
(1245, 20, 'San Mart&iacute;n Toxpalan'),
(1246, 20, 'San Mart&iacute;n Zacatepec'),
(1247, 20, 'San Mateo Cajonos'),
(1248, 20, 'San Mateo del Mar'),
(1249, 20, 'San Mateo Etlatongo'),
(1250, 20, 'San Mateo Nej&aacute;pam'),
(1251, 20, 'San Mateo Pe&ntilde;asco'),
(1252, 20, 'San Mateo Pi&ntilde;as'),
(1253, 20, 'San Mateo R&iacute;o Hondo'),
(1254, 20, 'San Mateo Sindihui'),
(1255, 20, 'San Mateo Tlapiltepec'),
(1256, 20, 'San Mateo Yoloxochitl&aacute;n'),
(1257, 20, 'San Mateo Yucutind&oacute;'),
(1258, 20, 'San Melchor Betaza'),
(1259, 20, 'San Miguel Achiutla'),
(1260, 20, 'San Miguel Ahuehuetitl&aacute;n'),
(1261, 20, 'San Miguel Alo&aacute;pam'),
(1262, 20, 'San Miguel Amatitl&aacute;n'),
(1263, 20, 'San Miguel Amatl&aacute;n'),
(1264, 20, 'San Miguel Chicahua'),
(1265, 20, 'San Miguel Chimalapa'),
(1266, 20, 'San Miguel Coatl&aacute;n'),
(1267, 20, 'San Miguel del Puerto'),
(1268, 20, 'San Miguel del R&iacute;o'),
(1269, 20, 'San Miguel Ejutla'),
(1270, 20, 'San Miguel el Grande'),
(1271, 20, 'San Miguel Huautla'),
(1272, 20, 'San Miguel Mixtepec'),
(1273, 20, 'San Miguel Panixtlahuaca'),
(1274, 20, 'San Miguel Peras'),
(1275, 20, 'San Miguel Piedras'),
(1276, 20, 'San Miguel Quetzaltepec'),
(1277, 20, 'San Miguel Santa Flor'),
(1278, 20, 'San Miguel Soyaltepec'),
(1279, 20, 'San Miguel Suchixtepec'),
(1280, 20, 'San Miguel Tecomatl&aacute;n'),
(1281, 20, 'San Miguel Tenango'),
(1282, 20, 'San Miguel Tequixtepec'),
(1283, 20, 'San Miguel Tilqui&aacute;pam'),
(1284, 20, 'San Miguel Tlacamama'),
(1285, 20, 'San Miguel Tlacotepec'),
(1286, 20, 'San Miguel Tulancingo'),
(1287, 20, 'San Miguel Yotao'),
(1288, 20, 'San Nicol&aacute;s'),
(1289, 20, 'San Nicol&aacute;s Hidalgo'),
(1290, 20, 'San Pablo Coatl&aacute;n'),
(1291, 20, 'San Pablo Cuatro Venados'),
(1292, 20, 'San Pablo Etla'),
(1293, 20, 'San Pablo Huitzo'),
(1294, 20, 'San Pablo Huixtepec'),
(1295, 20, 'San Pablo Macuiltianguis'),
(1296, 20, 'San Pablo Tijaltepec'),
(1297, 20, 'San Pablo Villa de Mitla'),
(1298, 20, 'San Pablo Yaganiza'),
(1299, 20, 'San Pedro Amuzgos'),
(1300, 20, 'San Pedro Ap&oacute;stol'),
(1301, 20, 'San Pedro Atoyac'),
(1302, 20, 'San Pedro Cajonos'),
(1303, 20, 'San Pedro Comitancillo'),
(1304, 20, 'San Pedro Coxcaltepec C&aacute;ntaros'),
(1305, 20, 'San Pedro el Alto'),
(1306, 20, 'San Pedro Huamelula'),
(1307, 20, 'San Pedro Huilotepec'),
(1308, 20, 'San Pedro Ixcatl&aacute;n'),
(1309, 20, 'San Pedro Ixtlahuaca'),
(1310, 20, 'San Pedro Jaltepetongo'),
(1311, 20, 'San Pedro Jicay&aacute;n'),
(1312, 20, 'San Pedro Jocotipac'),
(1313, 20, 'San Pedro Juchatengo'),
(1314, 20, 'San Pedro M&aacute;rtir'),
(1315, 20, 'San Pedro M&aacute;rtir Quiechapa'),
(1316, 20, 'San Pedro M&aacute;rtir Yucuxaco'),
(1317, 20, 'San Pedro Mixtepec -Dto. 22 -'),
(1318, 20, 'San Pedro Mixtepec -Dto. 26 -'),
(1319, 20, 'San Pedro Molinos'),
(1320, 20, 'San Pedro Nopala'),
(1321, 20, 'San Pedro Ocopetatillo'),
(1322, 20, 'San Pedro Ocotepec'),
(1323, 20, 'San Pedro Pochutla'),
(1324, 20, 'San Pedro Quiatoni'),
(1325, 20, 'San Pedro Sochi&aacute;pam'),
(1326, 20, 'San Pedro Tapanatepec'),
(1327, 20, 'San Pedro Taviche'),
(1328, 20, 'San Pedro Teozacoalco'),
(1329, 20, 'San Pedro Teutila'),
(1330, 20, 'San Pedro Tida&aacute;'),
(1331, 20, 'San Pedro Topiltepec'),
(1332, 20, 'San Pedro Totol&aacute;pam'),
(1333, 20, 'San Pedro y San Pablo Ayutla'),
(1334, 20, 'San Pedro y San Pablo Teposcolula'),
(1335, 20, 'San Pedro y San Pablo Tequixtepec'),
(1336, 20, 'San Pedro Yaneri'),
(1337, 20, 'San Pedro Y&oacute;lox'),
(1338, 20, 'San Pedro Yucunama'),
(1339, 20, 'San Raymundo Jalpan'),
(1340, 20, 'San Sebasti&aacute;n Abasolo'),
(1341, 20, 'San Sebasti&aacute;n Coatl&aacute;n'),
(1342, 20, 'San Sebasti&aacute;n Ixcapa'),
(1343, 20, 'San Sebasti&aacute;n Nicananduta'),
(1344, 20, 'San Sebasti&aacute;n R&iacute;o Hondo'),
(1345, 20, 'San Sebasti&aacute;n Tecomaxtlahuaca'),
(1346, 20, 'San Sebasti&aacute;n Teitipac'),
(1347, 20, 'San Sebasti&aacute;n Tutla'),
(1348, 20, 'San Sim&oacute;n Almolongas'),
(1349, 20, 'San Sim&oacute;n Zahuatl&aacute;n'),
(1350, 20, 'San Vicente Coatl&aacute;n'),
(1351, 20, 'San Vicente Lachix&iacute;o'),
(1352, 20, 'San Vicente Nu&ntilde;&uacute;'),
(1353, 20, 'Santa Ana'),
(1354, 20, 'Santa Ana Ateixtlahuaca'),
(1355, 20, 'Santa Ana Cuauht&eacute;moc'),
(1356, 20, 'Santa Ana del Valle'),
(1357, 20, 'Santa Ana Tavela'),
(1358, 20, 'Santa Ana Tlapacoyan'),
(1359, 20, 'Santa Ana Yareni'),
(1360, 20, 'Santa Ana Zegache'),
(1361, 20, 'Santa Catalina Quier&iacute;'),
(1362, 20, 'Santa Catarina Cuixtla'),
(1363, 20, 'Santa Catarina Ixtepeji'),
(1364, 20, 'Santa Catarina Juquila'),
(1365, 20, 'Santa Catarina Lachatao'),
(1366, 20, 'Santa Catarina Loxicha'),
(1367, 20, 'Santa Catarina Mechoac&aacute;n'),
(1368, 20, 'Santa Catarina Minas'),
(1369, 20, 'Santa Catarina Quian&eacute;'),
(1370, 20, 'Santa Catarina Quioquitani'),
(1371, 20, 'Santa Catarina Tayata'),
(1372, 20, 'Santa Catarina Ticu&aacute;'),
(1373, 20, 'Santa Catarina Yosonot&uacute;'),
(1374, 20, 'Santa Catarina Zapoquila'),
(1375, 20, 'Santa Cruz Acatepec'),
(1376, 20, 'Santa Cruz Amilpas'),
(1377, 20, 'Santa Cruz de Bravo'),
(1378, 20, 'Santa Cruz Itundujia'),
(1379, 20, 'Santa Cruz Mixtepec'),
(1380, 20, 'Santa Cruz Nundaco'),
(1381, 20, 'Santa Cruz Papalutla'),
(1382, 20, 'Santa Cruz Tacache de Mina'),
(1383, 20, 'Santa Cruz Tacahua'),
(1384, 20, 'Santa Cruz Tayata'),
(1385, 20, 'Santa Cruz Xitla'),
(1386, 20, 'Santa Cruz Xoxocotl&aacute;n'),
(1387, 20, 'Santa Cruz Zenzontepec'),
(1388, 20, 'Santa Gertrudis'),
(1389, 20, 'Santa In&eacute;s de Zaragoza'),
(1390, 20, 'Santa In&eacute;s del Monte'),
(1391, 20, 'Santa In&eacute;s Yatzeche'),
(1392, 20, 'Santa Luc&iacute;a del Camino'),
(1393, 20, 'Santa Luc&iacute;a Miahuatl&aacute;n'),
(1394, 20, 'Santa Luc&iacute;a Monteverde'),
(1395, 20, 'Santa Luc&iacute;a Ocotl&aacute;n'),
(1396, 20, 'Santa Magdalena Jicotl&aacute;n'),
(1397, 20, 'Santa Mar&iacute;a Alotepec'),
(1398, 20, 'Santa Mar&iacute;a Apazco'),
(1399, 20, 'Santa Mar&iacute;a Atzompa'),
(1400, 20, 'Santa Mar&iacute;a Camotl&aacute;n'),
(1401, 20, 'Santa Mar&iacute;a Chacho&aacute;pam'),
(1402, 20, 'Santa Mar&iacute;a Chilchotla'),
(1403, 20, 'Santa Mar&iacute;a Chimalapa'),
(1404, 20, 'Santa Mar&iacute;a Colotepec'),
(1405, 20, 'Santa Mar&iacute;a Cortijo'),
(1406, 20, 'Santa Mar&iacute;a Coyotepec'),
(1407, 20, 'Santa Mar&iacute;a del Rosario'),
(1408, 20, 'Santa Mar&iacute;a del Tule'),
(1409, 20, 'Santa Mar&iacute;a Ecatepec'),
(1410, 20, 'Santa Mar&iacute;a Guelac&eacute;'),
(1411, 20, 'Santa Mar&iacute;a Guienagati'),
(1412, 20, 'Santa Mar&iacute;a Huatulco'),
(1413, 20, 'Santa Mar&iacute;a Huazolotitl&aacute;n'),
(1414, 20, 'Santa Mar&iacute;a Ipalapa'),
(1415, 20, 'Santa Mar&iacute;a Ixcatl&aacute;n'),
(1416, 20, 'Santa Mar&iacute;a Jacatepec'),
(1417, 20, 'Santa Mar&iacute;a Jalapa del Marqu&eacute;s'),
(1418, 20, 'Santa Mar&iacute;a Jaltianguis'),
(1419, 20, 'Santa Mar&iacute;a la Asunci&oacute;n'),
(1420, 20, 'Santa Mar&iacute;a Lachix&iacute;o'),
(1421, 20, 'Santa Mar&iacute;a Mixtequilla'),
(1422, 20, 'Santa Mar&iacute;a Nativitas'),
(1423, 20, 'Santa Mar&iacute;a Nduayaco'),
(1424, 20, 'Santa Mar&iacute;a Ozolotepec'),
(1425, 20, 'Santa Mar&iacute;a P&aacute;palo'),
(1426, 20, 'Santa Mar&iacute;a Pe&ntilde;oles'),
(1427, 20, 'Santa Mar&iacute;a Petapa'),
(1428, 20, 'Santa Mar&iacute;a Quiegolani'),
(1429, 20, 'Santa Mar&iacute;a Sola'),
(1430, 20, 'Santa Mar&iacute;a Tataltepec'),
(1431, 20, 'Santa Mar&iacute;a Tecomavaca'),
(1432, 20, 'Santa Mar&iacute;a Temaxcalapa'),
(1433, 20, 'Santa Mar&iacute;a Temaxcaltepec'),
(1434, 20, 'Santa Mar&iacute;a Teopoxco'),
(1435, 20, 'Santa Mar&iacute;a Tepantlali'),
(1436, 20, 'Santa Mar&iacute;a Texcatitl&aacute;n'),
(1437, 20, 'Santa Mar&iacute;a Tlahuitoltepec'),
(1438, 20, 'Santa Mar&iacute;a Tlalixtac'),
(1439, 20, 'Santa Mar&iacute;a Tonameca'),
(1440, 20, 'Santa Mar&iacute;a Totolapilla'),
(1441, 20, 'Santa Mar&iacute;a Xadani'),
(1442, 20, 'Santa Mar&iacute;a Yalina'),
(1443, 20, 'Santa Mar&iacute;a Yaves&iacute;a'),
(1444, 20, 'Santa Mar&iacute;a Yolotepec'),
(1445, 20, 'Santa Mar&iacute;a Yosoy&uacute;a'),
(1446, 20, 'Santa Mar&iacute;a Yucuhiti'),
(1447, 20, 'Santa Mar&iacute;a Zacatepec'),
(1448, 20, 'Santa Mar&iacute;a Zaniza'),
(1449, 20, 'Santa Mar&iacute;a Zoquitl&aacute;n'),
(1450, 20, 'Santiago Amoltepec'),
(1451, 20, 'Santiago Apoala'),
(1452, 20, 'Santiago Ap&oacute;stol'),
(1453, 20, 'Santiago Astata'),
(1454, 20, 'Santiago Atitl&aacute;n'),
(1455, 20, 'Santiago Ayuquililla'),
(1456, 20, 'Santiago Cacaloxtepec'),
(1457, 20, 'Santiago Camotl&aacute;n'),
(1458, 20, 'Santiago Chazumba'),
(1459, 20, 'Santiago Cho&aacute;pam'),
(1460, 20, 'Santiago Comaltepec'),
(1461, 20, 'Santiago del R&iacute;o'),
(1462, 20, 'Santiago Huajolotitl&aacute;n'),
(1463, 20, 'Santiago Huauclilla'),
(1464, 20, 'Santiago Ihuitl&aacute;n Plumas'),
(1465, 20, 'Santiago Ixcuintepec'),
(1466, 20, 'Santiago Ixtayutla'),
(1467, 20, 'Santiago Jamiltepec'),
(1468, 20, 'Santiago Jocotepec'),
(1469, 20, 'Santiago Juxtlahuaca'),
(1470, 20, 'Santiago Lachiguiri'),
(1471, 20, 'Santiago Lalopa'),
(1472, 20, 'Santiago Laollaga'),
(1473, 20, 'Santiago Laxopa'),
(1474, 20, 'Santiago Llano Grande'),
(1475, 20, 'Santiago Matatl&aacute;n'),
(1476, 20, 'Santiago Miltepec'),
(1477, 20, 'Santiago Minas'),
(1478, 20, 'Santiago Nacaltepec'),
(1479, 20, 'Santiago Nejapilla'),
(1480, 20, 'Santiago Niltepec'),
(1481, 20, 'Santiago Nundiche'),
(1482, 20, 'Santiago Nuyo&oacute;'),
(1483, 20, 'Santiago Pinotepa Nacional'),
(1484, 20, 'Santiago Suchilquitongo'),
(1485, 20, 'Santiago Tamazola'),
(1486, 20, 'Santiago Tapextla'),
(1487, 20, 'Santiago Tenango'),
(1488, 20, 'Santiago Tepetlapa'),
(1489, 20, 'Santiago Tetepec'),
(1490, 20, 'Santiago Texcalcingo'),
(1491, 20, 'Santiago Textitl&aacute;n'),
(1492, 20, 'Santiago Tilantongo'),
(1493, 20, 'Santiago Tillo'),
(1494, 20, 'Santiago Tlazoyaltepec'),
(1495, 20, 'Santiago Xanica'),
(1496, 20, 'Santiago Xiacu&iacute;'),
(1497, 20, 'Santiago Yaitepec'),
(1498, 20, 'Santiago Yaveo'),
(1499, 20, 'Santiago Yolom&eacute;catl'),
(1500, 20, 'Santiago Yosond&uacute;a'),
(1501, 20, 'Santiago Yucuyachi'),
(1502, 20, 'Santiago Zacatepec'),
(1503, 20, 'Santiago Zoochila'),
(1504, 20, 'Santo Domingo Albarradas'),
(1505, 20, 'Santo Domingo Armenta'),
(1506, 20, 'Santo Domingo Chihuit&aacute;n'),
(1507, 20, 'Santo Domingo de Morelos'),
(1508, 20, 'Santo Domingo Ingenio'),
(1509, 20, 'Santo Domingo Ixcatl&aacute;n'),
(1510, 20, 'Santo Domingo Nuxa&aacute;'),
(1511, 20, 'Santo Domingo Ozolotepec'),
(1512, 20, 'Santo Domingo Petapa'),
(1513, 20, 'Santo Domingo Roayaga'),
(1514, 20, 'Santo Domingo Tehuantepec'),
(1515, 20, 'Santo Domingo Teojomulco'),
(1516, 20, 'Santo Domingo Tepuxtepec'),
(1517, 20, 'Santo Domingo Tlatay&aacute;pam'),
(1518, 20, 'Santo Domingo Tomaltepec'),
(1519, 20, 'Santo Domingo Tonal&aacute;'),
(1520, 20, 'Santo Domingo Tonaltepec'),
(1521, 20, 'Santo Domingo Xagac&iacute;a'),
(1522, 20, 'Santo Domingo Yanhuitl&aacute;n'),
(1523, 20, 'Santo Domingo Yodohino'),
(1524, 20, 'Santo Domingo Zanatepec'),
(1525, 20, 'Santo Tom&aacute;s Jalieza'),
(1526, 20, 'Santo Tom&aacute;s Mazaltepec'),
(1527, 20, 'Santo Tom&aacute;s Ocotepec'),
(1528, 20, 'Santo Tom&aacute;s Tamazulapan'),
(1529, 20, 'Santos Reyes Nopala'),
(1530, 20, 'Santos Reyes P&aacute;palo'),
(1531, 20, 'Santos Reyes Tepejillo'),
(1532, 20, 'Santos Reyes Yucun&aacute;'),
(1533, 20, 'Silacayo&aacute;pam'),
(1534, 20, 'Sitio de Xitlapehua'),
(1535, 20, 'Soledad Etla'),
(1536, 20, 'Tamazul&aacute;pam del Esp&iacute;ritu Santo'),
(1537, 20, 'Tanetze de Zaragoza'),
(1538, 20, 'Taniche'),
(1539, 20, 'Tataltepec de Vald&eacute;s'),
(1540, 20, 'Teococuilco de Marcos P&eacute;rez'),
(1541, 20, 'Teotitl&aacute;n de Flores Mag&oacute;n'),
(1542, 20, 'Teotitl&aacute;n del Valle'),
(1543, 20, 'Teotongo'),
(1544, 20, 'Tepelmeme Villa de Morelos'),
(1545, 20, 'Tezoatl&aacute;n de Segura y Luna'),
(1546, 20, 'Tlacolula de Matamoros'),
(1547, 20, 'Tlacotepec Plumas'),
(1548, 20, 'Tlalixtac de Cabrera'),
(1549, 20, 'Totontepec Villa de Morelos'),
(1550, 20, 'Trinidad Zaachila'),
(1551, 20, 'Uni&oacute;n Hidalgo'),
(1552, 20, 'Valerio Trujano'),
(1553, 20, 'Villa de Chilapa de D&iacute;az'),
(1554, 20, 'Villa de Etla'),
(1555, 20, 'Villa de Tamazul&aacute;pam del Progreso'),
(1556, 20, 'Villa de Tututepec de Melchor Ocampo'),
(1557, 20, 'Villa de Zaachila'),
(1558, 20, 'Villa D&iacute;az Ordaz'),
(1559, 20, 'Villa Hidalgo'),
(1560, 20, 'Villa Sola de Vega'),
(1561, 20, 'Villa Talea de Castro'),
(1562, 20, 'Villa Tej&uacute;pam de la Uni&oacute;n'),
(1563, 20, 'Yaxe'),
(1564, 20, 'Yogana'),
(1565, 20, 'Yutanduchi de Guerrero'),
(1566, 20, 'Zapotitl&aacute;n Lagunas'),
(1567, 20, 'Zapotitl&aacute;n Palmas'),
(1568, 20, 'Zimatl&aacute;n de &aacute;lvarez'),
(1569, 21, 'Acajete'),
(1570, 21, 'Acateno'),
(1571, 21, 'Acatl&aacute;n'),
(1572, 21, 'Acatzingo'),
(1573, 21, 'Acteopan'),
(1574, 21, 'Ahuacatl&aacute;n'),
(1575, 21, 'Ahuatl&aacute;n'),
(1576, 21, 'Ahuazotepec'),
(1577, 21, 'Ahuehuetitla'),
(1578, 21, 'Ajalpan'),
(1579, 21, 'Albino Zertuche'),
(1580, 21, 'Aljojuca'),
(1581, 21, 'Altepexi'),
(1582, 21, 'Amixtl&aacute;n'),
(1583, 21, 'Amozoc'),
(1584, 21, 'Aquixtla'),
(1585, 21, 'Atempan'),
(1586, 21, 'Atexcal'),
(1587, 21, 'Atlequizayan'),
(1588, 21, 'Atlixco'),
(1589, 21, 'Atoyatempan'),
(1590, 21, 'Atzala'),
(1591, 21, 'Atzitzihuac&aacute;n'),
(1592, 21, 'Atzitzintla'),
(1593, 21, 'Axutla'),
(1594, 21, 'Ayotoxco de Guerrero'),
(1595, 21, 'Calpan'),
(1596, 21, 'Caltepec'),
(1597, 21, 'Camocuautla'),
(1598, 21, 'Ca&ntilde;ada Morelos'),
(1599, 21, 'Caxhuacan'),
(1600, 21, 'Chalchicomula de Sesma'),
(1601, 21, 'Chapulco'),
(1602, 21, 'Chiautla'),
(1603, 21, 'Chiautzingo'),
(1604, 21, 'Chichiquila'),
(1605, 21, 'Chiconcuautla'),
(1606, 21, 'Chietla'),
(1607, 21, 'Chigmecatitl&aacute;n'),
(1608, 21, 'Chignahuapan'),
(1609, 21, 'Chignautla'),
(1610, 21, 'Chila'),
(1611, 21, 'Chila de la Sal'),
(1612, 21, 'Chilchotla'),
(1613, 21, 'Chinantla'),
(1614, 21, 'Coatepec'),
(1615, 21, 'Coatzingo'),
(1616, 21, 'Cohetzala'),
(1617, 21, 'Cohuecan'),
(1618, 21, 'Coronango'),
(1619, 21, 'Coxcatl&aacute;n'),
(1620, 21, 'Coyomeapan'),
(1621, 21, 'Coyotepec'),
(1622, 21, 'Cuapiaxtla de Madero'),
(1623, 21, 'Cuautempan'),
(1624, 21, 'Cuautinch&aacute;n'),
(1625, 21, 'Cuautlancingo'),
(1626, 21, 'Cuayuca de Andrade'),
(1627, 21, 'Cuetzalan del Progreso'),
(1628, 21, 'Cuyoaco'),
(1629, 21, 'Domingo Arenas'),
(1630, 21, 'Eloxochitl&aacute;n'),
(1631, 21, 'Epatl&aacute;n'),
(1632, 21, 'Esperanza'),
(1633, 21, 'Francisco Z. Mena'),
(1634, 21, 'General Felipe &aacute;ngeles'),
(1635, 21, 'Guadalupe'),
(1636, 21, 'Guadalupe Victoria'),
(1637, 21, 'Hermenegildo Galeana'),
(1638, 21, 'Honey');
INSERT INTO `c_delegacion_municipio` (`fl_delegacion_municipio`, `fl_estado`, `nb_delegacion_municipio`) VALUES
(1639, 21, 'Huaquechula'),
(1640, 21, 'Huatlatlauca'),
(1641, 21, 'Huauchinango'),
(1642, 21, 'Huehuetla'),
(1643, 21, 'Huehuetl&aacute;n el Chico'),
(1644, 21, 'Huehuetl&aacute;n el Grande'),
(1645, 21, 'Huejotzingo'),
(1646, 21, 'Hueyapan'),
(1647, 21, 'Hueytamalco'),
(1648, 21, 'Hueytlalpan'),
(1649, 21, 'Huitzilan de Serd&aacute;n'),
(1650, 21, 'Huitziltepec'),
(1651, 21, 'Ixcamilpa de Guerrero'),
(1652, 21, 'Ixcaquixtla'),
(1653, 21, 'Ixtacamaxtitl&aacute;n'),
(1654, 21, 'Ixtepec'),
(1655, 21, 'Iz&uacute;car de Matamoros'),
(1656, 21, 'Jalpan'),
(1657, 21, 'Jolalpan'),
(1658, 21, 'Jonotla'),
(1659, 21, 'Jopala'),
(1660, 21, 'Juan C. Bonilla'),
(1661, 21, 'Juan Galindo'),
(1662, 21, 'Juan N. M&eacute;ndez'),
(1663, 21, 'La Magdalena Tlatlauquitepec'),
(1664, 21, 'Lafragua'),
(1665, 21, 'Libres'),
(1666, 21, 'Los Reyes de Ju&aacute;rez'),
(1667, 21, 'Mazapiltepec de Ju&aacute;rez'),
(1668, 21, 'Mixtla'),
(1669, 21, 'Molcaxac'),
(1670, 21, 'Naupan'),
(1671, 21, 'Nauzontla'),
(1672, 21, 'Nealtican'),
(1673, 21, 'Nicol&aacute;s Bravo'),
(1674, 21, 'Nopalucan'),
(1675, 21, 'Ocotepec'),
(1676, 21, 'Ocoyucan'),
(1677, 21, 'Olintla'),
(1678, 21, 'Oriental'),
(1679, 21, 'Pahuatl&aacute;n'),
(1680, 21, 'Palmar de Bravo'),
(1681, 21, 'Pantepec'),
(1682, 21, 'Petlalcingo'),
(1683, 21, 'Piaxtla'),
(1684, 21, 'Puebla'),
(1685, 21, 'Quecholac'),
(1686, 21, 'Quimixtl&aacute;n'),
(1687, 21, 'Rafael Lara Grajales'),
(1688, 21, 'San Andr&eacute;s Cholula'),
(1689, 21, 'San Antonio Ca&ntilde;ada'),
(1690, 21, 'San Diego la Mesa Tochimiltzingo'),
(1691, 21, 'San Felipe Teotlalcingo'),
(1692, 21, 'San Felipe Tepatl&aacute;n'),
(1693, 21, 'San Gabriel Chilac'),
(1694, 21, 'San Gregorio Atzompa'),
(1695, 21, 'San Jer&oacute;nimo Tecuanipan'),
(1696, 21, 'San Jer&oacute;nimo Xayacatl&aacute;n'),
(1697, 21, 'San Jos&eacute; Chiapa'),
(1698, 21, 'San Jos&eacute; Miahuatl&aacute;n'),
(1699, 21, 'San Juan Atenco'),
(1700, 21, 'San Juan Atzompa'),
(1701, 21, 'San Mart&iacute;n Texmelucan'),
(1702, 21, 'San Mart&iacute;n Totoltepec'),
(1703, 21, 'San Mat&iacute;as Tlalancaleca'),
(1704, 21, 'San Miguel Ixitl&aacute;n'),
(1705, 21, 'San Miguel Xoxtla'),
(1706, 21, 'San Nicol&aacute;s Buenos Aires'),
(1707, 21, 'San Nicol&aacute;s de los Ranchos'),
(1708, 21, 'San Pablo Anicano'),
(1709, 21, 'San Pedro Cholula'),
(1710, 21, 'San Pedro Yeloixtlahuaca'),
(1711, 21, 'San Salvador el Seco'),
(1712, 21, 'San Salvador el Verde'),
(1713, 21, 'San Salvador Huixcolotla'),
(1714, 21, 'San Sebasti&aacute;n Tlacotepec'),
(1715, 21, 'Santa Catarina Tlaltempan'),
(1716, 21, 'Santa In&eacute;s Ahuatempan'),
(1717, 21, 'Santa Isabel Cholula'),
(1718, 21, 'Santiago Miahuatl&aacute;n'),
(1719, 21, 'Santo Tom&aacute;s Hueyotlipan'),
(1720, 21, 'Soltepec'),
(1721, 21, 'Tecali de Herrera'),
(1722, 21, 'Tecamachalco'),
(1723, 21, 'Tecomatl&aacute;n'),
(1724, 21, 'Tehuac&aacute;n'),
(1725, 21, 'Tehuitzingo'),
(1726, 21, 'Tenampulco'),
(1727, 21, 'Teopantl&aacute;n'),
(1728, 21, 'Teotlalco'),
(1729, 21, 'Tepanco de L&oacute;pez'),
(1730, 21, 'Tepango de Rodr&iacute;guez'),
(1731, 21, 'Tepatlaxco de Hidalgo'),
(1732, 21, 'Tepeaca'),
(1733, 21, 'Tepemaxalco'),
(1734, 21, 'Tepeojuma'),
(1735, 21, 'Tepetzintla'),
(1736, 21, 'Tepexco'),
(1737, 21, 'Tepexi de Rodr&iacute;guez'),
(1738, 21, 'Tepeyahualco'),
(1739, 21, 'Tepeyahualco de Cuauht&eacute;moc'),
(1740, 21, 'Tetela de Ocampo'),
(1741, 21, 'Teteles de Avila Castillo'),
(1742, 21, 'Teziutl&aacute;n'),
(1743, 21, 'Tianguismanalco'),
(1744, 21, 'Tilapa'),
(1745, 21, 'Tlachichuca'),
(1746, 21, 'Tlacotepec de Benito Ju&aacute;rez'),
(1747, 21, 'Tlacuilotepec'),
(1748, 21, 'Tlahuapan'),
(1749, 21, 'Tlaltenango'),
(1750, 21, 'Tlanepantla'),
(1751, 21, 'Tlaola'),
(1752, 21, 'Tlapacoya'),
(1753, 21, 'Tlapanal&aacute;'),
(1754, 21, 'Tlatlauquitepec'),
(1755, 21, 'Tlaxco'),
(1756, 21, 'Tochimilco'),
(1757, 21, 'Tochtepec'),
(1758, 21, 'Totoltepec de Guerrero'),
(1759, 21, 'Tulcingo'),
(1760, 21, 'Tuzamapan de Galeana'),
(1761, 21, 'Tzicatlacoyan'),
(1762, 21, 'Venustiano Carranza'),
(1763, 21, 'Vicente Guerrero'),
(1764, 21, 'Xayacatl&aacute;n de Bravo'),
(1765, 21, 'Xicotepec'),
(1766, 21, 'Xicotl&aacute;n'),
(1767, 21, 'Xiutetelco'),
(1768, 21, 'Xochiapulco'),
(1769, 21, 'Xochiltepec'),
(1770, 21, 'Xochitl&aacute;n de Vicente Su&aacute;rez'),
(1771, 21, 'Xochitl&aacute;n Todos Santos'),
(1772, 21, 'Yaon&aacute;huac'),
(1773, 21, 'Yehualtepec'),
(1774, 21, 'Zacapala'),
(1775, 21, 'Zacapoaxtla'),
(1776, 21, 'Zacatl&aacute;n'),
(1777, 21, 'Zapotitl&aacute;n'),
(1778, 21, 'Zapotitl&aacute;n de M&eacute;ndez'),
(1779, 21, 'Zaragoza'),
(1780, 21, 'Zautla'),
(1781, 21, 'Zihuateutla'),
(1782, 21, 'Zinacatepec'),
(1783, 21, 'Zongozotla'),
(1784, 21, 'Zoquiapan'),
(1785, 21, 'Zoquitl&aacute;n'),
(1786, 22, 'Amealco de Bonfil'),
(1787, 22, 'Arroyo Seco'),
(1788, 22, 'Cadereyta de Montes'),
(1789, 22, 'Col&oacute;n'),
(1790, 22, 'Corregidora'),
(1791, 22, 'El Marqu&eacute;s'),
(1792, 22, 'Ezequiel Montes'),
(1793, 22, 'Huimilpan'),
(1794, 22, 'Jalpan de Serra'),
(1795, 22, 'Landa de Matamoros'),
(1796, 22, 'Pedro Escobedo'),
(1797, 22, 'Pe&ntilde;amiller'),
(1798, 22, 'Pinal de Amoles'),
(1799, 22, 'Quer&eacute;taro'),
(1800, 22, 'San Joaqu&iacute;n'),
(1801, 22, 'San Juan del R&iacute;o'),
(1802, 22, 'Tequisquiapan'),
(1803, 22, 'Tolim&aacute;n'),
(1804, 23, 'Bacalar'),
(1805, 23, 'Benito Ju&aacute;rez'),
(1806, 23, 'Cozumel'),
(1807, 23, 'Felipe Carrillo Puerto'),
(1808, 23, 'Isla Mujeres'),
(1809, 23, 'Jos&eacute; Mar&iacute;a Morelos'),
(1810, 23, 'L&aacute;zaro C&aacute;rdenas'),
(1811, 23, 'Oth&oacute;n P. Blanco'),
(1812, 23, 'Solidaridad'),
(1813, 23, 'Tulum'),
(1814, 24, 'Ahualulco'),
(1815, 24, 'Alaquines'),
(1816, 24, 'Aquism&oacute;n'),
(1817, 24, 'Armadillo de los Infante'),
(1818, 24, 'Axtla de Terrazas'),
(1819, 24, 'C&aacute;rdenas'),
(1820, 24, 'Catorce'),
(1821, 24, 'Cedral'),
(1822, 24, 'Cerritos'),
(1823, 24, 'Cerro de San Pedro'),
(1824, 24, 'Charcas'),
(1825, 24, 'Ciudad del Ma&iacute;z'),
(1826, 24, 'Ciudad Fern&aacute;ndez'),
(1827, 24, 'Ciudad Valles'),
(1828, 24, 'Coxcatl&aacute;n'),
(1829, 24, 'Ebano'),
(1830, 24, 'El Naranjo'),
(1831, 24, 'Guadalc&aacute;zar'),
(1832, 24, 'Huehuetl&aacute;n'),
(1833, 24, 'Lagunillas'),
(1834, 24, 'Matehuala'),
(1835, 24, 'Matlapa'),
(1836, 24, 'Mexquitic de Carmona'),
(1837, 24, 'Moctezuma'),
(1838, 24, 'Ray&oacute;n'),
(1839, 24, 'Rioverde'),
(1840, 24, 'Salinas'),
(1841, 24, 'San Antonio'),
(1842, 24, 'San Ciro de Acosta'),
(1843, 24, 'San Luis Potos&iacute;'),
(1844, 24, 'San Mart&iacute;n Chalchicuautla'),
(1845, 24, 'San Nicol&aacute;s Tolentino'),
(1846, 24, 'San Vicente Tancuayalab'),
(1847, 24, 'Santa Catarina'),
(1848, 24, 'Santa Mar&iacute;a del R&iacute;o'),
(1849, 24, 'Santo Domingo'),
(1850, 24, 'Soledad de Graciano S&aacute;nchez'),
(1851, 24, 'Tamasopo'),
(1852, 24, 'Tamazunchale'),
(1853, 24, 'Tampac&aacute;n'),
(1854, 24, 'Tampamol&oacute;n Corona'),
(1855, 24, 'Tamu&iacute;n'),
(1856, 24, 'Tancanhuitz'),
(1857, 24, 'Tanlaj&aacute;s'),
(1858, 24, 'Tanqui&aacute;n de Escobedo'),
(1859, 24, 'Tierra Nueva'),
(1860, 24, 'Vanegas'),
(1861, 24, 'Venado'),
(1862, 24, 'Villa de Arista'),
(1863, 24, 'Villa de Arriaga'),
(1864, 24, 'Villa de Guadalupe'),
(1865, 24, 'Villa de la Paz'),
(1866, 24, 'Villa de Ramos'),
(1867, 24, 'Villa de Reyes'),
(1868, 24, 'Villa Hidalgo'),
(1869, 24, 'Villa Ju&aacute;rez'),
(1870, 24, 'Xilitla'),
(1871, 24, 'Zaragoza'),
(1872, 25, 'Ahome'),
(1873, 25, 'Angostura'),
(1874, 25, 'Badiraguato'),
(1875, 25, 'Choix'),
(1876, 25, 'Concordia'),
(1877, 25, 'Cosal&aacute;'),
(1878, 25, 'Culiac&aacute;n'),
(1879, 25, 'El Fuerte'),
(1880, 25, 'Elota'),
(1881, 25, 'Escuinapa'),
(1882, 25, 'Guasave'),
(1883, 25, 'Mazatl&aacute;n'),
(1884, 25, 'Mocorito'),
(1885, 25, 'Navolato'),
(1886, 25, 'Rosario'),
(1887, 25, 'Salvador Alvarado'),
(1888, 25, 'San Ignacio'),
(1889, 25, 'Sinaloa'),
(1890, 26, 'Aconchi'),
(1891, 26, 'Agua Prieta'),
(1892, 26, 'Alamos'),
(1893, 26, 'Altar'),
(1894, 26, 'Arivechi'),
(1895, 26, 'Arizpe'),
(1896, 26, 'Atil'),
(1897, 26, 'Bacad&eacute;huachi'),
(1898, 26, 'Bacanora'),
(1899, 26, 'Bacerac'),
(1900, 26, 'Bacoachi'),
(1901, 26, 'B&aacute;cum'),
(1902, 26, 'Ban&aacute;michi'),
(1903, 26, 'Bavi&aacute;cora'),
(1904, 26, 'Bavispe'),
(1905, 26, 'Benito Ju&aacute;rez'),
(1906, 26, 'Benjam&iacute;n Hill'),
(1907, 26, 'Caborca'),
(1908, 26, 'Cajeme'),
(1909, 26, 'Cananea'),
(1910, 26, 'Carb&oacute;'),
(1911, 26, 'Cucurpe'),
(1912, 26, 'Cumpas'),
(1913, 26, 'Divisaderos'),
(1914, 26, 'Empalme'),
(1915, 26, 'Etchojoa'),
(1916, 26, 'Fronteras'),
(1917, 26, 'General Plutarco El&iacute;as Calles'),
(1918, 26, 'Granados'),
(1919, 26, 'Guaymas'),
(1920, 26, 'Hermosillo'),
(1921, 26, 'Huachinera'),
(1922, 26, 'Hu&aacute;sabas'),
(1923, 26, 'Huatabampo'),
(1924, 26, 'Hu&eacute;pac'),
(1925, 26, 'Imuris'),
(1926, 26, 'La Colorada'),
(1927, 26, 'Magdalena'),
(1928, 26, 'Mazat&aacute;n'),
(1929, 26, 'Moctezuma'),
(1930, 26, 'Naco'),
(1931, 26, 'N&aacute;cori Chico'),
(1932, 26, 'Nacozari de Garc&iacute;a'),
(1933, 26, 'Navojoa'),
(1934, 26, 'Nogales'),
(1935, 26, 'Onavas'),
(1936, 26, 'Opodepe'),
(1937, 26, 'Oquitoa'),
(1938, 26, 'Pitiquito'),
(1939, 26, 'Puerto Pe&ntilde;asco'),
(1940, 26, 'Quiriego'),
(1941, 26, 'Ray&oacute;n'),
(1942, 26, 'Rosario'),
(1943, 26, 'Sahuaripa'),
(1944, 26, 'San Felipe de Jes&uacute;s'),
(1945, 26, 'San Ignacio R&iacute;o Muerto'),
(1946, 26, 'San Javier'),
(1947, 26, 'San Luis R&iacute;o Colorado'),
(1948, 26, 'San Miguel de Horcasitas'),
(1949, 26, 'San Pedro de la Cueva'),
(1950, 26, 'Santa Ana'),
(1951, 26, 'Santa Cruz'),
(1952, 26, 'S&aacute;ric'),
(1953, 26, 'Soyopa'),
(1954, 26, 'Suaqui Grande'),
(1955, 26, 'Tepache'),
(1956, 26, 'Trincheras'),
(1957, 26, 'Tubutama'),
(1958, 26, 'Ures'),
(1959, 26, 'Villa Hidalgo'),
(1960, 26, 'Villa Pesqueira'),
(1961, 26, 'Y&eacute;cora'),
(1962, 27, 'Balanc&aacute;n'),
(1963, 27, 'C&aacute;rdenas'),
(1964, 27, 'Centla'),
(1965, 27, 'Centro'),
(1966, 27, 'Comalcalco'),
(1967, 27, 'Cunduac&aacute;n'),
(1968, 27, 'Emiliano Zapata'),
(1969, 27, 'Huimanguillo'),
(1970, 27, 'Jalapa'),
(1971, 27, 'Jalpa de M&eacute;ndez'),
(1972, 27, 'Jonuta'),
(1973, 27, 'Macuspana'),
(1974, 27, 'Nacajuca'),
(1975, 27, 'Para&iacute;so'),
(1976, 27, 'Tacotalpa'),
(1977, 27, 'Teapa'),
(1978, 27, 'Tenosique'),
(1979, 28, 'Abasolo'),
(1980, 28, 'Aldama'),
(1981, 28, 'Altamira'),
(1982, 28, 'Antiguo Morelos'),
(1983, 28, 'Burgos'),
(1984, 28, 'Bustamante'),
(1985, 28, 'Camargo'),
(1986, 28, 'Casas'),
(1987, 28, 'Ciudad Madero'),
(1988, 28, 'Cruillas'),
(1989, 28, 'El Mante'),
(1990, 28, 'G&oacute;mez Far&iacute;as'),
(1991, 28, 'Gonz&aacute;lez'),
(1992, 28, 'GÃ¼&eacute;mez'),
(1993, 28, 'Guerrero'),
(1994, 28, 'Gustavo D&iacute;az Ordaz'),
(1995, 28, 'Hidalgo'),
(1996, 28, 'Jaumave'),
(1997, 28, 'Jim&eacute;nez'),
(1998, 28, 'Llera'),
(1999, 28, 'Mainero'),
(2000, 28, 'Matamoros'),
(2001, 28, 'M&eacute;ndez'),
(2002, 28, 'Mier'),
(2003, 28, 'Miguel Alem&aacute;n'),
(2004, 28, 'Miquihuana'),
(2005, 28, 'Nuevo Laredo'),
(2006, 28, 'Nuevo Morelos'),
(2007, 28, 'Ocampo'),
(2008, 28, 'Padilla'),
(2009, 28, 'Palmillas'),
(2010, 28, 'Reynosa'),
(2011, 28, 'R&iacute;o Bravo'),
(2012, 28, 'San Carlos'),
(2013, 28, 'San Fernando'),
(2014, 28, 'San Nicol&aacute;s'),
(2015, 28, 'Soto la Marina'),
(2016, 28, 'Tampico'),
(2017, 28, 'Tula'),
(2018, 28, 'Valle Hermoso'),
(2019, 28, 'Victoria'),
(2020, 28, 'Villagr&aacute;n'),
(2021, 28, 'Xicot&eacute;ncatl'),
(2022, 29, 'Acuamanala de Miguel Hidalgo'),
(2023, 29, 'Amaxac de Guerrero'),
(2024, 29, 'Apetatitl&aacute;n de Antonio Carvajal'),
(2025, 29, 'Apizaco'),
(2026, 29, 'Atlangatepec'),
(2027, 29, 'Atltzayanca'),
(2028, 29, 'Benito Ju&aacute;rez'),
(2029, 29, 'Calpulalpan'),
(2030, 29, 'Chiautempan'),
(2031, 29, 'Contla de Juan Cuamatzi'),
(2032, 29, 'Cuapiaxtla'),
(2033, 29, 'Cuaxomulco'),
(2034, 29, 'El Carmen Tequexquitla'),
(2035, 29, 'Emiliano Zapata'),
(2036, 29, 'Espa&ntilde;ita'),
(2037, 29, 'Huamantla'),
(2038, 29, 'Hueyotlipan'),
(2039, 29, 'Ixtacuixtla de Mariano Matamoros'),
(2040, 29, 'Ixtenco'),
(2041, 29, 'La Magdalena Tlaltelulco'),
(2042, 29, 'L&aacute;zaro C&aacute;rdenas'),
(2043, 29, 'Mazatecochco de Jos&eacute; Mar&iacute;a Morelos'),
(2044, 29, 'Mu&ntilde;oz de Domingo Arenas'),
(2045, 29, 'Nanacamilpa de Mariano Arista'),
(2046, 29, 'Nat&iacute;vitas'),
(2047, 29, 'Panotla'),
(2048, 29, 'Papalotla de Xicoht&eacute;ncatl'),
(2049, 29, 'San Dami&aacute;n Tex&oacute;loc'),
(2050, 29, 'San Francisco Tetlanohcan'),
(2051, 29, 'San Jer&oacute;nimo Zacualpan'),
(2052, 29, 'San Jos&eacute; Teacalco'),
(2053, 29, 'San Juan Huactzinco'),
(2054, 29, 'San Lorenzo Axocomanitla'),
(2055, 29, 'San Lucas Tecopilco'),
(2056, 29, 'San Pablo del Monte'),
(2057, 29, 'Sanct&oacute;rum de L&aacute;zaro C&aacute;rdenas'),
(2058, 29, 'Santa Ana Nopalucan'),
(2059, 29, 'Santa Apolonia Teacalco'),
(2060, 29, 'Santa Catarina Ayometla'),
(2061, 29, 'Santa Cruz Quilehtla'),
(2062, 29, 'Santa Cruz Tlaxcala'),
(2063, 29, 'Santa Isabel Xiloxoxtla'),
(2064, 29, 'Tenancingo'),
(2065, 29, 'Teolocholco'),
(2066, 29, 'Tepetitla de Lardiz&aacute;bal'),
(2067, 29, 'Tepeyanco'),
(2068, 29, 'Terrenate'),
(2069, 29, 'Tetla de la Solidaridad'),
(2070, 29, 'Tetlatlahuca'),
(2071, 29, 'Tlaxcala'),
(2072, 29, 'Tlaxco'),
(2073, 29, 'Tocatl&aacute;n'),
(2074, 29, 'Totolac'),
(2075, 29, 'Tzompantepec'),
(2076, 29, 'Xaloztoc'),
(2077, 29, 'Xaltocan'),
(2078, 29, 'Xicohtzinco'),
(2079, 29, 'Yauhquemehcan'),
(2080, 29, 'Zacatelco'),
(2081, 29, 'Ziltlalt&eacute;pec de Trinidad S&aacute;nchez Santos'),
(2082, 30, 'Acajete'),
(2083, 30, 'Acatl&aacute;n'),
(2084, 30, 'Acayucan'),
(2085, 30, 'Actopan'),
(2086, 30, 'Acula'),
(2087, 30, 'Acultzingo'),
(2088, 30, 'Agua Dulce'),
(2089, 30, '&aacute;lamo Temapache'),
(2090, 30, 'Alpatl&aacute;huac'),
(2091, 30, 'Alto Lucero de Guti&eacute;rrez Barrios'),
(2092, 30, 'Altotonga'),
(2093, 30, 'Alvarado'),
(2094, 30, 'Amatitl&aacute;n'),
(2095, 30, 'Amatl&aacute;n de los Reyes'),
(2096, 30, 'Angel R. Cabada'),
(2097, 30, 'Apazapan'),
(2098, 30, 'Aquila'),
(2099, 30, 'Astacinga'),
(2100, 30, 'Atlahuilco'),
(2101, 30, 'Atoyac'),
(2102, 30, 'Atzacan'),
(2103, 30, 'Atzalan'),
(2104, 30, 'Ayahualulco'),
(2105, 30, 'Banderilla'),
(2106, 30, 'Benito Ju&aacute;rez'),
(2107, 30, 'Boca del R&iacute;o'),
(2108, 30, 'Calcahualco'),
(2109, 30, 'Camar&oacute;n de Tejeda'),
(2110, 30, 'Camerino Z. Mendoza'),
(2111, 30, 'Carlos A. Carrillo'),
(2112, 30, 'Carrillo Puerto'),
(2113, 30, 'Castillo de Teayo'),
(2114, 30, 'Catemaco'),
(2115, 30, 'Cazones de Herrera'),
(2116, 30, 'Cerro Azul'),
(2117, 30, 'Chacaltianguis'),
(2118, 30, 'Chalma'),
(2119, 30, 'Chiconamel'),
(2120, 30, 'Chiconquiaco'),
(2121, 30, 'Chicontepec'),
(2122, 30, 'Chinameca'),
(2123, 30, 'Chinampa de Gorostiza'),
(2124, 30, 'Chocam&aacute;n'),
(2125, 30, 'Chontla'),
(2126, 30, 'Chumatl&aacute;n'),
(2127, 30, 'Citlalt&eacute;petl'),
(2128, 30, 'Coacoatzintla'),
(2129, 30, 'Coahuitl&aacute;n'),
(2130, 30, 'Coatepec'),
(2131, 30, 'Coatzacoalcos'),
(2132, 30, 'Coatzintla'),
(2133, 30, 'Coetzala'),
(2134, 30, 'Colipa'),
(2135, 30, 'Comapa'),
(2136, 30, 'C&oacute;rdoba'),
(2137, 30, 'Cosamaloapan de Carpio'),
(2138, 30, 'Cosautl&aacute;n de Carvajal'),
(2139, 30, 'Coscomatepec'),
(2140, 30, 'Cosoleacaque'),
(2141, 30, 'Cotaxtla'),
(2142, 30, 'Coxquihui'),
(2143, 30, 'Coyutla'),
(2144, 30, 'Cuichapa'),
(2145, 30, 'Cuitl&aacute;huac'),
(2146, 30, 'El Higo'),
(2147, 30, 'Emiliano Zapata'),
(2148, 30, 'Espinal'),
(2149, 30, 'Filomeno Mata'),
(2150, 30, 'Fort&iacute;n'),
(2151, 30, 'Guti&eacute;rrez Zamora'),
(2152, 30, 'Hidalgotitl&aacute;n'),
(2153, 30, 'Huatusco'),
(2154, 30, 'Huayacocotla'),
(2155, 30, 'Hueyapan de Ocampo'),
(2156, 30, 'Huiloapan de Cuauht&eacute;moc'),
(2157, 30, 'Ignacio de la Llave'),
(2158, 30, 'Ilamatl&aacute;n'),
(2159, 30, 'Isla'),
(2160, 30, 'Ixcatepec'),
(2161, 30, 'Ixhuac&aacute;n de los Reyes'),
(2162, 30, 'Ixhuatl&aacute;n de Madero'),
(2163, 30, 'Ixhuatl&aacute;n del Caf&eacute;'),
(2164, 30, 'Ixhuatl&aacute;n del Sureste'),
(2165, 30, 'Ixhuatlancillo'),
(2166, 30, 'Ixmatlahuacan'),
(2167, 30, 'Ixtaczoquitl&aacute;n'),
(2168, 30, 'Jalacingo'),
(2169, 30, 'Jalcomulco'),
(2170, 30, 'J&aacute;ltipan'),
(2171, 30, 'Jamapa'),
(2172, 30, 'Jes&uacute;s Carranza'),
(2173, 30, 'Jilotepec'),
(2174, 30, 'Jos&eacute; Azueta'),
(2175, 30, 'Juan Rodr&iacute;guez Clara'),
(2176, 30, 'Juchique de Ferrer'),
(2177, 30, 'La Antigua'),
(2178, 30, 'La Perla'),
(2179, 30, 'Landero y Coss'),
(2180, 30, 'Las Choapas'),
(2181, 30, 'Las Minas'),
(2182, 30, 'Las Vigas de Ram&iacute;rez'),
(2183, 30, 'Lerdo de Tejada'),
(2184, 30, 'Los Reyes'),
(2185, 30, 'Magdalena'),
(2186, 30, 'Maltrata'),
(2187, 30, 'Manlio Fabio Altamirano'),
(2188, 30, 'Mariano Escobedo'),
(2189, 30, 'Mart&iacute;nez de la Torre'),
(2190, 30, 'Mecatl&aacute;n'),
(2191, 30, 'Mecayapan'),
(2192, 30, 'Medell&iacute;n'),
(2193, 30, 'Miahuatl&aacute;n'),
(2194, 30, 'Minatitl&aacute;n'),
(2195, 30, 'Misantla'),
(2196, 30, 'Mixtla de Altamirano'),
(2197, 30, 'Moloac&aacute;n'),
(2198, 30, 'Nanchital de L&aacute;zaro C&aacute;rdenas del R&iacute;o'),
(2199, 30, 'Naolinco'),
(2200, 30, 'Naranjal'),
(2201, 30, 'Naranjos Amatl&aacute;n'),
(2202, 30, 'Nautla'),
(2203, 30, 'Nogales'),
(2204, 30, 'Oluta'),
(2205, 30, 'Omealca'),
(2206, 30, 'Orizaba'),
(2207, 30, 'Otatitl&aacute;n'),
(2208, 30, 'Oteapan'),
(2209, 30, 'Ozuluama de Mascare&ntilde;as'),
(2210, 30, 'Pajapan'),
(2211, 30, 'P&aacute;nuco'),
(2212, 30, 'Papantla'),
(2213, 30, 'Paso de Ovejas'),
(2214, 30, 'Paso del Macho'),
(2215, 30, 'Perote'),
(2216, 30, 'Plat&oacute;n S&aacute;nchez'),
(2217, 30, 'Playa Vicente'),
(2218, 30, 'Poza Rica de Hidalgo'),
(2219, 30, 'Pueblo Viejo'),
(2220, 30, 'Puente Nacional'),
(2221, 30, 'Rafael Delgado'),
(2222, 30, 'Rafael Lucio'),
(2223, 30, 'R&iacute;o Blanco'),
(2224, 30, 'Saltabarranca'),
(2225, 30, 'San Andr&eacute;s Tenejapan'),
(2226, 30, 'San Andr&eacute;s Tuxtla'),
(2227, 30, 'San Juan Evangelista'),
(2228, 30, 'San Rafael'),
(2229, 30, 'Santiago Sochiapan'),
(2230, 30, 'Santiago Tuxtla'),
(2231, 30, 'Sayula de Alem&aacute;n'),
(2232, 30, 'Sochiapa'),
(2233, 30, 'Soconusco'),
(2234, 30, 'Soledad Atzompa'),
(2235, 30, 'Soledad de Doblado'),
(2236, 30, 'Soteapan'),
(2237, 30, 'Tamal&iacute;n'),
(2238, 30, 'Tamiahua'),
(2239, 30, 'Tampico Alto'),
(2240, 30, 'Tancoco'),
(2241, 30, 'Tantima'),
(2242, 30, 'Tantoyuca'),
(2243, 30, 'Tatahuicapan de Ju&aacute;rez'),
(2244, 30, 'Tatatila'),
(2245, 30, 'Tecolutla'),
(2246, 30, 'Tehuipango'),
(2247, 30, 'Tempoal'),
(2248, 30, 'Tenampa'),
(2249, 30, 'Tenochtitl&aacute;n'),
(2250, 30, 'Teocelo'),
(2251, 30, 'Tepatlaxco'),
(2252, 30, 'Tepetl&aacute;n'),
(2253, 30, 'Tepetzintla'),
(2254, 30, 'Tequila'),
(2255, 30, 'Texcatepec'),
(2256, 30, 'Texhuac&aacute;n'),
(2257, 30, 'Texistepec'),
(2258, 30, 'Tezonapa'),
(2259, 30, 'Tierra Blanca'),
(2260, 30, 'Tihuatl&aacute;n'),
(2261, 30, 'Tlachichilco'),
(2262, 30, 'Tlacojalpan'),
(2263, 30, 'Tlacolulan'),
(2264, 30, 'Tlacotalpan'),
(2265, 30, 'Tlacotepec de Mej&iacute;a'),
(2266, 30, 'Tlalixcoyan'),
(2267, 30, 'Tlalnelhuayocan'),
(2268, 30, 'Tlaltetela'),
(2269, 30, 'Tlapacoyan'),
(2270, 30, 'Tlaquilpa'),
(2271, 30, 'Tlilapan'),
(2272, 30, 'Tomatl&aacute;n'),
(2273, 30, 'Tonay&aacute;n'),
(2274, 30, 'Totutla'),
(2275, 30, 'Tres Valles'),
(2276, 30, 'Tuxpan'),
(2277, 30, 'Tuxtilla'),
(2278, 30, 'Ursulo Galv&aacute;n'),
(2279, 30, 'Uxpanapa'),
(2280, 30, 'Vega de Alatorre'),
(2281, 30, 'Veracruz'),
(2282, 30, 'Villa Aldama'),
(2283, 30, 'Xalapa'),
(2284, 30, 'Xico'),
(2285, 30, 'Xoxocotla'),
(2286, 30, 'Yanga'),
(2287, 30, 'Yecuatla'),
(2288, 30, 'Zacualpan'),
(2289, 30, 'Zaragoza'),
(2290, 30, 'Zentla'),
(2291, 30, 'Zongolica'),
(2292, 30, 'Zontecomatl&aacute;n de L&oacute;pez y Fuentes'),
(2293, 30, 'Zozocolco de Hidalgo'),
(2294, 31, 'Abal&aacute;'),
(2295, 31, 'Acanceh'),
(2296, 31, 'Akil'),
(2297, 31, 'Baca'),
(2298, 31, 'Bokob&aacute;'),
(2299, 31, 'Buctzotz'),
(2300, 31, 'Cacalch&eacute;n'),
(2301, 31, 'Calotmul'),
(2302, 31, 'Cansahcab'),
(2303, 31, 'Cantamayec'),
(2304, 31, 'Celest&uacute;n'),
(2305, 31, 'Cenotillo'),
(2306, 31, 'Chacsink&iacute;n'),
(2307, 31, 'Chankom'),
(2308, 31, 'Chapab'),
(2309, 31, 'Chemax'),
(2310, 31, 'Chichimil&aacute;'),
(2311, 31, 'Chicxulub Pueblo'),
(2312, 31, 'Chikindzonot'),
(2313, 31, 'Chochol&aacute;'),
(2314, 31, 'Chumayel'),
(2315, 31, 'Conkal'),
(2316, 31, 'Cuncunul'),
(2317, 31, 'Cuzam&aacute;'),
(2318, 31, 'Dz&aacute;n'),
(2319, 31, 'Dzemul'),
(2320, 31, 'Dzidzant&uacute;n'),
(2321, 31, 'Dzilam de Bravo'),
(2322, 31, 'Dzilam Gonz&aacute;lez'),
(2323, 31, 'Dzit&aacute;s'),
(2324, 31, 'Dzoncauich'),
(2325, 31, 'Espita'),
(2326, 31, 'Halach&oacute;'),
(2327, 31, 'Hocab&aacute;'),
(2328, 31, 'Hoct&uacute;n'),
(2329, 31, 'Hom&uacute;n'),
(2330, 31, 'Huh&iacute;'),
(2331, 31, 'Hunucm&aacute;'),
(2332, 31, 'Ixil'),
(2333, 31, 'Izamal'),
(2334, 31, 'Kanas&iacute;n'),
(2335, 31, 'Kantunil'),
(2336, 31, 'Kaua'),
(2337, 31, 'Kinchil'),
(2338, 31, 'Kopom&aacute;'),
(2339, 31, 'Mama'),
(2340, 31, 'Man&iacute;'),
(2341, 31, 'Maxcan&uacute;'),
(2342, 31, 'Mayap&aacute;n'),
(2343, 31, 'M&eacute;rida'),
(2344, 31, 'Mococh&aacute;'),
(2345, 31, 'Motul'),
(2346, 31, 'Muna'),
(2347, 31, 'Muxupip'),
(2348, 31, 'Opich&eacute;n'),
(2349, 31, 'Oxkutzcab'),
(2350, 31, 'Panab&aacute;'),
(2351, 31, 'Peto'),
(2352, 31, 'Progreso'),
(2353, 31, 'Quintana Roo'),
(2354, 31, 'R&iacute;o Lagartos'),
(2355, 31, 'Sacalum'),
(2356, 31, 'Samahil'),
(2357, 31, 'San Felipe'),
(2358, 31, 'Sanahcat'),
(2359, 31, 'Santa Elena'),
(2360, 31, 'Sey&eacute;'),
(2361, 31, 'Sinanch&eacute;'),
(2362, 31, 'Sotuta'),
(2363, 31, 'Sucil&aacute;'),
(2364, 31, 'Sudzal'),
(2365, 31, 'Suma'),
(2366, 31, 'Tahdzi&uacute;'),
(2367, 31, 'Tahmek'),
(2368, 31, 'Teabo'),
(2369, 31, 'Tecoh'),
(2370, 31, 'Tekal de Venegas'),
(2371, 31, 'Tekant&oacute;'),
(2372, 31, 'Tekax'),
(2373, 31, 'Tekit'),
(2374, 31, 'Tekom'),
(2375, 31, 'Telchac Pueblo'),
(2376, 31, 'Telchac Puerto'),
(2377, 31, 'Temax'),
(2378, 31, 'Temoz&oacute;n'),
(2379, 31, 'Tepak&aacute;n'),
(2380, 31, 'Tetiz'),
(2381, 31, 'Teya'),
(2382, 31, 'Ticul'),
(2383, 31, 'Timucuy'),
(2384, 31, 'Tinum'),
(2385, 31, 'Tixcacalcupul'),
(2386, 31, 'Tixkokob'),
(2387, 31, 'Tixmehuac'),
(2388, 31, 'Tixp&eacute;hual'),
(2389, 31, 'Tizim&iacute;n'),
(2390, 31, 'Tunk&aacute;s'),
(2391, 31, 'Tzucacab'),
(2392, 31, 'Uayma'),
(2393, 31, 'Uc&uacute;'),
(2394, 31, 'Um&aacute;n'),
(2395, 31, 'Valladolid'),
(2396, 31, 'Xocchel'),
(2397, 31, 'Yaxcab&aacute;'),
(2398, 31, 'Yaxkukul'),
(2399, 31, 'Yoba&iacute;n'),
(2400, 32, 'Apozol'),
(2401, 32, 'Apulco'),
(2402, 32, 'Atolinga'),
(2403, 32, 'Benito Ju&aacute;rez'),
(2404, 32, 'Calera'),
(2405, 32, 'Ca&ntilde;itas de Felipe Pescador'),
(2406, 32, 'Chalchihuites'),
(2407, 32, 'Concepci&oacute;n del Oro'),
(2408, 32, 'Cuauht&eacute;moc'),
(2409, 32, 'El Plateado de Joaqu&iacute;n Amaro'),
(2410, 32, 'El Salvador'),
(2411, 32, 'Fresnillo'),
(2412, 32, 'Genaro Codina'),
(2413, 32, 'General Enrique Estrada'),
(2414, 32, 'General Francisco R. Murgu&iacute;a'),
(2415, 32, 'General P&aacute;nfilo Natera'),
(2416, 32, 'Guadalupe'),
(2417, 32, 'Huanusco'),
(2418, 32, 'Jalpa'),
(2419, 32, 'Jerez'),
(2420, 32, 'Jim&eacute;nez del Teul'),
(2421, 32, 'Juan Aldama'),
(2422, 32, 'Juchipila'),
(2423, 32, 'Loreto'),
(2424, 32, 'Luis Moya'),
(2425, 32, 'Mazapil'),
(2426, 32, 'Melchor Ocampo'),
(2427, 32, 'Mezquital del Oro'),
(2428, 32, 'Miguel Auza'),
(2429, 32, 'Momax'),
(2430, 32, 'Monte Escobedo'),
(2431, 32, 'Morelos'),
(2432, 32, 'Moyahua de Estrada'),
(2433, 32, 'Nochistl&aacute;n de Mej&iacute;a'),
(2434, 32, 'Noria de &aacute;ngeles'),
(2435, 32, 'Ojocaliente'),
(2436, 32, 'P&aacute;nuco'),
(2437, 32, 'Pinos'),
(2438, 32, 'R&iacute;o Grande'),
(2439, 32, 'Sain Alto'),
(2440, 32, 'Santa Mar&iacute;a de la Paz'),
(2441, 32, 'Sombrerete'),
(2442, 32, 'Susticac&aacute;n'),
(2443, 32, 'Tabasco'),
(2444, 32, 'Tepechitl&aacute;n'),
(2445, 32, 'Tepetongo'),
(2446, 32, 'Te&uacute;l de Gonz&aacute;lez Ortega'),
(2447, 32, 'Tlaltenango de S&aacute;nchez Rom&aacute;n'),
(2448, 32, 'Trancoso'),
(2449, 32, 'Trinidad Garc&iacute;a de la Cadena'),
(2450, 32, 'Valpara&iacute;so'),
(2451, 32, 'Vetagrande'),
(2452, 32, 'Villa de Cos'),
(2453, 32, 'Villa Garc&iacute;a'),
(2454, 32, 'Villa Gonz&aacute;lez Ortega'),
(2455, 32, 'Villa Hidalgo'),
(2456, 32, 'Villanueva'),
(2457, 32, 'Zacatecas');

-- --------------------------------------------------------

--
-- Estructura de tabla para la tabla `c_destinatario`
--

CREATE TABLE IF NOT EXISTS `c_destinatario` (
  `fl_destinatario` mediumint(8) unsigned NOT NULL AUTO_INCREMENT,
  `fl_plantilla_correo` mediumint(8) unsigned NOT NULL,
  `fg_tipo` enum('F','T','CC','BCC') DEFAULT NULL,
  `nb_destinatario` varchar(250) DEFAULT NULL,
  `ds_correo` varchar(255) DEFAULT NULL,
  `fe_alta` datetime DEFAULT NULL,
  `fe_ultmod` datetime DEFAULT NULL,
  PRIMARY KEY (`fl_destinatario`),
  KEY `fk_c_destinatario_c_plantilla_correo1_idx` (`fl_plantilla_correo`)
) ENGINE=InnoDB  DEFAULT CHARSET=utf8 AUTO_INCREMENT=32 ;

--
-- Volcado de datos para la tabla `c_destinatario`
--

INSERT INTO `c_destinatario` (`fl_destinatario`, `fl_plantilla_correo`, `fg_tipo`, `nb_destinatario`, `ds_correo`, `fe_alta`, `fe_ultmod`) VALUES
(9, 6, 'F', 'Administraci&oacute;n Kondominea', 'registro@kondominea.com', '2015-10-27 13:05:12', '2015-10-27 13:05:12'),
(21, 6, 'BCC', 'Eddin', 'emedina@loomtek.com.mx', '2015-10-27 13:05:12', '2015-10-27 13:05:12'),
(22, 9, 'F', 'Administraci&oacute;n Kondominea', 'registro@kondominea.com', '2015-09-18 14:23:25', '2015-09-18 14:23:25'),
(23, 9, 'BCC', 'Eddin', 'emedina@loomtek.com.mx', '2015-09-18 14:23:25', '2015-09-18 14:23:25'),
(24, 10, 'F', 'Administraci&oacute;n Kondominea', 'registro@kondominea.com', '2015-10-27 15:52:53', '2015-10-27 15:52:53'),
(25, 10, 'BCC', 'Eddin', 'emedina@loomtek.com.mx', '2015-10-27 15:52:53', '2015-10-27 15:52:53'),
(26, 11, 'BCC', 'Admin Kondominea', 'emedina@loomtek.com.mx', '2016-01-07 12:03:08', '2016-01-07 12:03:08'),
(28, 12, 'F', 'Administraci&oacute;n Kondominea', 'admin@kondominea.com', '2015-12-21 14:01:29', '2015-12-21 14:01:29'),
(29, 12, 'BCC', 'Developer', 'eddin_gmc@hotmail.com', '2015-12-21 14:01:29', '2015-12-21 14:01:29'),
(30, 13, 'BCC', 'Admin Kondominea', 'emedina@loomtek.com.mx', '2016-01-07 13:56:09', '2016-01-07 13:56:09'),
(31, 14, 'F', 'Administraci&oacute;n Kondominea', 'admin@kondominea.com', '2016-01-15 11:03:26', '2016-01-15 11:03:26');

-- --------------------------------------------------------

--
-- Estructura de tabla para la tabla `c_direccion`
--

CREATE TABLE IF NOT EXISTS `c_direccion` (
  `fl_direccion` mediumint(8) unsigned NOT NULL AUTO_INCREMENT,
  `fl_pais` smallint(5) unsigned NOT NULL,
  `fl_estado` smallint(5) unsigned NOT NULL,
  `fl_ciudad` smallint(5) unsigned DEFAULT NULL,
  `fl_delegacion_municipio` mediumint(8) unsigned NOT NULL,
  `fl_codigo_postal` mediumint(8) unsigned NOT NULL,
  `ds_calle` varchar(100) NOT NULL,
  `ds_exterior` varchar(20) NOT NULL,
  `ds_interior` varchar(20) DEFAULT NULL,
  `ds_colonia` varchar(50) DEFAULT NULL,
  `ds_pais` varchar(50) DEFAULT NULL,
  `ds_estado` varchar(50) DEFAULT NULL,
  `ds_ciudad` varchar(50) DEFAULT NULL,
  `ds_delegacion_municipio` varchar(50) DEFAULT NULL,
  `ds_codigo_postal` varchar(10) DEFAULT NULL,
  `fe_alta` datetime DEFAULT NULL,
  `fe_ultmod` datetime DEFAULT NULL,
  PRIMARY KEY (`fl_direccion`),
  KEY `fk_c_direccion_c_pais_idx` (`fl_pais`),
  KEY `fk_c_direccion_c_estado_idx` (`fl_estado`),
  KEY `fk_c_direccion_c_ciudad_idx` (`fl_ciudad`),
  KEY `fk_c_direccion_c_delegacion_municipio_idx` (`fl_delegacion_municipio`),
  KEY `fk_c_direccion_c_codigo_postal_idx` (`fl_codigo_postal`)
) ENGINE=InnoDB  DEFAULT CHARSET=utf8 AUTO_INCREMENT=61 ;

--
-- Volcado de datos para la tabla `c_direccion`
--

INSERT INTO `c_direccion` (`fl_direccion`, `fl_pais`, `fl_estado`, `fl_ciudad`, `fl_delegacion_municipio`, `fl_codigo_postal`, `ds_calle`, `ds_exterior`, `ds_interior`, `ds_colonia`, `ds_pais`, `ds_estado`, `ds_ciudad`, `ds_delegacion_municipio`, `ds_codigo_postal`, `fe_alta`, `fe_ultmod`) VALUES
(0, 1, 15, NULL, 764, 15291, 'San Mateo', '258', NULL, 'Villas Sant&iacute;n', NULL, NULL, NULL, NULL, NULL, NULL, NULL),
(1, 1, 15, 562, 713, 14245, 'Juan O Gorman', '2515', '', '', '', '', '', '', '', NULL, NULL),
(2, 1, 22, 622, 1801, 23024, 'Vicente Guerrero', '13', '5', 'Barrio del Esp&iacute;ritu Santo', '', '', '', '', '', NULL, NULL),
(3, 1, 22, NULL, 1801, 23028, 'Bah&iacute;a del Esp&iacute;ritu Santo', '848', '', 'Barrio del Esp&iacute;ritu Santo', '', '', 'NULL', '', '', NULL, NULL),
(4, 1, 22, 554, 1801, 23032, 'Ju&aacute;rez', '32', 'local A', 'Centro', '', '', '', '', '', NULL, NULL),
(5, 1, 22, 622, 1801, 23027, 'Ju&aacute;rez', '13', '', '', '', '', '', '', '', NULL, NULL),
(6, 1, 15, 631, 716, 14432, 'Av lomas de prueba 122', '122', '', 'sindicato mexicano de electricistas', '', '', '', '', '', NULL, NULL),
(10, 1, 4, NULL, 24, 1292, 'Par&iacute;s', '1324', '', 'Francesa', '', '', 'NULL', '', '', NULL, NULL),
(12, 1, 17, NULL, 896, 17339, 'Mote Ceus', '2413', '', 'Griega', '', '', 'NULL', '', '', NULL, NULL),
(13, 1, 15, NULL, 764, 15250, 'Ju&aacute;rez', '652', '', 'Del Rosario', '', '', '', '', '', NULL, NULL),
(14, 1, 15, NULL, 751, 14965, 'Acencio', '1651', '', '', '', '', '', '', '', NULL, NULL),
(15, 1, 15, NULL, 764, 15278, 'Monte Altai', '206', '', 'Valle Don Camilo', '', '', 'NULL', '', '', NULL, NULL),
(16, 1, 3, NULL, 21, 1211, 'Chiquita', '2413', '', 'Ulonia', NULL, NULL, NULL, NULL, NULL, '2015-08-21 12:54:11', '2015-08-21 12:54:47'),
(17, 1, 25, NULL, 1874, 24469, 'Alcatrases', '16', 'B', 'Santa Claus', NULL, NULL, NULL, NULL, NULL, '2015-08-21 13:09:56', '2015-12-14 16:55:22'),
(18, 1, 21, NULL, 1572, 21059, 'Licona', '24', '', '', NULL, NULL, NULL, NULL, NULL, '2015-08-21 13:12:39', '2015-08-21 13:12:39'),
(19, 1, 18, NULL, 944, 18032, 'Mote Ceus', '6351', '', '', NULL, NULL, NULL, NULL, NULL, '2015-08-21 13:17:05', '2015-08-21 13:17:05'),
(20, 1, 6, NULL, 75, 2631, 'Sor juana', '13', '', '', NULL, NULL, NULL, NULL, NULL, '2015-08-26 16:42:48', '2015-08-26 16:42:48'),
(22, 1, 19, NULL, 953, 18282, 'Chupamirto', '1324', '', 'P&aacute;jaros', '', '', 'NULL', '', '', NULL, NULL),
(23, 1, 6, NULL, 71, 2538, 'Chupamirto', '1324', '', 'P&aacute;jaros', NULL, NULL, NULL, NULL, NULL, '2015-09-15 12:20:25', '2015-09-15 12:20:25'),
(24, 1, 7, NULL, 81, 2817, 'Milpas', '24', '', '', '', '', 'NULL', '', '', NULL, NULL),
(25, 1, 7, NULL, 81, 2817, 'Milpas', '24', '', '', '', '', 'NULL', '', '', NULL, NULL),
(26, 1, 1, NULL, 1, 1, 'Puebla', '610', '', '', NULL, NULL, NULL, NULL, NULL, '2015-09-22 16:23:10', '2015-09-22 16:23:10'),
(29, 1, 29, NULL, 2022, 27632, 'Taxco', '0624', '', '', NULL, NULL, NULL, NULL, NULL, '2015-09-23 13:08:11', '2015-09-23 15:05:35'),
(30, 1, 8, NULL, 240, 4649, 'Mameyes', '265', '', '', NULL, NULL, NULL, NULL, NULL, '2015-09-23 13:23:41', '2015-09-23 13:23:41'),
(34, 1, 7, NULL, 86, 2857, 'Chaipas', '0201', '', '', NULL, NULL, NULL, NULL, NULL, '2015-09-23 13:35:02', '2015-09-23 13:35:02'),
(35, 1, 22, NULL, 1790, 22700, 'Mitras', '0624', '', '', '', '', 'NULL', '', '', NULL, NULL),
(43, 1, 1, NULL, 1, 127, 'Ol&eacute;', '2413', '', '', '', '', 'NULL', '', '', NULL, NULL),
(44, 1, 1, NULL, 1, 5, 'Morelos', '1324', '', '', NULL, NULL, NULL, NULL, NULL, '2015-09-28 13:02:26', '2015-09-28 13:02:26'),
(45, 1, 15, NULL, 764, 15291, 'San Mateo', '258', '', 'Villas Sant&iacute;n', '', '', 'NULL', '', '', NULL, NULL),
(46, 1, 11, NULL, 353, 8527, 'Sonora', '1324', '', 'Sant&iacute;n', NULL, NULL, NULL, NULL, NULL, '2015-10-27 15:38:53', '2015-10-27 15:38:53'),
(47, 1, 22, NULL, 1801, 23028, 'Autopista Mexico Queretaro Km 172', 'S/N', '', 'Campestre San Gil', '', '', 'NULL', '', '', NULL, NULL),
(48, 1, 22, NULL, 1801, 23028, 'Carretera Mexico Queretaro', 'Km 171.6', '', 'Campestre San Gil', NULL, NULL, NULL, NULL, NULL, '2015-10-29 14:55:19', '2015-10-29 14:55:19'),
(49, 1, 22, NULL, 1801, 23028, 'Paseo de la Laja', '24', '', 'Campestre San Gil', NULL, NULL, NULL, NULL, NULL, '2015-10-29 20:25:41', '2015-10-29 20:25:41'),
(50, 1, 15, NULL, 716, 14432, 'EMILIO G. BAZ ', '59', '', 'INDEPENDENCIA', '', '', 'NULL', '', '', NULL, NULL),
(51, 1, 15, NULL, 716, 14432, 'LOMAS DEL RIO ORIENTE', '122', '', 'INDEPENDENCIA', NULL, NULL, NULL, NULL, NULL, '2015-11-04 16:00:31', '2015-11-04 16:00:31'),
(52, 1, 15, NULL, 716, 14432, 'CERRADA LOMAS DEL RIO', '3', '', 'INDEPENDENCIA', NULL, NULL, NULL, NULL, NULL, '2015-11-04 16:03:23', '2015-11-04 16:03:23'),
(53, 1, 15, NULL, 716, 14290, 'PALMETO 28', '121', '5A', 'INDEPENDENCIA', NULL, NULL, NULL, NULL, NULL, '2015-11-04 16:19:41', '2015-11-04 16:19:41'),
(55, 1, 14, NULL, 534, 11374, 'Jalisco', '1324', '13', 'Jalisco', '', '', 'NULL', '', '', NULL, NULL),
(56, 1, 14, NULL, 534, 11374, 'Jalisco', '1324', '', 'Jalisco', NULL, NULL, NULL, NULL, NULL, '2015-12-18 11:47:01', '2015-12-18 11:47:01'),
(57, 1, 18, NULL, 930, 17796, 'Carretera Panamericana', 'Km 2', '', '', '', '', 'NULL', '', '', NULL, NULL),
(58, 1, 9, NULL, 267, 5013, 'Norte 89B', '20', ' ', 'Electricistas', NULL, NULL, NULL, NULL, NULL, '2015-12-22 17:20:29', '2015-12-22 17:20:29'),
(59, 1, 1, NULL, 1, 1, 'Golondrina', '12345', '', '', NULL, NULL, NULL, NULL, NULL, '2015-12-30 00:34:17', '2015-12-30 00:34:17'),
(60, 1, 15, NULL, 709, 14173, 'Emiliano Zapata', '110', '', 'El Pante&oacute;n', '', '', 'NULL', '', '', NULL, NULL);

-- --------------------------------------------------------

--
-- Estructura de tabla para la tabla `c_documento_rector`
--

CREATE TABLE IF NOT EXISTS `c_documento_rector` (
  `fl_documento_rector` mediumint(8) unsigned NOT NULL AUTO_INCREMENT,
  `fl_condominio` mediumint(8) unsigned NOT NULL,
  `fl_tipo_documento_rector` smallint(5) unsigned NOT NULL,
  `nb_archivo` varchar(255) DEFAULT NULL,
  `nb_documento_rector` varchar(150) DEFAULT NULL,
  `ds_documento_rector` varchar(500) DEFAULT NULL,
  `fg_publicar` tinyint(1) DEFAULT '1',
  `fe_alta` datetime NOT NULL,
  `fe_ultmod` datetime NOT NULL,
  PRIMARY KEY (`fl_documento_rector`),
  KEY `fk_c_documento_rector_c_condominio_idx` (`fl_condominio`),
  KEY `fk_c_documento_rector_c_tipo_documento_rector1_idx` (`fl_tipo_documento_rector`)
) ENGINE=InnoDB  DEFAULT CHARSET=utf8 AUTO_INCREMENT=2 ;

--
-- Volcado de datos para la tabla `c_documento_rector`
--

INSERT INTO `c_documento_rector` (`fl_documento_rector`, `fl_condominio`, `fl_tipo_documento_rector`, `nb_archivo`, `nb_documento_rector`, `ds_documento_rector`, `fg_publicar`, `fe_alta`, `fe_ultmod`) VALUES
(1, 3, 4, 'documento-rector-4-0-20160104135614.pdf', 'Constancia expedida por la Procuradur&iacute;a para el Comit&eacute; de Vigilancia', 'Descripci&oacute;n\r\n', 1, '2016-01-04 13:56:14', '2016-01-04 14:04:48');

-- --------------------------------------------------------

--
-- Estructura de tabla para la tabla `c_egreso`
--

CREATE TABLE IF NOT EXISTS `c_egreso` (
  `fl_egreso` bigint(19) unsigned NOT NULL AUTO_INCREMENT,
  `fl_cuenta_contable` int(10) unsigned NOT NULL,
  `fl_forma_pago` tinyint(3) unsigned NOT NULL,
  `fl_proveedor` int(10) unsigned DEFAULT NULL,
  `fl_empleado` mediumint(8) unsigned DEFAULT NULL,
  `fl_condomino` int(10) unsigned DEFAULT NULL,
  `nb_beneficiario` varchar(500) DEFAULT NULL,
  `fe_pago` date DEFAULT NULL,
  `mn_subtotal` decimal(10,2) DEFAULT '0.00',
  `mn_iva` decimal(10,2) DEFAULT '0.00',
  `mn_total` decimal(10,2) DEFAULT '0.00' COMMENT 'Importe',
  `ds_concepto` varchar(1500) DEFAULT NULL,
  `ds_soporte_pago` varchar(100) DEFAULT NULL COMMENT 'Condominio Emite\nArchivo',
  `ds_recibo_folio` varchar(50) DEFAULT NULL COMMENT 'Condominio recibe\nComprobante de pago ',
  `ds_recibo` varchar(100) DEFAULT NULL COMMENT 'Condominio recibe\nComprobante de pago \nArchivo',
  `ds_factura_folio` varchar(50) DEFAULT NULL COMMENT 'Condominio recibe\nComprobante de pago ',
  `ds_factura` varchar(100) DEFAULT NULL COMMENT 'Condominio recibe\nComprobante de pago \nArchivo',
  `ds_factura_xml` varchar(100) DEFAULT NULL COMMENT 'Condominio recibe\nComprobante de pago \nArchivo XML',
  `ds_comentario` varchar(1000) DEFAULT NULL,
  `fg_importado` tinyint(1) unsigned DEFAULT '0',
  `fe_alta` datetime DEFAULT NULL,
  `fe_ultmod` datetime DEFAULT NULL,
  PRIMARY KEY (`fl_egreso`),
  KEY `fk_c_egreso_c_empleado1_idx` (`fl_empleado`),
  KEY `fk_c_egreso_c_forma_pago1_idx` (`fl_forma_pago`),
  KEY `fk_c_egreso_c_proveedor1_idx` (`fl_proveedor`),
  KEY `fk_c_egreso_c_cuenta_contable1_idx` (`fl_cuenta_contable`),
  KEY `fk_c_egreso_c_condomino1_idx` (`fl_condomino`)
) ENGINE=InnoDB  DEFAULT CHARSET=utf8 AUTO_INCREMENT=6 ;

--
-- Volcado de datos para la tabla `c_egreso`
--

INSERT INTO `c_egreso` (`fl_egreso`, `fl_cuenta_contable`, `fl_forma_pago`, `fl_proveedor`, `fl_empleado`, `fl_condomino`, `nb_beneficiario`, `fe_pago`, `mn_subtotal`, `mn_iva`, `mn_total`, `ds_concepto`, `ds_soporte_pago`, `ds_recibo_folio`, `ds_recibo`, `ds_factura_folio`, `ds_factura`, `ds_factura_xml`, `ds_comentario`, `fg_importado`, `fe_alta`, `fe_ultmod`) VALUES
(1, 1, 1, 4, NULL, NULL, NULL, '2015-09-23', '150.00', '0.00', '150.00', 'porque s&iacute;', 'logo.jpg', 'Test', 'logo.jpg', 'test', 'logo.jpg', 'logo.jpg', NULL, 0, '2015-09-23 08:02:50', '2015-09-23 08:16:46'),
(2, 2, 3, NULL, NULL, NULL, 'Gabriel Vallejo', '2015-09-13', '530.00', '0.00', '0.00', 'chales chales', '', '', '', '', '', '', NULL, 0, '2015-09-23 10:01:43', '2015-09-23 10:01:43'),
(3, 3, 1, NULL, NULL, NULL, 'Mayra Gonz&aacute;lez', '2015-12-30', '100.00', '16.00', '116.00', 'Test importar Emgreso 1', NULL, 'folio de recibo 1', NULL, 'folio de factura 1', NULL, NULL, NULL, 1, '2015-12-31 11:58:48', '2015-12-31 11:58:48'),
(4, 8, 3, NULL, NULL, NULL, 'Mayra Gonz&aacute;lez', '2015-12-29', '100.00', '16.00', '116.00', 'Test importar Emgreso 2', NULL, 'folio de recibo 2', NULL, 'folio de factura 2', NULL, NULL, NULL, 1, '2015-12-31 11:58:48', '2015-12-31 11:58:48'),
(5, 2, 1, NULL, NULL, NULL, 'Gustavo', '2015-12-31', '100.00', '16.00', '116.00', 'test', 'egreso-soporte-pago-5.pdf', 'r', 'egreso-ds-recibo-5.jpg', 'f', 'egreso-ds-factura-5.pdf', 'egreso-ds-factura-xml-5.xml', NULL, 0, '2015-12-31 13:25:13', '2015-12-31 13:34:08');

-- --------------------------------------------------------

--
-- Estructura de tabla para la tabla `c_empleado`
--

CREATE TABLE IF NOT EXISTS `c_empleado` (
  `fl_empleado` mediumint(8) unsigned NOT NULL AUTO_INCREMENT,
  `fl_condominio` mediumint(8) unsigned NOT NULL,
  `fl_persona` mediumint(8) unsigned NOT NULL,
  `fl_direccion` mediumint(8) unsigned DEFAULT NULL,
  `cl_tipo_proveedor` smallint(5) unsigned NOT NULL,
  `nb_puesto` varchar(150) DEFAULT NULL,
  `nb_rfc` varchar(13) DEFAULT NULL,
  `fe_inicia` date DEFAULT NULL,
  `fe_finaliza` date DEFAULT NULL,
  `ds_observaciones` text,
  `fg_activo` tinyint(1) DEFAULT '1',
  `fe_alta` datetime NOT NULL,
  `fe_ultmod` datetime NOT NULL,
  PRIMARY KEY (`fl_empleado`),
  KEY `fk_c_empleado_c_condominio_idx` (`fl_condominio`),
  KEY `fk_c_empleado_c_persona_idx` (`fl_persona`),
  KEY `fk_c_empleado_c_direccion_idx` (`fl_direccion`)
) ENGINE=InnoDB  DEFAULT CHARSET=utf8 AUTO_INCREMENT=7 ;

--
-- Volcado de datos para la tabla `c_empleado`
--

INSERT INTO `c_empleado` (`fl_empleado`, `fl_condominio`, `fl_persona`, `fl_direccion`, `cl_tipo_proveedor`, `nb_puesto`, `nb_rfc`, `fe_inicia`, `fe_finaliza`, `ds_observaciones`, `fg_activo`, `fe_alta`, `fe_ultmod`) VALUES
(5, 3, 46, 13, 1, 'Jardinero central', '', '2015-01-31', '0000-00-00', 'Es buen chambeador', 1, '2015-08-14 10:20:56', '2015-08-25 10:20:43'),
(6, 3, 47, 14, 1, 'Portero de la entrada', ' ', '1984-06-24', '0000-00-00', NULL, 1, '2015-08-14 11:35:22', '2015-08-14 11:35:22');

-- --------------------------------------------------------

--
-- Estructura de tabla para la tabla `c_empresa`
--

CREATE TABLE IF NOT EXISTS `c_empresa` (
  `fl_empresa` mediumint(8) unsigned NOT NULL AUTO_INCREMENT,
  `fl_persona` mediumint(8) unsigned NOT NULL COMMENT 'Representante legal',
  `nb_empresa` varchar(150) DEFAULT NULL,
  `nb_marca` varchar(150) DEFAULT NULL,
  `ds_telefono` varchar(50) DEFAULT NULL,
  `ds_email` varchar(50) DEFAULT NULL,
  `ds_fax` varchar(45) DEFAULT NULL,
  `fe_alta` datetime DEFAULT NULL,
  `fe_ultmod` datetime DEFAULT NULL,
  PRIMARY KEY (`fl_empresa`),
  KEY `fk_c_empresa_c_persona1_idx` (`fl_persona`)
) ENGINE=InnoDB  DEFAULT CHARSET=utf8 AUTO_INCREMENT=8 ;

--
-- Volcado de datos para la tabla `c_empresa`
--

INSERT INTO `c_empresa` (`fl_empresa`, `fl_persona`, `nb_empresa`, `nb_marca`, `ds_telefono`, `ds_email`, `ds_fax`, `fe_alta`, `fe_ultmod`) VALUES
(5, 38, 'Mayros al Grito de Guerra', NULL, NULL, NULL, NULL, '2015-08-06 19:05:20', '2015-08-07 16:39:20'),
(7, 60, 'Telmes', NULL, NULL, NULL, NULL, '2015-09-22 12:59:54', '2015-09-22 12:59:54');

-- --------------------------------------------------------

--
-- Estructura de tabla para la tabla `c_estado`
--

CREATE TABLE IF NOT EXISTS `c_estado` (
  `fl_estado` smallint(5) unsigned NOT NULL AUTO_INCREMENT,
  `fl_pais` smallint(5) unsigned NOT NULL,
  `nb_estado` varchar(50) NOT NULL,
  `tr_estado` varchar(50) DEFAULT NULL,
  `cl_estado` smallint(5) unsigned NOT NULL,
  `cl_iso2` char(2) DEFAULT NULL,
  PRIMARY KEY (`fl_estado`)
) ENGINE=InnoDB  DEFAULT CHARSET=utf8 AUTO_INCREMENT=84 ;

--
-- Volcado de datos para la tabla `c_estado`
--

INSERT INTO `c_estado` (`fl_estado`, `fl_pais`, `nb_estado`, `tr_estado`, `cl_estado`, `cl_iso2`) VALUES
(1, 1, 'Aguascalientes', NULL, 1, NULL),
(2, 1, 'Baja California', NULL, 2, NULL),
(3, 1, 'Baja California Sur', NULL, 3, NULL),
(4, 1, 'Campeche', NULL, 4, NULL),
(5, 1, 'Coahuila', NULL, 5, NULL),
(6, 1, 'Colima', NULL, 6, NULL),
(7, 1, 'Chiapas', NULL, 7, NULL),
(8, 1, 'Chihuahua', NULL, 8, NULL),
(9, 1, 'Distrito Federal', 'Mexico City', 9, ''),
(10, 1, 'Durango', NULL, 10, NULL),
(11, 1, 'Guanajuato', NULL, 11, NULL),
(12, 1, 'Guerrero', NULL, 12, NULL),
(13, 1, 'Hidalgo', NULL, 13, NULL),
(14, 1, 'Jalisco', NULL, 14, NULL),
(15, 1, 'Estado de M&eacute;xico', 'Mexico', 15, ''),
(16, 1, 'Michoac&aacute;n', NULL, 16, NULL),
(17, 1, 'Morelos', NULL, 17, NULL),
(18, 1, 'Nayarit', NULL, 18, NULL),
(19, 1, 'Nuevo Le&oacute;n', NULL, 19, NULL),
(20, 1, 'Oaxaca', NULL, 20, NULL),
(21, 1, 'Puebla', NULL, 21, NULL),
(22, 1, 'Quer&eacute;taro', NULL, 22, NULL),
(23, 1, 'Quintana Roo', NULL, 23, NULL),
(24, 1, 'San Luis Potos&iacute;', NULL, 24, NULL),
(25, 1, 'Sinaloa', NULL, 25, NULL),
(26, 1, 'Sonora', NULL, 26, NULL),
(27, 1, 'Tabasco', NULL, 27, NULL),
(28, 1, 'Tamaulipas', NULL, 28, NULL),
(29, 1, 'Tlaxcala', NULL, 29, NULL),
(30, 1, 'Veracruz', NULL, 30, NULL),
(31, 1, 'Yucat&aacute;n', NULL, 31, NULL),
(32, 1, 'Zacatecas', NULL, 32, NULL),
(33, 2, 'Alabama', NULL, 1, 'AL'),
(34, 2, 'Alaska', NULL, 2, 'AK'),
(35, 2, 'Arizona', NULL, 3, 'AZ'),
(36, 2, 'Arkansas', NULL, 4, 'AR'),
(37, 2, 'California', NULL, 5, 'CA'),
(38, 2, 'Colorado', NULL, 6, 'CO'),
(39, 2, 'Connecticut', NULL, 7, 'CT'),
(40, 2, 'Delaware', NULL, 8, 'DE'),
(41, 2, 'Florida', NULL, 9, 'FL'),
(42, 2, 'Georgia', NULL, 10, 'GA'),
(43, 2, 'Hawaii', NULL, 11, 'HI'),
(44, 2, 'Idaho', NULL, 12, 'ID'),
(45, 2, 'Illinois', NULL, 13, 'IL'),
(46, 2, 'Indiana', NULL, 14, 'IN'),
(47, 2, 'Iowa', NULL, 15, 'IA'),
(48, 2, 'Kansas', NULL, 16, 'KS'),
(49, 2, 'Kentucky', NULL, 17, 'KY'),
(50, 2, 'Louisiana', NULL, 18, 'LA'),
(51, 2, 'Maine', NULL, 19, 'ME'),
(52, 2, 'Maryland', NULL, 20, 'MD'),
(53, 2, 'Massachusetts', NULL, 21, 'MA'),
(54, 2, 'Michigan', NULL, 22, 'MI'),
(55, 2, 'Minnesota', NULL, 23, 'MN'),
(56, 2, 'Mississippi', NULL, 24, 'MS'),
(57, 2, 'Missouri', NULL, 25, 'MO'),
(58, 2, 'Montana', NULL, 26, 'MT'),
(59, 2, 'Nebraska', NULL, 27, 'NE'),
(60, 2, 'Nevada', NULL, 28, 'NV'),
(61, 2, 'New Hampshire', NULL, 29, 'NH'),
(62, 2, 'New Jersey', NULL, 30, 'NJ'),
(63, 2, 'New Mexico', NULL, 31, 'NM'),
(64, 2, 'New York', 'Nueva York', 32, 'NY'),
(65, 2, 'North Carolina', NULL, 33, 'NC'),
(66, 2, 'North Dakota', NULL, 34, 'ND'),
(67, 2, 'Ohio', NULL, 35, 'OH'),
(68, 2, 'Oklahoma', NULL, 36, 'OK'),
(69, 2, 'Oregon', NULL, 37, 'OR'),
(70, 2, 'Pennsylvania', NULL, 38, 'PA'),
(71, 2, 'Rhode Island', NULL, 39, 'RI'),
(72, 2, 'South Carolina', NULL, 40, 'SC'),
(73, 2, 'South Dakota', NULL, 41, 'SD'),
(74, 2, 'Tennessee', NULL, 42, 'TN'),
(75, 2, 'Texas', NULL, 43, 'TX'),
(76, 2, 'Utah', NULL, 44, 'UT'),
(77, 2, 'Vermont', NULL, 45, 'VT'),
(78, 2, 'Virginia', NULL, 46, 'VA'),
(79, 2, 'Washington', NULL, 47, 'WA'),
(80, 2, 'West Virginia', NULL, 48, 'WV'),
(81, 2, 'Wisconsin', NULL, 49, 'WI'),
(82, 2, 'Wyoming', NULL, 50, 'WY'),
(83, 2, 'District of Columbia', '', 51, 'DC');

-- --------------------------------------------------------

--
-- Estructura de tabla para la tabla `c_estado_trad`
--

CREATE TABLE IF NOT EXISTS `c_estado_trad` (
  `fl_estado` smallint(5) unsigned NOT NULL AUTO_INCREMENT,
  `fl_idioma` smallint(5) unsigned NOT NULL,
  `nb_estado` varchar(50) NOT NULL,
  PRIMARY KEY (`fl_estado`,`fl_idioma`)
) ENGINE=InnoDB DEFAULT CHARSET=utf8 AUTO_INCREMENT=1 ;

-- --------------------------------------------------------

--
-- Estructura de tabla para la tabla `c_etiqueta`
--

CREATE TABLE IF NOT EXISTS `c_etiqueta` (
  `cl_etiqueta` smallint(5) unsigned NOT NULL,
  `nb_etiqueta` varchar(50) NOT NULL,
  `ds_etiqueta` varchar(255) NOT NULL,
  `tr_etiqueta` varchar(255) DEFAULT NULL,
  `fg_admin` enum('1','0') NOT NULL DEFAULT '1',
  PRIMARY KEY (`cl_etiqueta`)
) ENGINE=InnoDB DEFAULT CHARSET=utf8;

--
-- Volcado de datos para la tabla `c_etiqueta`
--

INSERT INTO `c_etiqueta` (`cl_etiqueta`, `nb_etiqueta`, `ds_etiqueta`, `tr_etiqueta`, `fg_admin`) VALUES
(0, 'Etiquetas generales', 'Vigencia hasta el', 'Valid Until', '1'),
(1, 'Admon T&iacute;tulo de p&aacute;gina', 'Administraci&oacute;n', 'Administration', '0'),
(2, 'Admon Pie de p&aacute;gina', 'Todos los derechos reservados &lt;a href=&#039;http://www.loomtek.com.mx&#039;&gt;Loom Tecnolog&iacute;a S.A. de C.V.&lt;/a&gt;&lt;br&gt;Copyright &copy; 2015', 'All rights reserved &lt;a href=&#039;http://www.loomtek.com.mx&#039;&gt;Loom Tecnolog&iacute;a S.A. de C.V.&lt;/a&gt;&lt;br&gt;Copyright &copy; 2015', '1'),
(3, 'Sitio P&uacute;blico - Loomtek', '&lt;a href=http://www.loomtek.com.mx style=color:#FFF target=_blank&gt;Sitio creado por Loomtek&lt;/a&gt;', '&lt;a href=http://www.loomtek.com.mx style=color:#FFF target=_blank&gt;Created by Loomtek&lt;/a', '1'),
(4, 'Admon ALT del logo', 'Inicio', 'Home', '1'),
(5, 'Admon T&iacute;tulo', 'Administraci&oacute;n Kondominea', 'Kondominea Administration System', '1'),
(6, 'Etiquetas generales', 'Salir', 'Exit', '1'),
(7, 'Etiquetas generales', 'Fecha', 'Date', '1'),
(8, 'Etiquetas generales', 'Usuario', 'User', '1'),
(9, 'Cambiar Idioma', 'English', 'Espa&ntilde;ol', '1'),
(10, 'Etiquetas generales', 'Insertar registro', 'Add record', '1'),
(11, 'Etiquetas generales', 'Editar registro', 'Edit record', '1'),
(12, 'Etiquetas generales', 'Eliminar', 'Delete', '1'),
(13, 'Etiquetas generales', 'Guardar cambios', 'Save changes', '1'),
(14, 'Etiquetas generales', 'Cancelar', 'Cancel', '1'),
(15, 'Etiquetas generales', 'registros encontrados.', 'records found.', '1'),
(16, 'Etiquetas generales', 'S&iacute;', 'Yes', '1'),
(17, 'Etiquetas generales', 'No', ' No', '1'),
(18, 'Etiquetas generales', 'Nombre', 'Name', '1'),
(19, 'Etiquetas generales', 'Descripci&oacute;n', 'Description', '1'),
(20, 'T&iacute;tulo para mensajes', 'Informaci&oacute;n', 'Information', '1'),
(21, 'T&iacute;tulo para mensajes', 'Atenci&oacute;n', 'Warning', '1'),
(22, 'T&iacute;tulo para mensajes', '&iexcl;Error!', 'Error!', '1'),
(23, 'T&iacute;tulo para mensajes', '&iexcl;Realizado!', 'Succes!', '1'),
(24, 'Etiquetas generales', 'Regresar', 'Back', '1'),
(25, 'Etiquetas generales', 'Se encontraron errores. Por favor revise e intente nuevamente.', 'Errors found. Please check and try again.', '1'),
(26, 'Etiquetas generales', 'Exportar', 'Export', '1'),
(27, 'Etiquetas generales', 'Buscar', 'Search', '1'),
(28, 'Etiquetas generales', 'en', 'in', '1'),
(29, 'Etiquetas generales', 'Todos los campos', 'All fields', '1'),
(30, 'Etiquetas generales', 'Buscar registros', 'Query records', '1'),
(31, 'Etiquetas generales', 'Reiniciar', 'Reset', '1'),
(32, 'Etiquetas generales', 'Ordenar lista', 'Sort list', '1'),
(33, 'Etiquetas generales', 'de', 'of', '1'),
(34, 'Etiquetas generales', 'registro encontrado.', 'record found.', '1'),
(35, 'Etiquetas generales', '(dd-mm-aaaa)', '(mm-dd-yyyy)', '1'),
(36, 'Calendario', '&#039;Domingo&#039;, &#039;Lunes&#039;, &#039;Martes&#039;, &#039;Mi&eacute;rcoles&#039;, &#039;Jueves&#039;, &#039;Viernes&#039;, &#039;S&aacute;bado&#039;', '&#039;Sunday&#039;, &#039;Monday&#039;, &#039;Tuesday&#039;, &#039;Wednesday&#039;, &#039;Thursday&#039;, &#039;Friday&#039;, &#039;Saturday&#039;', '1'),
(37, 'Calendario', '&#039;Do&#039;, &#039;Lu&#039;, &#039;Ma&#039;, &#039;Mi&#039;, &#039;Ju&#039;, &#039;Vi&#039;, &#039;Sa&#039;', '&#039;Su&#039;, &#039;Mo&#039;, &#039;Tu&#039;, &#039;We&#039;, &#039;Th&#039;, &#039;Fr&#039;, &#039;Sa&#039;', '1'),
(38, 'Calendario', '&#039;Enero&#039;, &#039;Febrero&#039;, &#039;Marzo&#039;, &#039;Abril&#039;, &#039;Mayo&#039;, &#039;Junio&#039;, &#039;Julio&#039;, &#039;Augosto&#039;, &#039;Septiembre&#039;, &#039;Octubre&#039;, &#039;Noviembre&#039;, &#039;Diciembre&#039;', '&#039;January&#039;, &#039;February&#039;, &#039;March&#039;, &#039;April&#039;, &#039;May&#039;, &#039;June&#039;, &#039;July&#039;, &#039;August&#039;, &#039;September&#039;, &#039;October&#039;, &#039;November&#039;, &#039;December&#039;', '1'),
(39, 'Calendario', '&#039;Ene&#039;, &#039;Feb&#039;, &#039;Mar&#039;, &#039;Abr&#039;, &#039;May&#039;, &#039;Jun&#039;, &#039;Jul&#039;, &#039;Ago&#039;, &#039;Sep&#039;, &#039;Oct&#039;, &#039;Nov&#039;, &#039;Dic&#039;', '&#039;Jan&#039;, &#039;Feb&#039;, &#039;Mar&#039;, &#039;Apr&#039;, &#039;May&#039;, &#039;Jun&#039;, &#039;Jul&#039;, &#039;Aug&#039;, &#039;Sep&#039;, &#039;Oct&#039;, &#039;Nov&#039;, &#039;Dec&#039;', '1'),
(40, 'Etiquetas generales', 'Anterior', 'Previous', '1'),
(41, 'Etiquetas generales', 'Siguiente', 'Next', '1'),
(42, 'Etiquetas generales', 'Clave', 'Id', '1'),
(43, 'Etiquetas generales', 'Traducci&oacute;n', 'Translation', '1'),
(44, 'Etiquetas generales', 'Tipo', 'Type', '1'),
(45, 'Etiquetas generales', 'T&iacute;tulo', 'Title', '1'),
(46, 'Etiquetas generales', 'Aceptar', 'Ok', '1'),
(47, 'Etiquetas generales', 'Seleccione', 'Select', '1'),
(48, 'Etiquetas generales', 'Ordenamiento', 'Display order', '1'),
(49, 'Etiquetas generales', 'Detalle', 'Detail', '1'),
(50, 'Etiquetas generales', 'Espa&ntilde;ol', 'Spanish', '1'),
(51, 'Etiquetas generales', 'Ingl&eacute;s', 'English', '1'),
(52, 'Etiquetas generales', 'Cerrar', 'Close', '1'),
(53, 'Etiquetas generales', 'Ir al Sitio P&uacute;blico', 'Go to Public Site', '1'),
(54, 'Etiquetas generales', 'Olvid&eacute; mi contrase&ntilde;a', 'Forgot password', '1'),
(55, 'Meses', 'enero', 'January', '1'),
(56, 'Meses', 'febrero', 'February', '1'),
(57, 'Meses', 'marzo', 'March', '1'),
(58, 'Meses', 'abril', 'April', '1'),
(59, 'Meses', 'mayo', 'May', '1'),
(60, 'Meses', 'junio', 'June', '1'),
(61, 'Meses', 'julio', 'July', '1'),
(62, 'Meses', 'agosto', 'August', '1'),
(63, 'Meses', 'septiembre', 'September', '1'),
(64, 'Meses', 'octubre', 'October', '1'),
(65, 'Meses', 'noviembre', 'November', '1'),
(66, 'Meses', 'diciembre', 'December', '1'),
(67, 'Login', 'Contrase&ntilde;a', 'Password', '1'),
(68, 'Login', 'Entrar', 'Enter', '1'),
(69, 'Olvido', 'eMail', ' eMail', '1'),
(70, 'Olvido', 'Generar nueva Contrase&ntilde;a', 'Get new password', '1'),
(71, 'Etiquetas generales', 'Spanish', 'Espa&ntilde;ol', '1'),
(72, 'Etiquetas generales', 'English', 'Ingl&eacute;s', '1'),
(73, 'Etiquetas generales', 'Vista previa', 'Preview', '1'),
(74, 'Etiquetas generales', 'Subir archivo', 'Upload file', '1'),
(75, 'Etiquetas generales', '(Sin seleccionar)', '(Not selected)', '1'),
(76, 'Etiquetas generales', 'Los campos marcados con * son requeridos.', 'Fields with * are required.', '1'),
(77, 'Etiquetas generales', 'Sel.', ' Sel.', '1'),
(78, 'Etiquetas generales', 'Para p&aacute;gina', 'For page', '1'),
(79, 'Categor&iacute;as', 'Categor&iacute;as', 'Categories', '1'),
(80, 'Categor&iacute;as', 'Categor&iacute;a', 'Category', '1'),
(81, 'Categor&iacute;as', 'Subcategor&iacute;a', 'Subcategory', '1'),
(82, 'Categor&iacute;as', 'Sin categorizar', 'No category', '1'),
(83, 'Etiquetas generales', 'Ver todo', 'View all', '1'),
(84, 'Etiquetas generales', 'Imprimir', 'Print', '1'),
(85, 'Etiquetas generales', 'Perfil', 'Role', '1'),
(86, 'Direcci&oacute;n', 'Direcci&oacute;n', 'Address', '1'),
(87, 'Direcci&oacute;n', 'Calle', 'Street', '1'),
(88, 'Direcci&oacute;n', '# Exterior', 'Number', '1'),
(89, 'Direcci&oacute;n', '# Interior', 'Interior', '1'),
(90, 'Ubicaciones', 'Latitud', 'Latutude', '1'),
(91, 'Ubicaciones', 'Longitud', 'Longitude', '1'),
(92, 'Ubicaciones', 'Zoom', ' Zoom', '1'),
(93, 'Ubicaciones', 'Para cambiar la ubicaci&oacute;n, de click en un punto del mapa o arrastre el marcador.', 'To chenge location, click on the map or drag the marker.', '1'),
(94, 'Direcci&oacute;n', 'Colonia', 'Neiborhood', '1'),
(95, 'Direcci&oacute;n', 'Ciudad', 'City', '1'),
(96, 'Direcci&oacute;n', 'Estado', 'State', '1'),
(97, 'Direcci&oacute;n', 'Delegaci&oacute;n o Municipio', 'County', '1'),
(98, 'Direcci&oacute;n', 'C.P.', 'Zip', '1'),
(99, 'Sitio P&uacute;blico - Dise&ntilde;o', ' ', ' Public Site', '1'),
(100, 'Direcci&oacute;n', 'Pa&iacute;s', 'Country', '1'),
(101, 'Etiquetas generales', 'Otro', 'Other', '1'),
(102, 'T&iacute;tulo Sitio P&uacute;blico', 'Kondominea', ' Kondominea', '0'),
(103, 'Sitio P&uacute;blico', 'Inicio', 'Home', '0'),
(104, 'Sitio P&uacute;blico', 'Buscar', 'Search', '0'),
(105, 'Forma de Contacto', '&Aacute;rea de contacto', 'Contact area', '0'),
(106, 'Forma de Contacto', 'Nombre', 'Name', '0'),
(107, 'Forma de Contacto', 'Correo electr&oacute;nico', 'Email address', '0'),
(108, 'Forma de Contacto', 'Tel&eacute;fono', 'Phone number', '0'),
(109, 'Forma de Contacto', 'Comentario', 'Comment', '0'),
(110, 'Forma de Contacto', 'Su mensaje fue enviado. Gracias.', 'Youre message was sent. Thank you.', '0'),
(111, 'Forma de Contacto Email', 'Forma de Contacto', 'Contact form', '0'),
(112, 'Resultados de B&uacute;squeda', 'No se encontraron p&aacute;ginas que contengan', 'There are no pages containing', '0'),
(113, 'Resultados de B&uacute;squeda', 'registro encontrado.', 'result found.', '0'),
(114, 'Resultados de B&uacute;squeda', 'M&aacute;s Informaci&oacute;n', 'More Information', '0'),
(115, 'Sitio P&uacute;blico', 'Mapa del Sitio', 'Site Map', '0'),
(116, 'Noticias', 'Por el momento no hay noticias disponibles.', 'There are no available News right now.', '0'),
(117, 'Noticias', 'Ver todas las noticias', 'View all news', '0'),
(118, 'Noticias', 'Leer m&aacute;s...', 'Read more...', '0'),
(119, 'Noticias', 'Regresar', 'Back to News', '0'),
(120, 'Header Sitio P&uacute;blico', 'Header Sitio P&uacute;blico', 'Header Public Site', '0'),
(121, 'Sitio P&uacute;blico', '&copy; Loom Tecnolog&iacute;a S.A. de C.V. 2015', ' &copy; Loom Tecnolog&iacute;a S.A. de C.V. 2015', '1'),
(122, 'Sitio P&uacute;blico', 'En estos momentos la p&aacute;gina se encuentra en mantenimiento. Disculpe las molestias.', 'The page is under maintenance right now.', '0'),
(123, 'Login', 'Registrarme ahora', 'Register now', '0'),
(124, 'Login', 'Olvid&eacute; mi contrase&ntilde;a', 'Forgot password', '0'),
(125, 'Registro', 'Cambiar mi contrase&ntilde;a', 'Change password', '0'),
(126, 'Blog', 'Por el momento no hay publicaciones disponibles.', 'There are no available entries right now.', '0'),
(127, 'Blog', 'Ver todas las entradas', 'View all entries', '0'),
(128, 'Blog', 'Leer m&aacute;s...', 'Read more...', '0'),
(129, 'Blog', 'Regresar a lista de entradas del Blog', 'Back to Blog list', '0'),
(130, 'Comentarios', 'Por favor deje un comentario. Su direcci&oacute;n de correo no ser&aacute; publicada.', 'Please leave a comment. Your email address will not be published.', '0'),
(131, 'Comentarios', 'Nombre', 'Name', '0'),
(132, 'Comentarios', 'Correo electr&oacute;nico', 'Email address', '0'),
(133, 'Comentarios', 'Comentario', 'Comment', '0'),
(134, 'Etiquetas generales', 'Enviar', 'Submit', '0'),
(135, 'Comentarios', 'Comentarios', 'Comments', '0'),
(136, 'Registro', 'El registro se complet&oacute; satisfactoriamente.', 'The user was registered correctly.', '0'),
(137, 'Registro', 'Cuenta de acceso', 'Account information', '0'),
(138, 'Registro', 'Datos Generales', 'General Information', '0'),
(139, 'Registro', 'Domicilio y Tel&eacute;fonos', 'Address and Phone number', '0'),
(140, 'Registro', 'Usuario', 'Login', '0'),
(141, 'Registro', 'Contrase&ntilde;a', 'Password', '0'),
(142, 'Registro', 'Repita su contrase&ntilde;a', 'Repeat your password', '0'),
(143, 'Registro', 'Nombres', 'First name', '0'),
(144, 'Registro', 'Apellido paterno', 'Last name', '0'),
(145, 'Registro', 'Apellido materno', 'Middle name', '0'),
(146, 'Registro', 'Correo electr&oacute;nico', 'Email address', '0'),
(147, 'Registro', 'Nacimiento', 'Date of birth', '0'),
(148, 'Registro', 'Sexo', 'Gender', '0'),
(149, 'Registro', 'Masculino', 'Male', '0'),
(150, 'Registro', 'Femenino', 'Female', '0'),
(151, 'Registro', 'Calle', 'Street', '0'),
(152, 'Registro', 'N&uacute;mero', 'Number', '0'),
(153, 'Registro', 'Colonia', 'Area', '0'),
(154, 'Registro', 'Delegaci&oacute;n o municipio', 'County', '0'),
(155, 'Registro', 'Ciudad', 'City', '0'),
(156, 'Registro', 'Estado', 'State', '0'),
(157, 'Registro', 'C&oacute;digo Postal', 'P.O.', '0'),
(158, 'Registro', 'Tel&eacute;fono', 'Phone number', '0'),
(159, 'Registro', 'Celular', 'Mobile', '0'),
(160, 'Registro', 'Fax', ' Fax', '0'),
(161, 'Registro', 'Por favor revise los errores en la forma de captura.', 'Please check for errors in the form.', '0'),
(162, 'Registro', 'Sus datos se actualizaron satisfactoriamente.', 'Your information was successfully updated.', '0'),
(163, 'Login', 'Enviando contrase&ntilde;a...', 'Sending password...', '0'),
(164, 'Registro', 'Dar de baja usuario', 'Delete user', '0'),
(165, 'Registro', 'Contacto', 'Contact', '0'),
(166, 'Registro', 'Acepto los t&eacute;rminos y condiciones', 'I accept terms and conditions', '0'),
(167, 'Categor&iacute;as', 'Mostrar:', 'Sort by:', '0'),
(168, 'Categor&iacute;as', 'Todo', 'All', '0'),
(169, 'Categor&iacute;as', 'Ver m&aacute;s', 'View more', '0'),
(170, 'Etiquetas generales', '(No seleccionado)', '(Not selected)', '0'),
(171, 'Etiquetas generales', 'Seleccione una opci&oacute;n del Men&uacute;.', 'Please select a menu option.', '0'),
(172, 'Etiquetas generales', 'No se ha seleccionado un condominio.', 'There is no selected condominium.', '0'),
(173, 'Etiquetas generales', 'Configuraci&oacute;n', 'Configuration', '0'),
(174, 'Etiquetas generales', 'Mensajes', 'Messages', '0'),
(175, 'Sitio P&uacute;blico', 'Noticias', 'News', '0'),
(177, 'Sitio P&uacute;blico', 'Publicado', 'Published', '0'),
(178, 'Footer Sitio P&uacute;blico', 'Kondominea', ' Kondominea', '0'),
(179, 'Etiquetas generales', 'Cond&oacute;mino', 'Homeowner', '1'),
(180, 'Etiquetas generales', 'Ubicaci&oacute;n', 'Location', '1'),
(181, 'Etiquetas generales', '(m2)', ' (m2)', '1'),
(182, 'Etiquetas generales', 'Apellido Paterno', 'Father&acute;s Last Name', '1'),
(183, 'Etiquetas generales', 'Apellido Materno', 'Mother&acute;s Last Name', '1'),
(184, 'Etiquetas generales', 'Email', ' Email', '1'),
(185, 'D&iacute;as', 'Lunes', 'Monday', '1'),
(186, 'D&iacute;as', 'Martes', 'Tuesday', '1'),
(187, 'D&iacute;as', 'Mi&eacute;rcoles', 'Wenesday', '1'),
(188, 'D&iacute;as', 'Jueves', 'Thursday', '1'),
(189, 'D&iacute;as', 'Viernes', 'Friday', '1'),
(190, 'D&iacute;as', 'S&aacute;bado', 'Saturday', '1'),
(191, 'D&iacute;as', 'Domingo', 'Sunday', '1'),
(192, 'Titulo about', 'Kondominea', ' Kondominea', '0'),
(193, 'Descripcion about', 'Somos tu mejor opci&oacute;n', 'We are your best option', '0'),
(194, 'Pruebas about', 'PRUEBA EN VIVO', 'LIVE TEST', '0'),
(195, 'Pruebas probar', 'Puedes entrar para probar el demo en vivo con el usuario PRUEBA contrase&ntilde;a PRUEBA', 'You can live demo test with user PRUEBA, password PRUEBA', '0'),
(196, 'Prueba comienza', 'Comienza a usarlo ahora', 'Start use', '0'),
(197, 'Servicios', 'Servicios', 'Services', '0'),
(198, 'Servicios Descripci&oacute;n', 'Estas caracter&iacute;sticas nos hacen superiores a nuestra competencia.', 'These funtionalities make us be on top of our competition', '0'),
(199, 'Kondominea precios', 'Precios Kondomiea', 'Kondominea Prices', '0'),
(200, 'Kondominea precios descripcion', 'Diferentes precios que se manejan en actualmente', 'Different prices being handled today', '0'),
(201, 'Cuotas', 'Cuota &Uacute;nica de Instalaci&oacute;n', 'Single setup fee', '0'),
(202, 'cuotas', 'Cuota mensual por unidad registrada', 'Monthly Fee per registered unit', '0'),
(203, 'cuotas', 'Cuota m&iacute;nima mensual', 'Minimum monthly fee', '0'),
(204, 'cuotas', 'Vigentes a partir del', 'Valid as of', '0'),
(205, 'cuotas', 'Compre Ahora', 'Purchase Now', '0'),
(206, 'Clientes', 'Nuestros Clientes', 'Our Customers', '0'),
(207, 'Clientes descripci&oacute;n', 'Micrositio de nuestros clientes', 'Our Customers&acute;microsite', '0'),
(208, 'Forma de contacto descripci&oacute;n', 'No dude en contactarnos.  Nos gustar&iacute;a discutir su proyecto', 'Don&#039;t hesitate to get in touch with us. We would love to discuss on your project', '0'),
(209, 'Idiomas', 'Idiomas', 'Language', '0'),
(210, 'Etiquetas generales', 'Tags', ' Tags', '0'),
(211, 'Etiquetas generales', 'St&#97;ndard', ' Standard', '0'),
(212, 'Etiquetas generales', 'Activo', 'Active', '1'),
(213, 'Etiquetas generales', 'Agregar', 'Add', '1'),
(214, 'Etiquetas generales', 'Editar', 'Edit', '1'),
(215, 'Etiquetas generales', 'Nombre', 'Name', '1'),
(216, 'Ordenar', 'Ordenar', 'Sort', '1'),
(217, 'Etiquetas generales', 'Persona', 'Bussiness type', '1'),
(218, 'Etiquetas generales', 'Empresa', 'Enterprise', '1'),
(222, 'Notificaciones ', 'Se encontraron algunos errores, revise e intente de nuevo', 'Some errors were found, check and try again', '1'),
(223, 'Notificaciones ', 'Se almacenaron correctamente los datos', 'The data is stored correctly', '1'),
(225, 'Etiquetas generales', 'Respositorio de Archivos', 'File Repository', '1'),
(226, 'Etiquetas generales', 'Apartir del', 'From', '1'),
(227, 'Etiquetas generales', 'Hasta el', 'To', '1'),
(228, 'Etiquetas generales', 'Vigencia hasta el', 'Valid Until', '1'),
(229, 'Etiquetas generales', 'Estado', 'Status', '1'),
(230, 'Etiquetas generales', 'Superficie (m2)', 'Surface', '1'),
(231, 'Etiquetas generales', 'Construcci&oacute;n (m2)', 'Construction', '1'),
(232, 'Etiquetas generales', 'Datos personales', 'Personal data', '1'),
(233, 'Etiquetas generales', 'Presente', 'Present', '1'),
(234, 'Etiquetas generales', 'Administrador', 'Manager', '1'),
(235, 'Etiquetas generales', 'Empleado', 'Employed', '1'),
(236, 'Etiquetas generales', 'Periodo', 'Period', '1'),
(237, 'Validación', 'Campo Requerido', 'Required', '1'),
(238, 'Notificaciones', 'Datos eliminados correctamente', 'Correctly Deleted', '1'),
(239, 'Cuotas', 'Cuota mensual', 'Monthly Fee', '1'),
(240, 'Etiquetas generales', 'Observaciones', 'Observations', '1'),
(241, 'Etiquetas generales', 'Costo', 'Cost', '1'),
(242, 'Etiquetas generales', 'Secci&oacute;n', 'Section', '1'),
(243, 'Etiquetas generales', 'Vigencia', 'Validity', '1'),
(244, 'Kondominea', 'Unidad', 'Unit', '1'),
(245, 'Generales', 'Aplicar', 'Apply', '1'),
(246, 'Generales', 'Contenido', 'Content', '1'),
(247, 'Login', '&iquest;No tienes cuenta?', 'Do not have an account?', '1'),
(248, 'Generales', 'Listado', 'List', '1'),
(249, 'Kondominea', 'Condominio', 'Condominium', '1'),
(250, 'Kondominea', 'Secci&oacute;n', 'Section', '1'),
(251, 'Generales', 'Datos de contacto', 'Contact Info', '1'),
(252, 'Generales', 'Importe', 'Import', '1'),
(253, 'Generales', 'Subtotal', ' Subtotal', '1'),
(254, 'Generales', 'IVA', 'Tax', '1'),
(255, 'Generales', 'Total', ' Total', '1'),
(256, 'Generales', 'Fecha de pago', 'Pay date', '1'),
(257, 'Generales', 'Concepto', 'Concept', '1'),
(258, 'Generales', 'Soporte de pago', 'Payment support', '1'),
(259, 'Generales', 'Comprobante', 'Proof of payment', '1'),
(260, 'Generales', 'Comprobante y Soporte de pago', 'Proof and Support', '1'),
(261, 'Generales', 'Recibo', 'Recipient', '1'),
(262, 'Generales', 'Factura', 'Bill', '1'),
(263, 'Generales', 'Folio', ' Folio', '1'),
(264, 'Generales', 'Forma de pago', 'Way to play', '1'),
(265, 'Generales', 'Calendario', 'Calendar', '1'),
(266, 'Generales', 'Hora', 'Hour', '1'),
(267, 'Generales', 'Inicia', 'Start', '1'),
(268, 'Generales', 'Finaliza', 'End', '1'),
(269, 'T&iacute;tulo Sistema', 'Sistema Kondominea', 'Kondominea Sistem', '1'),
(270, 'Generales', 'Desde', 'From', '1'),
(271, 'Generales', 'Hasta', 'To', '1'),
(272, 'Cuota', 'Cuota', 'Fee', '1'),
(273, 'Cuenta Kondominea', 'Bilingüe', 'Bilingual', '1'),
(274, 'Pagos', 'Concepto', 'Concept', '1'),
(275, 'Pagos', 'Cantidad', 'Quantity', '1'),
(276, 'Pagos', 'Costo Unitario', 'Unit Price', '1'),
(277, 'Pagos', 'Total', ' Total', '1'),
(278, 'Pagos', 'Subtotal', ' Subtotal', '1'),
(279, 'Pagos', 'Total', 'Grand Total', '1'),
(280, 'Pagos', 'Fecha Límite', 'Due Date', '1'),
(281, 'Etiquetas Generales', 'Unidades', 'Units', '1'),
(282, 'Pagos', 'Pagar', 'Pay', '1'),
(283, 'Kondominea', 'Mapa', 'Map', '1'),
(284, 'Contabilidad Kondominea', 'Cuota de mantenimiento', 'Maintenance Fee', '1'),
(285, 'Contabilidad Kondominea', 'Extraordinario', 'Outstanding Fee', '1'),
(286, 'Contabilidad Kondominea', 'Fondo Fijo', 'Fixed Fund', '1'),
(287, 'Contabilidad Kondominea', 'Sanci&oacute;n', 'Penalty', '1'),
(288, 'Contabilidad Kondominea', 'Otro', 'Other', '1'),
(289, 'Etiquetas Generales', 'P&uacute;blico', 'Public', '1'),
(290, 'Etiquetas Generales', 'Privado', 'Private', '1'),
(291, 'Etiquetas Generales', 'Imagen', 'Image', '1'),
(292, 'Etiquetas Generales', 'Archivo', 'File', '1'),
(293, 'Login', 'Enviar nueva contraseña', 'Send new password', '1'),
(294, 'Login', '&iquest;Olvidaste tu contrase&ntilde;a?', 'Forgot your password?', '1'),
(295, 'Login', 'Introduce tu correo electr&oacute;nico y te enviaremos una contrase&ntilde;a nueva', 'Enter your email address to send new password. ', '1');

-- --------------------------------------------------------

--
-- Estructura de tabla para la tabla `c_etiqueta_trad`
--

CREATE TABLE IF NOT EXISTS `c_etiqueta_trad` (
  `cl_etiqueta` smallint(5) unsigned NOT NULL,
  `fl_idioma` smallint(5) unsigned NOT NULL,
  `ds_etiqueta` varchar(255) DEFAULT NULL,
  PRIMARY KEY (`cl_etiqueta`,`fl_idioma`),
  KEY `fk_c_etiqueta_trad_c_etiqueta_idx` (`cl_etiqueta`),
  KEY `fk_c_etiqueta_trad_c_idioma_idx` (`fl_idioma`)
) ENGINE=InnoDB DEFAULT CHARSET=utf8;

--
-- Volcado de datos para la tabla `c_etiqueta_trad`
--

INSERT INTO `c_etiqueta_trad` (`cl_etiqueta`, `fl_idioma`, `ds_etiqueta`) VALUES
(2, 3, ''),
(3, 3, ''),
(114, 3, ''),
(204, 3, '');

-- --------------------------------------------------------

--
-- Estructura de tabla para la tabla `c_facturacion`
--

CREATE TABLE IF NOT EXISTS `c_facturacion` (
  `fl_facturacion` mediumint(8) unsigned NOT NULL AUTO_INCREMENT,
  `fl_direccion` mediumint(8) unsigned DEFAULT NULL,
  `fl_facturacion_certificado` mediumint(8) unsigned DEFAULT NULL,
  `fg_regimen` enum('F','M') DEFAULT 'F' COMMENT 'Regimen\nF = persona Física\nM = persona Moral',
  `nb_razon_social` varchar(250) DEFAULT NULL,
  `ds_nombre` varchar(150) DEFAULT NULL,
  `ds_paterno` varchar(150) DEFAULT NULL,
  `ds_materno` varchar(150) DEFAULT NULL,
  `cl_rfc` varchar(20) NOT NULL,
  `ds_email` varchar(250) NOT NULL,
  `fe_alta` datetime DEFAULT NULL,
  `fe_ultmod` datetime DEFAULT NULL,
  PRIMARY KEY (`fl_facturacion`),
  KEY `fk_c_facturacion_c_direccion1_idx` (`fl_direccion`),
  KEY `fk_c_facturacion_c_facturacion_certificado1_idx` (`fl_facturacion_certificado`)
) ENGINE=InnoDB  DEFAULT CHARSET=utf8 AUTO_INCREMENT=29 ;

--
-- Volcado de datos para la tabla `c_facturacion`
--

INSERT INTO `c_facturacion` (`fl_facturacion`, `fl_direccion`, `fl_facturacion_certificado`, `fg_regimen`, `nb_razon_social`, `ds_nombre`, `ds_paterno`, `ds_materno`, `cl_rfc`, `ds_email`, `fe_alta`, `fe_ultmod`) VALUES
(0, 0, 0, 'M', 'EMPRESA PRUEBAS SA DE CV', NULL, NULL, NULL, 'GOYA780416GM0', 'emedina@loomtek.com.mx', NULL, NULL),
(1, 18, NULL, 'F', '', 'Edwin', 'Aguilar', '', 'EEL081202UM0', 'facturacion@mayros.com', '2015-08-10 17:56:43', '2015-08-21 13:16:44'),
(2, 19, NULL, 'M', 'Medina Cid Eddin', '', '', '', 'EDD20152648Mn0', 'eddin@gmail.com', '2015-08-10 18:23:10', '2015-08-21 13:17:05'),
(3, 17, NULL, 'M', 'Alcanzando una Estrella SA de CV', '', '', '', 'ALCA151017MAY', 'alcanzando@estrella.com', '2015-08-19 12:28:55', '2015-12-14 17:33:00'),
(4, 16, NULL, 'F', '', 'Sonia', 'Orozco', 'Orrutia', 'OROS840624MN', 'sonia@hotmail.com', '2015-08-19 12:35:25', '2015-12-14 18:07:42'),
(5, NULL, NULL, 'M', 'Loom Tecnolog&iacute;a S.A. de C.V.', NULL, NULL, NULL, 'LTE090402F87', 'mreyes@loomtek.com.mx', '2015-08-20 18:59:03', '2015-08-20 19:00:50'),
(6, NULL, NULL, 'F', 'Mauricio Reyes Alonso', NULL, NULL, NULL, 'REAM710713RSA', 'mra_eds@yahoo.com', '2015-08-20 19:01:52', '2015-08-20 19:01:52'),
(7, 20, NULL, 'F', '', 'Rub&eacute;n', 'Naranjo', 'Pera', 'kjb123456nb0', 'rnaranjo@hotmail.com', '2015-08-26 16:42:48', '2015-08-26 16:42:48'),
(8, 23, NULL, 'F', '', 'Medina', 'Arreola', '', 'MDAC840624', 'eddin_gmc@hotmail.com', '2015-09-15 12:20:25', '2015-09-15 12:20:25'),
(9, 26, NULL, 'F', '', 'Alan', 'Medina', '', '12345687', 'eddin@gmail.com', '2015-09-22 16:23:10', '2015-09-22 16:23:10'),
(12, 29, NULL, 'F', '', 'Peter', 'Flinstone', '', '135464', 'peta_finstone@gmail.com', '2015-09-23 13:08:11', '2015-09-23 13:08:11'),
(13, 30, NULL, 'M', 'Juan Camaney SA de CV', '', '', '', '1254', 'camaney@hot.com', '2015-09-23 13:23:41', '2015-09-23 13:23:41'),
(17, 34, NULL, 'F', '', 'Petronila', 'Guill&eacute;n', '', '5168', 'petra@hot.com', '2015-09-23 13:35:02', '2015-09-23 13:35:02'),
(18, 44, NULL, 'F', '', 'Gustavo', 'Arreola', '', 'MGG081202UM0', 'eddin.gmc@gmail.com', '2015-09-28 13:02:26', '2015-09-28 13:02:26'),
(19, 46, NULL, 'M', 'Corporativo Eddines SA', '', '', '', 'ALC20152648Mn0', 'eddin_gmc@hotmail.com', '2015-10-27 15:38:53', '2015-10-27 15:38:53'),
(20, 48, NULL, 'M', 'Residencial Campestre San Gil, S.C.', '', '', '', 'RCS', 'jaimegn82@hotmail.com', '2015-10-29 14:55:19', '2015-10-29 14:55:19'),
(21, 49, NULL, 'F', '', 'Jos&eacute; Manuel', 'Guti&eacute;rrez', 'Garc&iacute;a', 'GUGM470917SZ6', 'jmgtz24@yahoo.com.mx', '2015-10-29 20:25:41', '2015-10-29 20:25:41'),
(22, 51, NULL, 'F', '', 'CECILIA', 'CERVANTES', 'GUERRERO', 'CEGC750424', 'cecilia.cervantes@ailrynk.com', '2015-11-04 16:00:31', '2015-11-04 16:00:31'),
(23, 52, NULL, 'F', '', 'ALEXANDRA', 'PELAEZ', 'CASILLAS', 'PECA760213', 'cecilia.cervantes@airlynk.com', '2015-11-04 16:03:29', '2015-11-04 16:03:29'),
(24, 53, NULL, 'F', '', 'TERE', 'ALARCON', '', 'ALMT700723', 'cecilia.cervantes@airlynk.com', '2015-11-04 16:19:41', '2015-11-04 16:19:41'),
(26, 56, NULL, 'M', 'Las fuentes de Jalisco SA de CV', '', '', '', 'MDGC840624CID', 'emedina@loomtek.com.mx', '2015-12-18 11:47:01', '2015-12-18 11:47:01'),
(27, 58, NULL, 'F', '', 'Gloria', 'Chabero', '', 'CEGC750424', 'cecilia.cervantes@ailrynk.com', '2015-12-22 17:20:29', '2015-12-22 17:20:29'),
(28, 59, NULL, 'F', '', 'Norman', 'S&aacute;nchez', '', 'ALCA151017MAY', 'peta_finstone@gmail.com', '2015-12-30 00:34:17', '2015-12-30 00:34:17');

-- --------------------------------------------------------

--
-- Estructura de tabla para la tabla `c_facturacion_certificado`
--

CREATE TABLE IF NOT EXISTS `c_facturacion_certificado` (
  `fl_facturacion_certificado` mediumint(8) unsigned NOT NULL AUTO_INCREMENT,
  `nb_cer` varchar(255) DEFAULT NULL,
  `nb_key` varchar(255) DEFAULT NULL,
  `nb_cer_pem` varchar(255) DEFAULT NULL,
  `nb_key_pem` varchar(255) DEFAULT NULL,
  `no_certificado` varchar(100) DEFAULT NULL,
  `cl_llave_privada` varchar(100) DEFAULT NULL,
  `fe_alta` datetime DEFAULT NULL,
  `fe_ultmod` datetime DEFAULT NULL,
  PRIMARY KEY (`fl_facturacion_certificado`)
) ENGINE=InnoDB  DEFAULT CHARSET=utf8 AUTO_INCREMENT=2 ;

--
-- Volcado de datos para la tabla `c_facturacion_certificado`
--

INSERT INTO `c_facturacion_certificado` (`fl_facturacion_certificado`, `nb_cer`, `nb_key`, `nb_cer_pem`, `nb_key_pem`, `no_certificado`, `cl_llave_privada`, `fe_alta`, `fe_ultmod`) VALUES
(0, 'goya780416gm0_1210221537s.cer', 'goya780416gm0_1210221537s.key', 'goya780416gm0_1210221537s.cer.pem', 'goya780416gm0_1210221537s.key.pem', '20001000000200000216', '12345678a', '2015-12-14 14:00:00', '2015-12-14 14:00:00'),
(1, 'goya780416gm0_1210221537s.cer', 'goya780416gm0_1210221537s.key', 'goya780416gm0_1210221537s.cer.pem', 'goya780416gm0_1210221537s.key.pem', '20001000000200000216', '12345678a', NULL, NULL);

-- --------------------------------------------------------

--
-- Estructura de tabla para la tabla `c_forma_pago`
--

CREATE TABLE IF NOT EXISTS `c_forma_pago` (
  `fl_forma_pago` tinyint(3) unsigned NOT NULL AUTO_INCREMENT,
  `nb_forma_pago` varchar(150) DEFAULT NULL,
  `tr_forma_pago` varchar(150) DEFAULT NULL,
  `fg_publico` tinyint(1) unsigned DEFAULT '0',
  `fe_alta` datetime DEFAULT NULL,
  `fe_ultmod` datetime DEFAULT NULL,
  PRIMARY KEY (`fl_forma_pago`)
) ENGINE=InnoDB  DEFAULT CHARSET=utf8 AUTO_INCREMENT=5 ;

--
-- Volcado de datos para la tabla `c_forma_pago`
--

INSERT INTO `c_forma_pago` (`fl_forma_pago`, `nb_forma_pago`, `tr_forma_pago`, `fg_publico`, `fe_alta`, `fe_ultmod`) VALUES
(1, 'Dep&oacute;sito (Efectivo o Cheque)', NULL, 1, NULL, NULL),
(2, 'Tranferencia', NULL, 1, NULL, NULL),
(3, 'Tarjeta Bancaria', NULL, 1, NULL, NULL),
(4, 'Dep&oacute;sito cuenta referenciada', NULL, 0, NULL, NULL);

-- --------------------------------------------------------

--
-- Estructura de tabla para la tabla `c_funcion`
--

CREATE TABLE IF NOT EXISTS `c_funcion` (
  `fl_funcion` smallint(5) unsigned NOT NULL AUTO_INCREMENT,
  `fl_modulo` smallint(5) unsigned NOT NULL,
  `nb_funcion` varchar(50) NOT NULL,
  `tr_funcion` varchar(50) DEFAULT NULL,
  `fg_menu` enum('1','0') NOT NULL DEFAULT '1',
  `no_orden` tinyint(3) unsigned NOT NULL DEFAULT '0',
  `nb_programa` varchar(50) NOT NULL,
  `fg_tipo_seguridad` enum('R','A','X') NOT NULL DEFAULT 'R',
  `fg_solo_ejecucion` enum('0','1') NOT NULL DEFAULT '0',
  `fg_exportar` enum('0','1') NOT NULL DEFAULT '0',
  `fg_activo` enum('1','0') NOT NULL DEFAULT '1',
  `fg_insert` enum('1','0') NOT NULL DEFAULT '1',
  `fg_update` enum('1','0') NOT NULL DEFAULT '1',
  `fg_delete` enum('1','0') NOT NULL DEFAULT '1',
  `fg_imprimir` enum('0','1') NOT NULL DEFAULT '0',
  PRIMARY KEY (`fl_funcion`),
  KEY `fk_c_funcion_c_modulo_idx` (`fl_modulo`)
) ENGINE=InnoDB  DEFAULT CHARSET=utf8 AUTO_INCREMENT=149 ;

--
-- Volcado de datos para la tabla `c_funcion`
--

INSERT INTO `c_funcion` (`fl_funcion`, `fl_modulo`, `nb_funcion`, `tr_funcion`, `fg_menu`, `no_orden`, `nb_programa`, `fg_tipo_seguridad`, `fg_solo_ejecucion`, `fg_exportar`, `fg_activo`, `fg_insert`, `fg_update`, `fg_delete`, `fg_imprimir`) VALUES
(1, 1, '&iexcl;Bienvenido!', 'Welcome!', '1', 1, 'home.php', 'X', '0', '0', '1', '1', '1', '1', '0'),
(4, 3, 'Definici&oacute;n de Men&uacute;', 'Menu Definition', '1', 1, 'menu.php', 'R', '0', '0', '1', '1', '1', '1', '0'),
(5, 3, 'P&aacute;ginas Fijas', 'Fixed Pages', '1', 2, 'paginas.php', 'R', '0', '0', '1', '0', '1', '0', '0'),
(6, 3, 'Spots de contenido', 'Content spots', '1', 3, 'hotspots.php', 'R', '0', '0', '1', '0', '1', '0', '0'),
(7, 3, 'Noticias', 'News', '1', 5, 'noticias.php', 'R', '0', '0', '1', '1', '1', '1', '0'),
(8, 3, 'Blog', 'Blog', '1', 4, 'blogs.php', 'R', '0', '0', '1', '1', '1', '1', '0'),
(11, 5, 'Categor&iacute;as', 'Gallery Categories', '1', 1, 'categorias.php', 'R', '0', '0', '1', '1', '1', '1', '0'),
(13, 3, 'Banners en Home', 'Banners', '1', 7, 'banners.php', 'R', '0', '0', '1', '1', '1', '1', '0'),
(14, 5, 'Correos de Contacto', 'Contact Emails', '1', 5, 'correos.php', 'R', '0', '0', '1', '1', '1', '1', '0'),
(15, 5, 'Sets de banners', 'Banners sets', '1', 11, 'setsbanners.php', 'A', '0', '0', '1', '1', '1', '1', '0'),
(16, 5, 'Im&aacute;genes', 'Images', '1', 2, 'media.php', 'R', '0', '0', '1', '0', '1', '0', '0'),
(17, 5, 'Etiquetas', 'Labels', '1', 3, 'etiquetas.php', 'R', '0', '0', '1', '0', '1', '0', '0'),
(18, 5, 'Mensajes', 'Messages', '1', 4, 'mensajes.php', 'R', '0', '0', '1', '0', '1', '0', '0'),
(19, 5, 'Variables del Sistema', 'System variables', '1', 7, 'variables.php', 'R', '0', '0', '1', '0', '1', '0', '0'),
(20, 5, 'M&oacute;dulos', 'Modules', '1', 12, 'modulos.php', 'A', '0', '0', '1', '1', '1', '1', '0'),
(21, 5, 'Funciones', 'Functions', '1', 13, 'funciones.php', 'A', '0', '1', '1', '1', '1', '1', '0'),
(22, 6, 'Perfiles', 'User Roles', '1', 1, 'perfiles.php', 'R', '0', '0', '1', '1', '1', '1', '0'),
(23, 6, 'Usuarios', 'Users', '1', 2, 'usuarios.php', 'R', '0', '1', '1', '1', '1', '1', '0'),
(24, 6, 'Cambiar Contrase&ntilde;a', 'Change Password', '1', 3, 'pwd.php', 'X', '1', '0', '1', '1', '1', '1', '0'),
(25, 6, 'Cambiar contrase&ntilde;a a otros usuarios', 'Change password to other users', '0', 4, '', 'R', '1', '0', '1', '1', '1', '1', '0'),
(26, 7, 'Manual de Referencia', 'Reference Manual', '1', 1, 'ayuda.php', 'X', '0', '0', '1', '1', '1', '1', '0'),
(27, 7, 'Tutorial Mesa Directiva', 'Board Tutorial', '1', 2, 't_mesa_directiva.php', 'R', '0', '0', '1', '1', '1', '1', '0'),
(28, 3, 'Galer&iacute;as', 'Galleries', '1', 6, 'galerias.php', 'R', '0', '0', '1', '1', '1', '1', '0'),
(29, 5, 'Idiomas', 'Languages', '1', 6, 'idiomas.php', 'R', '0', '0', '1', '1', '1', '1', '0'),
(30, 8, 'Contenido', 'Content', '1', 1, 'trad_contenido.php', 'R', '0', '0', '1', '1', '1', '1', '0'),
(31, 8, 'Etiquetas del Sitio P&uacute;blico', 'Labels', '1', 2, 'trad_etiquetas.php', 'R', '0', '0', '1', '1', '1', '1', '0'),
(32, 8, 'Etiquetas del Sistema', 'System Labels', '1', 3, 'trad_etiquetas_sis.php', 'R', '0', '0', '1', '1', '1', '1', '0'),
(33, 8, 'Funciones', 'Functions', '1', 4, 'trad_funciones.php', 'A', '0', '0', '1', '1', '1', '1', '0'),
(34, 9, 'Condominios', 'Condominiums', '0', 1, 'condominios.php', 'R', '0', '1', '0', '1', '1', '1', '1'),
(35, 19, 'Datos Generales', 'General Info', '1', 1, 'datos.php', 'R', '0', '0', '1', '1', '1', '1', '0'),
(36, 19, 'Secciones', 'Sections', '1', 2, 'secciones.php', 'R', '0', '1', '1', '1', '1', '1', '0'),
(37, 19, 'Unidades', 'Units', '1', 3, 'unidades.php', 'R', '0', '1', '1', '1', '1', '1', '0'),
(38, 9, 'Cajones Estacionamiento', 'Parking Lots', '1', 5, 'cajones.php', 'R', '0', '0', '1', '1', '1', '1', '0'),
(39, 9, '&Aacute;reas de Lavado y Tendido', 'Washing Areas', '1', 6, 'areas_lavado.php', 'R', '0', '0', '1', '1', '1', '1', '0'),
(40, 9, 'Cuartos de Servicio', 'Service Rooms', '1', 7, 'cuartos.php', 'R', '0', '0', '1', '1', '1', '1', '0'),
(41, 19, '&Aacute;reas Comunes', 'Common Areas', '1', 4, 'areas_comunes.php', 'R', '0', '0', '1', '1', '1', '0', '0'),
(42, 9, 'Bienes Comunes', 'Commons', '1', 9, 'bienes.php', 'R', '0', '0', '1', '1', '1', '1', '0'),
(43, 19, 'Mesa Directiva', 'Board', '1', 6, 'mesa_directiva.php', 'R', '0', '0', '1', '1', '1', '1', '0'),
(44, 9, 'Comit&eacute;s y Comisiones', 'Committee', '1', 11, 'comite.php', 'R', '0', '0', '1', '1', '1', '1', '0'),
(45, 16, 'Definci&oacute;n de Cuotas', 'Fees', '1', 1, 'definicion_cuotas.php', 'R', '0', '0', '1', '1', '1', '1', '0'),
(50, 17, 'Recurrentes', 'Recurring', '1', 7, 'gastos_mensuales.php', 'R', '0', '0', '1', '1', '1', '1', '0'),
(51, 17, 'Extraordinarios', 'Exception', '1', 8, 'gastos_extraordinarios.php', 'R', '0', '0', '1', '1', '1', '1', '0'),
(52, 17, 'Fondo Com&uacute;n', 'Common', '1', 9, 'gastos_fondo.php', 'R', '0', '0', '1', '1', '1', '1', '0'),
(53, 10, 'Facturaci&oacute;n', 'Billing', '0', 3, 'facturacion.php', 'R', '0', '0', '1', '1', '1', '1', '0'),
(54, 16, 'Registro de Cuotas', 'Fee Registry', '1', 2, 'registro.php', 'R', '0', '0', '1', '1', '1', '1', '0'),
(55, 11, 'Ingresos del Periodo', 'Income by Period', '1', 1, 'r_ingresos.php', 'R', '0', '1', '1', '1', '1', '1', '0'),
(56, 11, 'Gastos', 'Expenses', '1', 2, 'r_gastos.php', 'R', '0', '1', '1', '1', '1', '1', '0'),
(57, 11, 'Gastos Extraordinarios', 'Exception Expenses', '1', 3, 'r_extraordinarios.php', 'R', '0', '0', '1', '1', '1', '1', '0'),
(58, 11, 'Gastos del Fondo Com&uacute;n', 'Common Expenses', '1', 4, 'r_fondo.php', 'R', '0', '0', '1', '1', '1', '1', '0'),
(59, 11, 'Estados de Cuenta', 'Benefit Statement', '1', 5, 'r_estado_cuenta.php', 'R', '0', '0', '1', '1', '1', '1', '0'),
(60, 11, 'Uso de Recursos', 'Resources Usage', '1', 6, 'r_recursos.php', 'R', '0', '0', '1', '1', '1', '1', '0'),
(61, 11, 'Cond&oacute;minos Morosos', 'Delayed Homeowners', '1', 7, 'r_morosos.php', 'R', '0', '0', '1', '1', '1', '1', '0'),
(62, 11, 'Conciliaci&oacute;n Bancaria', 'Bank Conciliation', '1', 8, 'r_conciliacion.php', 'R', '0', '0', '1', '1', '1', '1', '0'),
(63, 11, 'Seguimiento de Acuerdos', 'Agreements Tracking', '1', 9, 'r_acuerdos.php', 'R', '0', '0', '1', '1', '1', '1', '0'),
(64, 11, 'Mesa Directiva', 'Board', '1', 10, 'r_mesa_directiva.php', 'R', '0', '0', '1', '1', '1', '1', '0'),
(65, 12, 'Juntas', 'Meetings', '1', 1, 'juntas.php', 'R', '0', '0', '1', '1', '1', '1', '0'),
(66, 12, 'Listas de Asistencia', 'Attendance Lists', '0', 1, 'asistencias.php', 'R', '0', '0', '1', '1', '1', '1', '0'),
(67, 12, 'Lista de Asistentes', 'Assistants List', '0', 1, 'juntas_asistentes.php', 'R', '0', '0', '1', '1', '1', '1', '1'),
(68, 12, 'Minutas', 'Memorandum', '0', 5, 'minutas.php', 'R', '0', '0', '1', '1', '1', '1', '0'),
(69, 12, 'Conclusi&oacute;n', 'Conclution', '0', 1, 'juntas_conclusion.php', 'R', '0', '0', '1', '1', '1', '1', '0'),
(70, 12, 'Env&iacute;o de Minutas', 'Memorandum Emails', '0', 6, 'minutas_envio.php', 'R', '0', '0', '1', '1', '1', '1', '0'),
(71, 13, 'Fotos de Cond&oacute;minos', 'Homeowner Photos', '1', 1, 'g_condominos.php', 'R', '0', '0', '1', '1', '1', '1', '0'),
(72, 13, 'Fotos de Mesa Directiva', 'Board Photos', '1', 2, 'g_mesa_directiva.php', 'R', '0', '0', '1', '1', '1', '1', '0'),
(73, 13, 'Fotos de Comit&eacute; de Vigilancia', 'Monitoring Committee Photos', '1', 3, 'g_comite.php', 'R', '0', '0', '1', '1', '1', '1', '0'),
(74, 13, 'Fotos de Eventos', 'Events Photos', '1', 4, 'g_eventos.php', 'R', '0', '0', '1', '1', '1', '1', '0'),
(75, 3, 'Banners de Publicidad', 'Advertising Banners', '1', 8, 'banners_publicidad.php', 'R', '0', '0', '1', '1', '1', '1', '0'),
(76, 3, 'Puntos de Reuni&oacute;n', 'Emergency Meeting Places', '1', 9, 'puntos_reunion.php', 'R', '0', '0', '1', '1', '1', '1', '0'),
(77, 3, 'Rutas de Evacuaci&oacute;n', 'Evacuation Routes', '1', 10, 'rutas_evacuacion.php', 'R', '0', '0', '1', '1', '1', '1', '0'),
(78, 7, 'Tutorial Cond&oacute;minos', 'Homeowner Tutorial', '1', 3, 't_condominos.php', 'R', '0', '0', '1', '1', '1', '1', '0'),
(79, 7, 'Tutorial Administrador', 'Administrator Tutorial', '1', 4, 't_administrador.php', 'R', '0', '0', '1', '1', '1', '1', '0'),
(80, 7, 'Formatos de Archivo', 'File Formats', '1', 5, 'ayuda_formatos.php', 'R', '0', '0', '1', '1', '1', '1', '0'),
(81, 14, 'Seleccionar Condominio', 'Select Comdominium', '1', 1, 'sel_condominio.php', 'R', '1', '0', '1', '1', '1', '1', '0'),
(83, 14, 'Facturaci&oacute;n', 'Billing', '0', 4, 'facturacion_kondominea.php', 'R', '0', '0', '1', '1', '1', '1', '0'),
(84, 14, 'Bit&aacute;cora', 'Log', '0', 4, 'bitacora.php', 'R', '0', '0', '1', '1', '1', '1', '0'),
(85, 9, 'Documentos Rectores', 'Guiding Documents', '1', 21, 'documentos_rectores.php', 'R', '0', '0', '1', '1', '1', '1', '0'),
(86, 18, 'Pa&iacute;ses', 'Countries', '1', 1, 'paises.php', 'R', '0', '0', '1', '1', '1', '1', '0'),
(87, 18, 'Estados', 'States', '1', 2, 'estados.php', 'R', '0', '1', '1', '1', '1', '1', '0'),
(88, 18, 'Municipios', 'Municipality', '1', 4, 'municipios.php', 'R', '0', '1', '1', '1', '1', '1', '0'),
(89, 19, 'Importar Unidades', 'Import Units', '0', 3, 'importar_unidades.php', 'R', '0', '0', '1', '1', '1', '1', '0'),
(90, 10, 'Exportar a Contabilidad', 'Export to Accounting', '1', 3, 'exportar_conta.php', 'R', '0', '0', '1', '1', '1', '1', '0'),
(91, 9, 'Proveedores', 'Providers', '1', 20, 'proveedores.php', 'R', '0', '0', '1', '1', '1', '1', '0'),
(92, 18, 'Ciudades', 'Cities', '1', 3, 'ciudades.php', 'R', '0', '1', '1', '1', '1', '1', '0'),
(93, 18, 'C&oacute;digos Postales', 'Zip Codes', '1', 5, 'postales.php', 'R', '0', '1', '1', '1', '1', '1', '0'),
(94, 9, 'Uso de &Aacute;reas Comunes', 'Common Areas Usage', '1', 15, 'uso_areas_comunes.php', 'R', '0', '0', '1', '1', '1', '1', '0'),
(95, 9, 'Bancos', 'Banks', '0', 16, 'bancos.php', 'R', '0', '0', '1', '1', '1', '1', '0'),
(96, 9, 'Agenda de Servicios', 'Services', '0', 17, 'servicios.php', 'R', '0', '0', '1', '1', '1', '1', '0'),
(97, 9, 'Empleados', 'staff', '1', 19, 'empleado.php', 'R', '0', '0', '1', '1', '1', '0', '0'),
(98, 3, 'Servicios', '', '1', 12, 'sp_servicios.php', 'R', '0', '0', '1', '1', '1', '1', '0'),
(99, 3, 'Tabla precios', '', '1', 11, 'sp_cuotas.php', 'R', '0', '0', '1', '1', '1', '1', '0'),
(100, 19, 'Propietarios / Usuario', 'Owners / User', '0', 3, 'unidades_condominos.php', 'R', '0', '0', '1', '1', '1', '1', '0'),
(101, 19, 'Datos de Facturaci&oacute;n de Unidad', 'Data Billing Unit', '0', 3, 'unidades_facturacion.php', 'R', '0', '0', '1', '1', '1', '1', '0'),
(102, 19, 'P&oacute;liza de Seguro', 'Insurances', '0', 3, 'unidades_polizas.php', 'R', '0', '0', '1', '1', '1', '1', '0'),
(103, 19, 'Administradores', 'Managers', '1', 5, 'administradores.php', 'R', '0', '0', '1', '1', '1', '1', '0'),
(104, 19, 'Comit&eacute; de Vigilancia', 'Vigilance Committee', '1', 7, 'comite_vigilancia.php', 'R', '0', '0', '1', '1', '1', '1', '0'),
(105, 9, 'Cond&oacute;minos', 'Homeowners', '1', 1, 'condominos.php', 'R', '0', '0', '1', '1', '1', '1', '0'),
(106, 3, 'Plantillas de Correos Electr&oacute;nicos', 'Mail Templates', '1', 13, 'plantillas_correos.php', 'R', '0', '0', '1', '1', '1', '1', '0'),
(107, 19, 'Usuario principal', 'Main user', '0', 1, 'datos_usuario_principal.php', 'R', '0', '0', '1', '1', '1', '1', '0'),
(108, 19, 'Datos Fiscales', 'Data Billing Condominium', '0', 1, 'datos_facturacion.php', 'R', '0', '0', '1', '1', '1', '1', '0'),
(109, 19, 'Registro de Cuenta', 'Accont Registry', '0', 1, 'datos_registro_cuenta.php', 'R', '0', '0', '1', '1', '1', '1', '0'),
(110, 14, 'Nuevos Condominios', 'New Condominium', '1', 2, 'nuevos_condominios.php', 'R', '0', '0', '1', '1', '1', '1', '0'),
(111, 9, 'Cuentas Contables', 'Ledgers', '1', 17, 'cuentas_contables.php', 'R', '0', '0', '1', '1', '1', '1', '0'),
(112, 9, 'Cuentas Bacarias', 'Bank Accounts', '0', 17, 'cuentas_bancarias.php', 'R', '0', '0', '0', '1', '1', '1', '0'),
(113, 14, 'Reset Sesi&oacute;n', '', '1', 113, 'reset_session.php', 'R', '0', '0', '1', '1', '1', '1', '0'),
(114, 9, 'Cuentas Bacarias de Proveedor', 'Accounts Bacarias Provider', '0', 20, 'proveedores_cuentas.php', 'R', '0', '0', '1', '1', '1', '1', '0'),
(115, 10, 'Ingresos', 'Incomes', '1', 1, 'ingresos.php', 'R', '0', '0', '1', '1', '1', '1', '0'),
(116, 10, 'Egresos', 'Outomes', '1', 2, 'egresos.php', 'R', '0', '0', '1', '1', '1', '1', '0'),
(117, 19, 'Responsables de &Aacute;rea', 'Area Managers', '0', 4, 'areas_comunes_responsables.php', 'R', '0', '0', '1', '1', '1', '1', '0'),
(118, 9, 'Responsables de Bien Com&uacute;n', 'Managers Commons', '0', 9, 'bienes_responsables.php', 'R', '0', '0', '1', '1', '1', '1', '0'),
(119, 19, 'Importar unidades', 'Import units', '0', 2, 'secciones_importar_unidades.php', 'R', '0', '0', '1', '1', '1', '1', '0'),
(120, 19, 'Datos de Cuenta', 'Data account', '0', 1, 'datos_cuenta.php', 'R', '0', '0', '1', '1', '1', '1', '0'),
(121, 14, 'Planes Kondominea', 'Fee Kondominea', '1', 3, 'planes_kondominea.php', 'R', '0', '0', '1', '1', '1', '1', '0'),
(122, 14, 'Planes Kondominea Cuotas', '', '0', 3, 'planes_kondominea_cuotas.php', 'R', '0', '0', '1', '1', '1', '1', '0'),
(123, 14, 'Pago de Condominios', '', '1', 4, 'pagos_condominios.php', 'R', '0', '0', '1', '1', '1', '1', '0'),
(124, 5, 'Leyes de Condominios', 'Condominium Act', '1', 1, 'ley_condominios.php', 'R', '0', '0', '1', '1', '1', '1', '0'),
(125, 14, 'Leyes de Condominios M&eacute;xico', 'Condominium Act Mexico', '1', 13, 'mapa_mexico.php', 'R', '0', '0', '1', '1', '1', '1', '0'),
(126, 12, 'Seguimiento de Acuerdos', 'Monitoring Agreements', '1', 2, 'seguimiento_acuerdos.php', 'R', '0', '0', '1', '1', '1', '1', '0'),
(127, 12, 'Comentarios', 'Comments ', '0', 2, 'seguimiento_acuerdos_comentarios.php', 'R', '0', '0', '1', '1', '1', '1', '0'),
(128, 14, 'Mis Pagos', 'My Payments', '1', 1, 'mis_pagos.php', 'R', '0', '0', '1', '1', '1', '1', '0'),
(129, 10, 'Importar Ingresos', 'Import Incomes', '1', 2, 'ingresos_importar.php', 'R', '0', '0', '1', '1', '1', '1', '0'),
(130, 10, 'Importar Egresos', 'Import Outcomes', '1', 2, 'egresos_importar.php', 'R', '0', '0', '1', '1', '1', '1', '0'),
(131, 19, 'Archivos de &Aacute;rea', 'Area Files', '0', 4, 'areas_comunes_archivos.php', 'R', '0', '0', '1', '1', '1', '1', '0'),
(132, 19, 'Archivos de Administrador', 'Files Manager', '0', 5, 'administradores_archivos.php', 'R', '0', '0', '1', '1', '1', '1', '0'),
(133, 10, 'Soporte Contable', 'Support', '1', 5, 'soporte_contable.php', 'R', '0', '0', '1', '1', '1', '1', '0'),
(134, 10, 'Declaraciones y Estados de Cuenta', '', '0', 5, 'soporte_contable_archivos.php', 'R', '0', '0', '1', '1', '1', '1', '0'),
(135, 12, 'Archivos Relacionados', 'Related Files ', '0', 1, 'juntas_archivos.php', 'R', '0', '0', '1', '1', '1', '1', '0'),
(136, 9, 'Archivos Condominio', 'Condominium Files', '1', 22, 'archivos_condominio.php', 'R', '0', '0', '1', '1', '1', '1', '0'),
(137, 12, 'Invitaci&oacute;n', 'Invitation', '0', 1, 'juntas_invitacion.php', 'R', '0', '0', '1', '1', '1', '1', '0'),
(138, 20, 'Listado', 'List', '1', 1, 'listado.php', 'R', '0', '0', '1', '1', '1', '1', '0'),
(139, 20, 'Administraci&oacute;n', 'Admin', '1', 2, 'clasificados.php', 'R', '0', '0', '1', '1', '1', '1', '0'),
(140, 21, 'Temas', 'Topics', '1', 1, 'lista.php', 'R', '0', '0', '1', '1', '1', '1', '0'),
(141, 21, 'Administraci&oacute;n de Temas', '', '1', 2, 'temas.php', 'R', '0', '0', '1', '1', '1', '1', '0'),
(142, 20, 'Archivos Relacionados', 'Files ', '0', 2, 'clasificados_archivos.php', 'R', '0', '0', '1', '1', '1', '1', '0'),
(143, 20, 'Comentarios', 'Comments', '0', 2, 'clasificados_comentarios.php', 'R', '0', '0', '1', '1', '1', '1', '0'),
(144, 21, 'Comentarios de Tema', 'Discuss Topic', '0', 1, 'temas_comentarios.php', 'R', '0', '0', '1', '1', '1', '1', '0'),
(145, 21, 'Quejas y Sugerencias', '', '1', 3, 'quejas_sugerencias.php', 'R', '0', '0', '1', '1', '1', '1', '0'),
(146, 21, 'Solicitud de Constancia de NO Adeudo', '', '1', 4, 'constancia_no_adeudo.php', 'R', '0', '0', '1', '1', '1', '1', '0'),
(147, 21, 'Listado de Solicitudes de Constancia de NO Adeudo', 'List of Requests for Proof of Payment', '1', 4, 'listado_constancias_no_adeudo.php', 'R', '0', '0', '1', '1', '1', '1', '0'),
(148, 21, 'Listado de Quejas y Sugerencias', '', '1', 3, 'lista_quejas_sugerencias.php', 'R', '0', '0', '1', '1', '1', '1', '0');

-- --------------------------------------------------------

--
-- Estructura de tabla para la tabla `c_funcion_trad`
--

CREATE TABLE IF NOT EXISTS `c_funcion_trad` (
  `fl_funcion` smallint(5) unsigned NOT NULL,
  `fl_idioma` smallint(5) unsigned NOT NULL,
  `nb_funcion` varchar(50) DEFAULT NULL,
  PRIMARY KEY (`fl_funcion`,`fl_idioma`),
  KEY `fx_c_funcion_trad_c_funcion_idx` (`fl_funcion`),
  KEY `fx_c_funcion_trad_c_idioma_idx` (`fl_idioma`)
) ENGINE=InnoDB DEFAULT CHARSET=utf8;

--
-- Volcado de datos para la tabla `c_funcion_trad`
--

INSERT INTO `c_funcion_trad` (`fl_funcion`, `fl_idioma`, `nb_funcion`) VALUES
(53, 3, ''),
(66, 3, ''),
(67, 3, ''),
(69, 3, ''),
(85, 3, ''),
(124, 3, ''),
(125, 3, ''),
(126, 3, ''),
(127, 3, ''),
(128, 3, ''),
(129, 3, ''),
(130, 3, ''),
(131, 3, ''),
(132, 3, ''),
(133, 3, ''),
(134, 3, ''),
(135, 3, ''),
(136, 3, ''),
(137, 3, ''),
(138, 3, ''),
(139, 3, ''),
(140, 3, ''),
(141, 3, ''),
(142, 3, ''),
(143, 3, ''),
(144, 3, ''),
(145, 3, ''),
(146, 3, ''),
(147, 3, ''),
(148, 3, '');

-- --------------------------------------------------------

--
-- Estructura de tabla para la tabla `c_hotspot`
--

CREATE TABLE IF NOT EXISTS `c_hotspot` (
  `fl_hotspot` smallint(5) unsigned NOT NULL AUTO_INCREMENT,
  `fl_contenido` mediumint(8) unsigned NOT NULL,
  `fl_liga` mediumint(8) unsigned NOT NULL,
  `nb_hotspot` varchar(100) NOT NULL,
  `tr_hotspot` varchar(100) DEFAULT NULL,
  `no_orden` tinyint(4) NOT NULL DEFAULT '0',
  `no_width_th` smallint(5) unsigned DEFAULT NULL,
  `no_height_th` smallint(5) unsigned DEFAULT NULL,
  `no_width_img` smallint(5) unsigned DEFAULT NULL,
  `no_height_img` smallint(5) unsigned DEFAULT NULL,
  PRIMARY KEY (`fl_hotspot`),
  KEY `fk_c_hotspot_c_contenido_idx` (`fl_contenido`),
  KEY `fk_c_hotspot_c_liga_idx` (`fl_liga`)
) ENGINE=InnoDB  DEFAULT CHARSET=utf8 AUTO_INCREMENT=4 ;

--
-- Volcado de datos para la tabla `c_hotspot`
--

INSERT INTO `c_hotspot` (`fl_hotspot`, `fl_contenido`, `fl_liga`, `nb_hotspot`, `tr_hotspot`, `no_orden`, `no_width_th`, `no_height_th`, `no_width_img`, `no_height_img`) VALUES
(1, 9, 1, 'Destacado Home Izquierda', '', 1, 160, 120, 200, 150),
(2, 154, 30, 'Destacado Home Centro', '', 2, 160, 120, 200, 150),
(3, 155, 31, 'Destacado Home Derecha', '', 3, 160, 120, 200, 150);

-- --------------------------------------------------------

--
-- Estructura de tabla para la tabla `c_hotspot_trad`
--

CREATE TABLE IF NOT EXISTS `c_hotspot_trad` (
  `fl_hotspot` smallint(5) unsigned NOT NULL,
  `fl_idioma` smallint(5) unsigned NOT NULL,
  `nb_hotspot` varchar(100) DEFAULT NULL,
  PRIMARY KEY (`fl_hotspot`,`fl_idioma`),
  KEY `fk_c_hotspot_trad_c_hotspot_idx` (`fl_hotspot`),
  KEY `fk_c_hotspot_trad_c_idioma_idx` (`fl_idioma`)
) ENGINE=InnoDB DEFAULT CHARSET=utf8;

-- --------------------------------------------------------

--
-- Estructura de tabla para la tabla `c_idioma`
--

CREATE TABLE IF NOT EXISTS `c_idioma` (
  `fl_idioma` smallint(5) unsigned NOT NULL AUTO_INCREMENT,
  `nb_idioma` varchar(50) NOT NULL,
  `ds_etiqueta` varchar(255) NOT NULL,
  `no_orden` tinyint(3) unsigned NOT NULL DEFAULT '0',
  `fg_activo` enum('1','0') NOT NULL DEFAULT '1',
  `fg_admin` enum('0','1') NOT NULL DEFAULT '0',
  PRIMARY KEY (`fl_idioma`)
) ENGINE=InnoDB  DEFAULT CHARSET=utf8 AUTO_INCREMENT=4 ;

--
-- Volcado de datos para la tabla `c_idioma`
--

INSERT INTO `c_idioma` (`fl_idioma`, `nb_idioma`, `ds_etiqueta`, `no_orden`, `fg_activo`, `fg_admin`) VALUES
(1, 'Espa&ntilde;ol', 'Espa&ntilde;ol', 1, '1', '1'),
(2, 'Ingl&eacute;s', 'English', 2, '1', '1'),
(3, 'Franc&eacute;s ', 'Fra&ccedil;ais ', 3, '0', '0');

-- --------------------------------------------------------

--
-- Estructura de tabla para la tabla `c_imagen`
--

CREATE TABLE IF NOT EXISTS `c_imagen` (
  `cl_imagen` smallint(5) unsigned NOT NULL,
  `ds_imagen` varchar(255) NOT NULL,
  `tr_imagen` varchar(255) DEFAULT NULL,
  `nb_archivo` varchar(255) NOT NULL,
  `tr_archivo` varchar(255) DEFAULT NULL,
  PRIMARY KEY (`cl_imagen`)
) ENGINE=InnoDB DEFAULT CHARSET=utf8;

--
-- Volcado de datos para la tabla `c_imagen`
--

INSERT INTO `c_imagen` (`cl_imagen`, `ds_imagen`, `tr_imagen`, `nb_archivo`, `tr_archivo`) VALUES
(2, 'Icono para Navegador (FAVICON)', 'Icon for Browser (FAVICON)', 'favicon.png', ''),
(6, 'Imagen Noticias default', 'Default news thumbnail', 'news.png', NULL),
(7, 'Imagen Art&iacute;culos default', 'Default blog thumbnail', 'blog.png', ''),
(8, 'Imagen Mantenimiento', 'Default blog thumbnail', 'mantenimiento.jpg', NULL),
(10, 'Logo en Sitio P&uacute;blico', 'Public Site logo', 'logo.png', '');

-- --------------------------------------------------------

--
-- Estructura de tabla para la tabla `c_imagen_trad`
--

CREATE TABLE IF NOT EXISTS `c_imagen_trad` (
  `cl_imagen` smallint(5) unsigned NOT NULL,
  `fl_idioma` smallint(5) unsigned NOT NULL,
  `ds_imagen` varchar(255) DEFAULT NULL,
  `nb_archivo` varchar(255) DEFAULT NULL,
  PRIMARY KEY (`cl_imagen`,`fl_idioma`),
  KEY `fk_c_imagen_trad_c_imagen_idx` (`cl_imagen`),
  KEY `fk_c_imagen_trad_c_idioma_idx` (`fl_idioma`)
) ENGINE=InnoDB DEFAULT CHARSET=utf8;

-- --------------------------------------------------------

--
-- Estructura de tabla para la tabla `c_ingreso`
--

CREATE TABLE IF NOT EXISTS `c_ingreso` (
  `fl_ingreso` bigint(19) unsigned NOT NULL AUTO_INCREMENT,
  `fg_tipo` enum('C','E','F','S','O') DEFAULT NULL COMMENT 'C => Cuota de mantenimiento\nE => Extraordinaria\nF => Fondo fijo\nS => Sanción\nO => Otra\nENUM(''C'',''E'',''F'',''S'',''O'')\n\n\n',
  `fl_cuenta_contable` int(10) unsigned DEFAULT NULL,
  `fl_forma_pago` tinyint(3) unsigned DEFAULT NULL,
  `fl_facturacion` mediumint(8) unsigned DEFAULT NULL,
  `fl_cuota` bigint(19) unsigned DEFAULT NULL,
  `fl_factura` bigint(19) unsigned DEFAULT NULL,
  `nb_origen` varchar(500) DEFAULT NULL,
  `fe_pago` date DEFAULT NULL,
  `mn_subtotal` decimal(10,2) unsigned DEFAULT NULL,
  `mn_iva` decimal(10,2) unsigned DEFAULT NULL,
  `mn_total` decimal(10,2) unsigned DEFAULT NULL,
  `ds_concepto` varchar(1500) DEFAULT NULL,
  `ds_soporte_pago` varchar(100) DEFAULT NULL COMMENT 'Condominio Recibe',
  `ds_recibo_folio` varchar(50) DEFAULT NULL COMMENT 'Condominio emite\nComprobante de pago ',
  `ds_recibo` varchar(100) DEFAULT NULL COMMENT 'Condominio emite\nComprobante de pago \nArchivo',
  `ds_factura_folio` varchar(50) DEFAULT NULL COMMENT 'Condominio emite\nComprobante de pago ',
  `ds_factura` varchar(100) DEFAULT NULL COMMENT 'Condominio emite\nComprobante de pago \nArchivo',
  `ds_factura_xml` varchar(100) DEFAULT NULL COMMENT 'Condominio emite\nComprobante de pago \nArchivo XML',
  `ds_comentario` varchar(1000) DEFAULT NULL,
  `fg_importado` tinyint(1) unsigned DEFAULT '0',
  `fe_alta` datetime DEFAULT NULL,
  `fe_ultmod` datetime DEFAULT NULL,
  PRIMARY KEY (`fl_ingreso`),
  KEY `fk_c_ingreso_c_forma_pago1_idx` (`fl_forma_pago`),
  KEY `fk_c_ingreso_c_cuota1_idx` (`fl_cuota`),
  KEY `fk_c_ingreso_c_cuenta_contable1_idx` (`fl_cuenta_contable`),
  KEY `fk_c_ingreso_c_facturacion1_idx` (`fl_facturacion`),
  KEY `fk_c_ingreso_k_factura1_idx` (`fl_factura`)
) ENGINE=InnoDB  DEFAULT CHARSET=utf8 AUTO_INCREMENT=23 ;

--
-- Volcado de datos para la tabla `c_ingreso`
--

INSERT INTO `c_ingreso` (`fl_ingreso`, `fg_tipo`, `fl_cuenta_contable`, `fl_forma_pago`, `fl_facturacion`, `fl_cuota`, `fl_factura`, `nb_origen`, `fe_pago`, `mn_subtotal`, `mn_iva`, `mn_total`, `ds_concepto`, `ds_soporte_pago`, `ds_recibo_folio`, `ds_recibo`, `ds_factura_folio`, `ds_factura`, `ds_factura_xml`, `ds_comentario`, `fg_importado`, `fe_alta`, `fe_ultmod`) VALUES
(1, 'O', 1, 1, 12, NULL, NULL, 'Pablo Picapiedra', '2015-08-01', '150.00', '24.00', '174.00', 'renta de cancha de Tennis 1', '', '', '', '', '', '', NULL, 0, '2015-09-23 13:08:11', '2015-09-23 15:05:36'),
(2, 'O', 2, 1, 13, NULL, NULL, 'Juan Camaney', '2015-08-13', '250.00', '40.00', '290.00', 'Renta de canchas por 3 horas', '', '', '', '', '', '', NULL, 0, '2015-09-23 13:23:41', '2015-09-23 13:23:41'),
(6, 'O', 1, 3, 17, NULL, NULL, 'Petronila Guill&eacute;n', '2015-09-23', '150.00', '24.00', '174.00', 'Renta de accesorios', '', '', '', '', '', '', NULL, 0, '2015-09-23 13:35:03', '2015-09-23 13:35:03'),
(10, 'O', 2, 1, 28, NULL, NULL, 'Origen', '2015-12-30', '123.00', '19.68', '142.68', 'Concepto test', '', '', '', '', '', '', NULL, 0, '2015-12-30 00:34:17', '2015-12-30 00:34:17'),
(12, 'C', 2, 1, 2, 7, NULL, 'Brenda P&eacute;rez Le&oacute;n(Vivienda: Manzana M, Lote A, N&uacute;mero 13)', '2015-12-30', '200.00', '0.00', '200.00', 'Cuota de mantenimiento 2015-12-29', 'ingreso-cuota-soporte-pago-7-20160106133409.png', '123456', 'ingreso-cuota-ds-recibo-7-20160106133409.pdf', '987654', 'ingreso-cuota-ds-factura-7-20160106133409.docx', 'ingreso-cuota-ds-factura-xml-7-20160106133409.png', NULL, 0, '2015-12-30 01:22:03', '2016-01-06 13:34:09'),
(13, 'E', 3, 1, 2, 7, NULL, 'Brenda P&eacute;rez Le&oacute;n(Vivienda: Manzana M, Lote A, N&uacute;mero 13)', '2015-12-30', '12.00', '0.00', '120.00', 'Cuota de mantenimiento 2015-12-29', 'ingreso-cuota-soporte-pago-7-20160106133409.png', '123456', 'ingreso-cuota-ds-recibo-7-20160106133409.pdf', '987654', 'ingreso-cuota-ds-factura-7-20160106133409.docx', 'ingreso-cuota-ds-factura-xml-7-20160106133409.png', NULL, 0, '2015-12-30 01:22:03', '2016-01-06 13:34:09'),
(14, 'F', 8, 1, 2, 7, NULL, 'Brenda P&eacute;rez Le&oacute;n(Vivienda: Manzana M, Lote A, N&uacute;mero 13)', '2015-12-30', '17212.00', '0.00', '17212.00', 'Cuota de mantenimiento 2015-12-29', 'ingreso-cuota-soporte-pago-7-20160106133409.png', '123456', 'ingreso-cuota-ds-recibo-7-20160106133409.pdf', '987654', 'ingreso-cuota-ds-factura-7-20160106133409.docx', 'ingreso-cuota-ds-factura-xml-7-20160106133409.png', NULL, 0, '2015-12-30 01:22:03', '2016-01-06 13:34:09'),
(15, 'S', 4, 1, 2, 7, NULL, 'Brenda P&eacute;rez Le&oacute;n(Vivienda: Manzana M, Lote A, N&uacute;mero 13)', '2015-12-30', '1230.00', '0.00', '1230.00', 'Cuota de mantenimiento 2015-12-29', 'ingreso-cuota-soporte-pago-7-20160106133409.png', '123456', 'ingreso-cuota-ds-recibo-7-20160106133409.pdf', '987654', 'ingreso-cuota-ds-factura-7-20160106133409.docx', 'ingreso-cuota-ds-factura-xml-7-20160106133409.png', NULL, 0, '2015-12-30 01:22:03', '2016-01-06 13:34:09'),
(16, 'C', NULL, NULL, 2, 6, NULL, 'Carmelo Paz (Vivienda: Manzana 3, Lote 2, N&amp;uacute;mero 13)', '2015-12-30', '200.00', '0.00', '200.00', 'Cuota de mantenimiento 2015-09-24', NULL, NULL, NULL, NULL, NULL, NULL, NULL, 0, '2015-12-30 01:43:06', '2015-12-30 01:43:06'),
(17, 'O', 3, 1, NULL, NULL, NULL, 'Eddin Medina Cid', '2015-12-28', '100.00', '16.00', '116.00', 'Test de importaci&oacute;n 1', NULL, 'Folio de recibo 1', NULL, 'folio de factura 1', NULL, NULL, NULL, 1, '2015-12-30 17:41:18', '2015-12-30 17:41:18'),
(18, 'O', 3, 3, NULL, NULL, NULL, 'Eddin Medina Cid', '2015-12-28', '200.00', '32.00', '232.00', 'Test de importaci&oacute;n 2', NULL, 'Folio de recibo 2', NULL, 'folio de factura 2', NULL, NULL, NULL, 1, '2015-12-30 17:41:18', '2015-12-30 17:41:18'),
(19, 'C', 4, 2, 0, NULL, NULL, 'Eddin Medina Cid', '2015-12-29', '0.00', '0.00', '150.00', 'Cuota Mantenimiento', 'ingreso-soporte-pago-19.pdf', 'Folio de recibo 3', '', 'folio de factura 3', 'ingreso-ds-factura-19.jpg', 'ingreso-ds-factura-xml-19.xml', NULL, 1, '2015-12-30 17:41:18', '2015-12-31 14:42:06'),
(20, 'E', 5, 1, NULL, NULL, NULL, 'Eddin Medina Cid', '2015-12-29', '100.00', '0.00', '100.00', 'Cuota Extraordinaria', NULL, 'Folio de recibo 4', NULL, 'folio de factura 4', NULL, NULL, NULL, 1, '2015-12-30 17:41:18', '2015-12-30 17:41:18'),
(21, 'F', 6, 3, NULL, NULL, NULL, 'Eddin Medina Cid', '2015-12-29', '50.00', '0.00', '50.00', 'Cuota Fondo Fijo', NULL, 'Folio de recibo 5', NULL, 'folio de factura 5', NULL, NULL, NULL, 1, '2015-12-30 17:41:18', '2015-12-30 17:41:18'),
(22, 'S', 7, 2, NULL, NULL, NULL, 'Eddin Medina Cid', '2015-12-29', '100.00', '0.00', '100.00', 'Cuota Sanci&oacute;n', NULL, 'Folio de recibo 6', NULL, 'folio de factura 6', NULL, NULL, NULL, 1, '2015-12-30 17:41:18', '2015-12-30 17:41:18');

-- --------------------------------------------------------

--
-- Estructura de tabla para la tabla `c_junta`
--

CREATE TABLE IF NOT EXISTS `c_junta` (
  `fl_junta` int(10) unsigned NOT NULL AUTO_INCREMENT,
  `fl_condominio` mediumint(8) unsigned NOT NULL,
  `cl_tipo_organizacion` smallint(5) unsigned DEFAULT NULL,
  `cl_tipo_junta` smallint(5) unsigned NOT NULL,
  `nb_junta` varchar(250) DEFAULT NULL,
  `ds_junta` tinytext,
  `nb_convoca` varchar(250) DEFAULT NULL,
  `ds_lugar` varchar(150) DEFAULT NULL,
  `fe_junta` date DEFAULT NULL,
  `tm_inicia` time DEFAULT NULL,
  `tm_finaliza` time DEFAULT NULL,
  `ds_comentario` tinytext,
  `fe_alta` datetime DEFAULT NULL,
  `fe_ultmod` datetime DEFAULT NULL,
  PRIMARY KEY (`fl_junta`),
  KEY `fk_c_junta_c_condominio1_idx` (`fl_condominio`),
  KEY `fk_c_junta_c_tipo_junta1_idx` (`cl_tipo_junta`),
  KEY `fk_c_junta_c_tipo_organizacion1_idx` (`cl_tipo_organizacion`)
) ENGINE=InnoDB  DEFAULT CHARSET=utf8 AUTO_INCREMENT=7 ;

--
-- Volcado de datos para la tabla `c_junta`
--

INSERT INTO `c_junta` (`fl_junta`, `fl_condominio`, `cl_tipo_organizacion`, `cl_tipo_junta`, `nb_junta`, `ds_junta`, `nb_convoca`, `ds_lugar`, `fe_junta`, `tm_inicia`, `tm_finaliza`, `ds_comentario`, `fe_alta`, `fe_ultmod`) VALUES
(1, 3, 2, 1, '', NULL, 'Sim&oacute;n Urrutia', 'Aqu&iacute; mero', '2015-10-31', '17:00:00', '19:00:00', NULL, '2015-10-02 17:42:27', '2016-01-04 13:25:54'),
(5, 3, 1, 1, '', NULL, 'Sim&oacute;n Urrutia', 'Aqu&iacute; mero', '2016-01-13', '14:00:00', '16:00:00', NULL, '2015-10-07 14:53:14', '2016-01-07 14:07:38'),
(6, 18, 1, 1, '', NULL, 'Jos&eacute; Manuel Guti&eacute;rrez', 'Sal&oacute;n de Usos M&uacute;ltiples', '2016-01-16', '18:00:00', '09:00:00', NULL, '2015-11-26 17:59:14', '2015-11-26 17:59:14');

-- --------------------------------------------------------

--
-- Estructura de tabla para la tabla `c_layout`
--

CREATE TABLE IF NOT EXISTS `c_layout` (
  `cl_layout` varchar(200) NOT NULL,
  `nb_layout` varchar(200) DEFAULT NULL COMMENT 'Nombre Real del layout\nmais.admin_kondominea',
  `ds_layout` varchar(150) DEFAULT NULL,
  `fe_alta` datetime DEFAULT NULL,
  `fe_ultmod` datetime DEFAULT NULL,
  PRIMARY KEY (`cl_layout`)
) ENGINE=InnoDB DEFAULT CHARSET=utf8;

--
-- Volcado de datos para la tabla `c_layout`
--

INSERT INTO `c_layout` (`cl_layout`, `nb_layout`, `ds_layout`, `fe_alta`, `fe_ultmod`) VALUES
('mails.admin_kondominea', 'Administaci&oacute;n Kondominea', '', NULL, NULL),
('mails.condominio', 'Condominios', 'Layout defaul para los condominios', NULL, NULL);

-- --------------------------------------------------------

--
-- Estructura de tabla para la tabla `c_liga`
--

CREATE TABLE IF NOT EXISTS `c_liga` (
  `fl_liga` mediumint(8) unsigned NOT NULL AUTO_INCREMENT,
  `fl_menu` smallint(5) unsigned DEFAULT NULL,
  `fl_pagina` smallint(5) unsigned DEFAULT NULL,
  `fg_tipo` enum('M','B','H') NOT NULL,
  `ds_liga` varchar(255) DEFAULT NULL,
  `tr_liga` varchar(255) DEFAULT NULL,
  `fg_ventana` enum('0','1') NOT NULL DEFAULT '0',
  PRIMARY KEY (`fl_liga`),
  KEY `fk_c_liga_c_pagina_idx` (`fl_pagina`),
  KEY `fk_c_liga_c_menu_idx` (`fl_menu`)
) ENGINE=InnoDB  DEFAULT CHARSET=utf8 AUTO_INCREMENT=41 ;

--
-- Volcado de datos para la tabla `c_liga`
--

INSERT INTO `c_liga` (`fl_liga`, `fl_menu`, `fl_pagina`, `fg_tipo`, `ds_liga`, `tr_liga`, `fg_ventana`) VALUES
(1, 9, 1, 'H', '', '', '0'),
(10, 0, 0, 'M', '/kondominea/index.php#contacto ', '', '0'),
(15, 0, 2, 'M', '', '', '0'),
(25, 0, 1, 'M', '', '', '0'),
(30, 9, 1, 'H', '', '', '0'),
(31, 9, 1, 'H', '', '', '0'),
(33, 0, 7, 'M', '', '', '0'),
(34, 9, 18, 'B', '', '', '0'),
(35, 9, 18, 'B', '', '', '0'),
(36, 9, 19, 'B', '', '', '0'),
(37, 0, 0, 'M', 'AD3M2SRC4/home.php', '', '1'),
(38, 0, 13, 'M', 'AD3M2SRC4/registro.php', '', '0'),
(39, 9, 19, 'M', '', '', '0'),
(40, NULL, 19, 'B', '', '', '0');

-- --------------------------------------------------------

--
-- Estructura de tabla para la tabla `c_liga_trad`
--

CREATE TABLE IF NOT EXISTS `c_liga_trad` (
  `fl_liga` mediumint(8) unsigned NOT NULL,
  `fl_idioma` smallint(5) unsigned NOT NULL,
  `ds_liga` varchar(255) DEFAULT NULL,
  PRIMARY KEY (`fl_liga`,`fl_idioma`),
  KEY `fk_c_liga_trad_c_liga_idx` (`fl_liga`),
  KEY `fk_c_liga_trad_c_idioma_idx` (`fl_idioma`)
) ENGINE=InnoDB DEFAULT CHARSET=utf8;

--
-- Volcado de datos para la tabla `c_liga_trad`
--

INSERT INTO `c_liga_trad` (`fl_liga`, `fl_idioma`, `ds_liga`) VALUES
(35, 3, ''),
(36, 3, ''),
(39, 3, ''),
(40, 3, '');

-- --------------------------------------------------------

--
-- Estructura de tabla para la tabla `c_mensaje`
--

CREATE TABLE IF NOT EXISTS `c_mensaje` (
  `cl_mensaje` smallint(5) unsigned NOT NULL,
  `ds_titulo` varchar(255) DEFAULT NULL,
  `tr_titulo` varchar(255) DEFAULT NULL,
  `ds_mensaje` text NOT NULL,
  `tr_mensaje` text,
  `fg_severidad` enum('I','W','E','P') NOT NULL DEFAULT 'E',
  `fg_tipo` enum('1','2','3') NOT NULL DEFAULT '1',
  `fg_admin` enum('1','0') NOT NULL DEFAULT '1',
  PRIMARY KEY (`cl_mensaje`)
) ENGINE=InnoDB DEFAULT CHARSET=utf8;

--
-- Volcado de datos para la tabla `c_mensaje`
--

INSERT INTO `c_mensaje` (`cl_mensaje`, `ds_titulo`, `tr_titulo`, `ds_mensaje`, `tr_mensaje`, `fg_severidad`, `fg_tipo`, `fg_admin`) VALUES
(0, 'Error Interno', 'Internal error', 'Por favor intente nuevamente.', 'Please try again.', 'E', '1', '1'),
(1, 'Acceso Denegado', 'Access denied', 'Usted no tiene permiso para entrar a esta funci&oacute;n.<br>Por favor revise con el Administrador.', 'You are not allowed to enter this function.<br>Please check with the system manager.', 'E', '1', '1'),
(2, 'No fue posible eliminar el registro', 'Record not deleted', 'El registro no puede ser eliminado porque existen otros registros dependientes.', 'Child record found.', 'E', '1', '1'),
(3, 'Error de captura', 'Form fill error', 'El campo es requerido.', 'The field is required.', 'E', '1', '1'),
(4, 'Archivo no generado', 'File not generated', 'No fue posible crear el archivo para exportaci&oacute;n.', 'The export file cannot be created.', 'E', '1', '1'),
(5, 'Error de captura', 'Form fill error', 'El formato de la fecha es incorrecto.', 'The date format is not correct.', 'E', '1', '1'),
(6, 'Error de captura', 'Form fill error', 'El formato del email no es correcto.', 'The mail format is not correct.', 'E', '1', '1'),
(7, 'Error de captura', 'Form fill error', 'Ya existe un registro con la misma clave.', 'This id already exists.', 'E', '1', '1'),
(8, 'Error de captura', 'Form fill error', 'El valor debe ser entero.', 'The field must be an integer.', 'E', '1', '1'),
(9, 'No fue posible eliminar el registro', 'Record not deleted', 'Este es un elemento definido por sistema y no puede eliminarse.', 'This is a system defined element and can&#039;t be deleted.', 'E', '1', '1'),
(10, 'Error de captura', 'Form fill error', 'El valor debe ser menor a 255.', 'Field must be less than 255.', 'E', '1', '1'),
(11, 'Error de captura', 'Form fill error', 'El valor debe ser menor a 65535.', 'Field must be less than 65535.', 'E', '1', '1'),
(12, 'Error de captura', 'Form fill error', 'La confrimaci&oacute;n debe ser igual a la contrase&ntilde;a.', 'Password and confirmation are not alike.', 'E', '1', '1'),
(13, 'No fue posible eliminar el registro', 'Record not deleted', 'El usuario que se desea eliminar est&aacute; en uso.', 'The user you are trying to delete is logged on.', 'E', '1', '1'),
(14, 'Error de captura', 'Form fill error', 'Usuario o contrase&ntilde;a incorrecta.', 'Wrong user or password.', 'E', '1', '1'),
(15, 'Error en la forma', 'Form fill error', 'El archivo a importar debe tener formato CSV.', 'The imported file must be in .CSV format.', 'E', '1', '1'),
(16, 'Error de lectura', 'File not open', 'No es posible abrir el archivo para lectura.', 'The file cannot be opened for reading.', 'E', '1', '1'),
(17, 'Confirmaci&oacute;n', 'Confirmation', '&iquest;Desea eliminar este registro?', 'Delete this record?', 'P', '2', '1'),
(18, 'No fue posible eliminar el registro', 'Record not deleted', 'La funci&oacute;n no puede ser eliminada porque est&aacute; Activa.', 'Function is Active.', 'E', '1', '1'),
(19, 'Error de captura', 'Form fill error', 'Valor de CAPTCHA incorrecto. Por favor intente nuevamente.', 'CAPTCHA value incorrect. Please try again.', 'E', '1', '1'),
(20, 'Error de captura', '', 'El formato de la hora debe ser HH:MM', '', 'E', '1', '1'),
(21, 'Error de captura', '', 'El a&ntilde;o es incorrecto.', 'The specified year is not valid.', 'E', '1', '1'),
(22, 'Error de captura', '', 'El valor est&aacute; fuera de rango.', '', 'E', '1', '1'),
(23, 'Error de captura', '', 'El valor debe ser decimal.', '', 'E', '1', '1'),
(24, 'Error de captura', '', 'La longitud del valor es menor a la esperada.', '', 'E', '1', '1'),
(25, 'Error de captura', '', 'La longitud del valor es mayor a la esperada.', '', 'E', '1', '1'),
(26, 'Error de captura', '', 'La fecha y hora ya est&aacute;n reservadas.', '', 'E', '1', '1'),
(101, 'Forma de contacto', 'Contact form', 'Por favor seleccione un &aacute;rea.', 'Please select a contact area.', 'E', '1', '0'),
(102, 'Forma de contacto', 'Contact form', 'Por favor introduzca su nombre.', 'Please enter your name.', 'E', '1', '0'),
(103, 'Forma de contacto', 'Contact form', 'Por favor introduzca su tel&eacute;fono.', 'Please enter your phone number.', 'E', '1', '0'),
(104, 'Forma de contacto', 'Contact form', 'Por favor introduzca su email.', 'Please enter your email.', 'E', '1', '0'),
(105, 'Forma de contacto', 'Contact form', 'Por favor introduzca un email v&aacute;lido.', 'Please enter a valid email.', 'E', '1', '0'),
(106, 'Forma de contacto', 'Contact form', 'Por favor introduzca un comentario.', 'Please insert a comment.', 'E', '1', '0'),
(107, 'Forma de login', 'Login form', 'Por favor introduzca su usuario o email.', 'Please enter user name or email.', 'E', '1', '0'),
(108, 'Forma de login', 'Login form', 'Para recuperar su contrase&ntilde;a, por favor introduzca su email.', 'To retrieve your password, please enter your email address.', 'E', '1', '0'),
(109, 'Forma de login', 'Login form', 'La cuenta de correo no est&aacute; registrada.', 'This email address is not registered.', 'E', '1', '0'),
(110, 'Forma de login', 'Login form', 'La contrase&ntilde;a fue enviada a su email.', 'The password was sent to your email address.', 'E', '1', '0'),
(111, 'Forma de registro', 'Registry form', 'Por favor introduzca un nombre de usuario.', 'Please enter a user name.', 'E', '1', '0'),
(112, 'Forma de registro', 'Registry form', 'Por favor introduzca una contrase&ntilde;a.', 'Please enter a password.', 'E', '1', '0'),
(113, 'Forma de registro', 'Registry form', 'Por favor repita la misma contrase&ntilde;a.', 'Please repeat the same password.', 'E', '1', '0'),
(114, 'Forma de registro', 'Registry form', 'Por favor introduzca su nombre.', 'Please enter your name.', 'E', '1', '0'),
(115, 'Forma de registro', 'Registry form', 'Por favor introduzca su apellido paterno.', 'Please enter your last email.', 'E', '1', '0'),
(116, 'Forma de registro', 'Registry form', 'Por favor introduzca su email.', 'Please enter your email.', 'E', '1', '0'),
(117, 'Forma de registro', 'Registry form', 'Por favor introduzca un email v&aacute;lido.', 'Please enter a valid email.', 'E', '1', '0'),
(118, 'Forma de registro', 'Registry form', 'Por favor introduzca su fecha de nacimiento.', 'Please enter your birth date.', 'E', '1', '0'),
(119, 'Forma de registro', 'Registry form', 'Por favor introduzca una fecha en el formato dd-mm-aaaa.', 'Please a date in mm-dd-yyyy format.', 'E', '1', '0'),
(120, 'Forma de registro', 'Registry form', 'El nombre de usuario ya existe. Por favor seleccione uno distinto.', 'The user name already exists. Please select a different one.', 'E', '1', '0'),
(121, 'Forma de registro', 'Registry form', '&iquest;Est&aacute; seguro que desea dar de baja permanentemente su usuario?', 'Do you really want to delete your user?', 'P', '2', '0'),
(122, '&iexcl;Error!', 'Error!', 'en el envi&oacute; de correo electr&oacute;nico', 'send mail', 'E', '1', '1'),
(123, 'Eliminar', 'Delete', '&iquest;Est&aacute; seguro que desea eliminar el dato?', 'Do you really want to delete data?', 'E', '1', '1'),
(124, 'Cuenta activada', 'Account activated', 'Ingresa con los datos proporcionados', 'Login with data provided', 'E', '1', '1'),
(125, 'Registro Eliminado', 'Record Delete', 'Registro Eliminado', 'Record Delete', 'E', '1', '1'),
(126, 'No fue posible eliminar el registro', 'Record not deleted', 'No se puede eliminar el registro por falta de permisos', 'You can not delete the record for lack of permits', 'E', '1', '1'),
(127, 'Instrucciones carga multiple unidades', 'Instrucctions masive upload units', 'Instrucciones para importar unidades', '', 'I', '1', '1'),
(128, 'Instrucciones importar ingresos', NULL, 'Instrucciones para importar ingresos', NULL, 'E', '1', '1'),
(129, 'Instrucciones importar egresos', NULL, 'Instrucciones para importar egresos', NULL, 'E', '1', '1'),
(130, 'Forma recuperar contrase&ntilde;a', '', 'Se envi&oacute; un correo a #user# con la contrase&ntilde;a nueva ', 'An email will be sent to #user# with your new password', 'P', '1', '0'),
(131, 'Eliminar', 'Delete', 'No es posible eliminar el registro por cuestiones de permisos', NULL, 'E', '1', '1'),
(132, 'Registro no encontrado', NULL, 'Registro no encontrado', NULL, 'E', '1', '1');

-- --------------------------------------------------------

--
-- Estructura de tabla para la tabla `c_mensaje_trad`
--

CREATE TABLE IF NOT EXISTS `c_mensaje_trad` (
  `cl_mensaje` smallint(5) unsigned NOT NULL,
  `fl_idioma` smallint(5) unsigned NOT NULL,
  `ds_titulo` varchar(255) DEFAULT NULL,
  `ds_mensaje` text,
  PRIMARY KEY (`cl_mensaje`,`fl_idioma`),
  KEY `fk_c_mensaje_trad_c_idioma_idx` (`fl_idioma`),
  KEY `fk_c_mensaje_trad_c_mensaje_idx` (`cl_mensaje`)
) ENGINE=InnoDB DEFAULT CHARSET=utf8;

--
-- Volcado de datos para la tabla `c_mensaje_trad`
--

INSERT INTO `c_mensaje_trad` (`cl_mensaje`, `fl_idioma`, `ds_titulo`, `ds_mensaje`) VALUES
(130, 3, '', '');

-- --------------------------------------------------------

--
-- Estructura de tabla para la tabla `c_menu`
--

CREATE TABLE IF NOT EXISTS `c_menu` (
  `fl_menu` smallint(5) unsigned NOT NULL AUTO_INCREMENT,
  `fl_menu_padre` smallint(5) unsigned DEFAULT NULL,
  `fl_contenido` mediumint(8) unsigned DEFAULT NULL,
  `fl_liga` mediumint(8) unsigned DEFAULT NULL,
  `nb_menu` varchar(100) NOT NULL,
  `tr_menu` varchar(100) DEFAULT NULL,
  `fg_tipo` enum('C','L','M') NOT NULL DEFAULT 'C',
  `fg_menu` enum('1','0') NOT NULL DEFAULT '1',
  `no_orden` tinyint(3) unsigned NOT NULL DEFAULT '0',
  `fg_tipo_seguridad` enum('X','R') NOT NULL DEFAULT 'X',
  `fg_activo` enum('1','0') NOT NULL DEFAULT '1',
  PRIMARY KEY (`fl_menu`),
  KEY `fk_c_menu_c_menu_idx` (`fl_menu_padre`),
  KEY `fk_c_menu_c_contenido_idx` (`fl_contenido`),
  KEY `fk_c_menu_c_liga_idx` (`fl_liga`)
) ENGINE=InnoDB  DEFAULT CHARSET=utf8 AUTO_INCREMENT=53 ;

--
-- Volcado de datos para la tabla `c_menu`
--

INSERT INTO `c_menu` (`fl_menu`, `fl_menu_padre`, `fl_contenido`, `fl_liga`, `nb_menu`, `tr_menu`, `fg_tipo`, `fg_menu`, `no_orden`, `fg_tipo_seguridad`, `fg_activo`) VALUES
(1, 0, NULL, NULL, 'Men&uacute; Header', 'Header Menu', 'M', '0', 1, 'X', '1'),
(2, 0, NULL, NULL, 'Men&uacute; Principal', 'Main Menu', 'M', '0', 2, 'X', '1'),
(3, 0, NULL, NULL, 'Men&uacute; Footer', 'Footer Menu', 'M', '0', 3, 'X', '1'),
(4, 0, NULL, NULL, 'Men&uacute; de Usuarios', 'User Menu', 'M', '0', 4, 'X', '1'),
(9, 2, NULL, 25, 'Inicio', 'Home', 'L', '1', 1, 'X', '1'),
(12, 2, NULL, 10, 'Contacto', 'Contact', 'L', '1', 6, 'X', '1'),
(17, 2, NULL, 15, 'Noticias', 'News', 'L', '1', 4, 'X', '1'),
(20, 3, 19, NULL, 'Aviso legal', 'Legal Notice', 'C', '1', 1, 'X', '1'),
(21, 3, 20, NULL, 'Aviso de privacidad', 'Privacy Advise', 'C', '1', 3, 'X', '1'),
(22, 3, 21, NULL, 'Condiciones de uso', 'Access Conditions', 'C', '1', 2, 'X', '1'),
(45, 2, NULL, NULL, 'Nosotros', 'About Us', 'M', '1', 2, 'X', '1'),
(46, 2, NULL, 33, 'Art&iacute;culos', 'Articules', 'L', '1', 3, 'X', '1'),
(47, 45, 165, NULL, '&iquest;Qui&eacute;nes somos?', 'About us...', 'C', '1', 1, 'X', '1'),
(48, 45, 168, NULL, 'Beneficios', 'Benefits', 'C', '1', 3, 'X', '1'),
(49, 2, NULL, 37, 'Acceso', 'Login', 'L', '1', 7, 'X', '1'),
(50, 2, NULL, 38, 'Reg&iacute;strate', 'Register', 'L', '1', 5, 'X', '1'),
(52, 2, NULL, 39, 'Leyes', 'Applicable Laws', 'L', '1', 4, 'X', '1');

-- --------------------------------------------------------

--
-- Estructura de tabla para la tabla `c_menu_trad`
--

CREATE TABLE IF NOT EXISTS `c_menu_trad` (
  `fl_menu` smallint(5) unsigned NOT NULL,
  `fl_idioma` smallint(5) unsigned NOT NULL,
  `nb_menu` varchar(100) DEFAULT NULL,
  PRIMARY KEY (`fl_menu`,`fl_idioma`),
  KEY `fk_c_menu_trad_c_menu_idx` (`fl_menu`),
  KEY `fk_c_menu_trad_c_idioma_idx` (`fl_idioma`)
) ENGINE=InnoDB DEFAULT CHARSET=utf8;

--
-- Volcado de datos para la tabla `c_menu_trad`
--

INSERT INTO `c_menu_trad` (`fl_menu`, `fl_idioma`, `nb_menu`) VALUES
(52, 3, '');

-- --------------------------------------------------------

--
-- Estructura de tabla para la tabla `c_mesa_directiva`
--

CREATE TABLE IF NOT EXISTS `c_mesa_directiva` (
  `fl_mesa_directiva` smallint(5) unsigned NOT NULL AUTO_INCREMENT,
  `fl_condominio` mediumint(8) unsigned NOT NULL,
  `fl_condomino` int(10) unsigned NOT NULL,
  `nb_funcion` varchar(50) NOT NULL,
  `fe_inicia` date DEFAULT NULL,
  `fe_finaliza` date DEFAULT NULL,
  `fg_activo` tinyint(1) DEFAULT '1',
  `fe_alta` datetime NOT NULL,
  `fe_ultmod` datetime NOT NULL,
  PRIMARY KEY (`fl_mesa_directiva`),
  KEY `fk_c_mesa_directiva_consdominio_idx` (`fl_condominio`),
  KEY `fk_c_mesa_directiva_consdomino_idx` (`fl_condomino`)
) ENGINE=InnoDB  DEFAULT CHARSET=utf8 AUTO_INCREMENT=6 ;

--
-- Volcado de datos para la tabla `c_mesa_directiva`
--

INSERT INTO `c_mesa_directiva` (`fl_mesa_directiva`, `fl_condominio`, `fl_condomino`, `nb_funcion`, `fe_inicia`, `fe_finaliza`, `fg_activo`, `fe_alta`, `fe_ultmod`) VALUES
(4, 3, 8, 'Secretario', '2015-01-31', '2016-01-31', 0, '2015-05-15 15:37:52', '2015-08-19 13:35:13'),
(5, 18, 13, 'Secretario', '2015-06-01', '0000-00-00', 1, '2015-11-26 07:35:33', '2015-11-26 07:35:33');

-- --------------------------------------------------------

--
-- Estructura de tabla para la tabla `c_modulo`
--

CREATE TABLE IF NOT EXISTS `c_modulo` (
  `fl_modulo` smallint(5) unsigned NOT NULL AUTO_INCREMENT,
  `fl_modulo_padre` smallint(5) unsigned DEFAULT NULL,
  `nb_modulo` varchar(50) NOT NULL,
  `tr_modulo` varchar(50) DEFAULT NULL,
  `fg_menu` enum('1','0') NOT NULL DEFAULT '1',
  `no_orden` tinyint(3) unsigned NOT NULL DEFAULT '0',
  `nb_directorio` varchar(50) NOT NULL,
  `fg_activo` enum('1','0') NOT NULL DEFAULT '1',
  `nb_icono` varchar(50) DEFAULT NULL,
  PRIMARY KEY (`fl_modulo`),
  KEY `fk_c_modulo_c_modulo_idx` (`fl_modulo_padre`)
) ENGINE=InnoDB  DEFAULT CHARSET=utf8 AUTO_INCREMENT=22 ;

--
-- Volcado de datos para la tabla `c_modulo`
--

INSERT INTO `c_modulo` (`fl_modulo`, `fl_modulo_padre`, `nb_modulo`, `tr_modulo`, `fg_menu`, `no_orden`, `nb_directorio`, `fg_activo`, `nb_icono`) VALUES
(1, NULL, 'Men&uacute; Principal', 'Main Menu', '0', 0, 'modulos', '1', NULL),
(3, 1, 'Mi Sitio Web', 'My Website', '1', 9, 'contenido', '1', 'fa-globe'),
(5, 1, 'Configuraci&oacute;n', 'Configuration', '1', 10, 'configuracion', '1', 'fa-cog'),
(6, 1, 'Seguridad', 'Security', '1', 7, 'seguridad', '1', 'fa-lock'),
(7, 1, 'Ayuda', 'Help', '1', 20, 'ayuda', '1', 'fa-question-circle'),
(8, 5, 'Traducci&oacute;n', 'Translation', '1', 1, 'traduccion', '1', 'fa-language'),
(9, 1, 'Cat&aacute;logos', 'Catalogs', '1', 2, 'catalogos', '1', 'fa-database'),
(10, 1, 'Contabilidad', 'Accounting', '1', 3, 'contabilidad', '1', 'fa-money'),
(11, 1, 'Reportes', 'Reports', '0', 4, 'reportes', '1', 'fa-print'),
(12, 1, 'Juntas', 'Meetings', '1', 4, 'juntas', '1', 'fa-users'),
(13, 1, 'Galer&iacute;a de Fotos', 'Photo Galery', '0', 6, 'galeria', '1', 'fa-camera'),
(14, 1, 'Utiler&iacute;as', 'Utilities', '1', 11, 'utilerias', '1', 'fa-wrench'),
(16, 1, 'Cuotas', 'Fees', '1', 3, 'cuotas', '1', 'fa-usd'),
(17, 10, 'Gastos', 'Expenses', '0', 2, 'gastos', '1', ''),
(18, 5, 'Cat&aacute;logos Auxiliares', 'Auxiliar Catalogs', '1', 2, 'auxiliares', '1', ''),
(19, 1, 'Mi Condominio', 'My Condominium', '1', 1, 'condominio', '1', 'fa-university'),
(20, 1, 'Clasificados', '', '1', 9, 'clasificados', '1', 'fa-file-text'),
(21, 1, 'Foro', 'Forum', '1', 9, 'foro', '1', 'fa-bullhorn');

-- --------------------------------------------------------

--
-- Estructura de tabla para la tabla `c_modulo_trad`
--

CREATE TABLE IF NOT EXISTS `c_modulo_trad` (
  `fl_modulo` smallint(5) unsigned NOT NULL,
  `fl_idioma` smallint(5) unsigned NOT NULL,
  `nb_modulo` varchar(50) DEFAULT NULL,
  PRIMARY KEY (`fl_modulo`,`fl_idioma`),
  KEY `fx_c_modulo_trad_c_modulo_idx` (`fl_modulo`),
  KEY `fx_c_modulo_trad_c__idioma_idx` (`fl_idioma`)
) ENGINE=InnoDB DEFAULT CHARSET=utf8;

--
-- Volcado de datos para la tabla `c_modulo_trad`
--

INSERT INTO `c_modulo_trad` (`fl_modulo`, `fl_idioma`, `nb_modulo`) VALUES
(7, 3, ''),
(20, 3, ''),
(21, 3, '');

-- --------------------------------------------------------

--
-- Estructura de tabla para la tabla `c_nodo`
--

CREATE TABLE IF NOT EXISTS `c_nodo` (
  `fl_nodo` mediumint(8) unsigned NOT NULL AUTO_INCREMENT,
  `fl_pagina` smallint(5) unsigned NOT NULL,
  `fl_contenido` mediumint(8) unsigned NOT NULL,
  `fl_condominio` mediumint(8) unsigned DEFAULT NULL,
  `fe_evento` date DEFAULT NULL,
  `fe_ini` date DEFAULT NULL,
  `fe_fin` date DEFAULT NULL,
  `fg_tipo_seguridad` enum('X','R') NOT NULL DEFAULT 'X',
  `no_orden` tinyint(4) NOT NULL DEFAULT '0',
  `no_latitud` decimal(12,8) DEFAULT NULL,
  `no_longitud` decimal(12,8) DEFAULT NULL,
  `no_zoom` tinyint(4) DEFAULT NULL,
  `fg_activo` enum('1','0') NOT NULL DEFAULT '1',
  PRIMARY KEY (`fl_nodo`),
  KEY `fk_c_nodo_c_pagina_idx` (`fl_pagina`),
  KEY `fk_c_nodo_c_contenido_idx` (`fl_contenido`),
  KEY `fk_c_nodo_c_condominio1_idx` (`fl_condominio`)
) ENGINE=InnoDB  DEFAULT CHARSET=utf8 AUTO_INCREMENT=3 ;

--
-- Volcado de datos para la tabla `c_nodo`
--

INSERT INTO `c_nodo` (`fl_nodo`, `fl_pagina`, `fl_contenido`, `fl_condominio`, `fe_evento`, `fe_ini`, `fe_fin`, `fg_tipo_seguridad`, `no_orden`, `no_latitud`, `no_longitud`, `no_zoom`, `fg_activo`) VALUES
(1, 7, 166, NULL, '2015-03-25', NULL, NULL, 'X', 1, NULL, NULL, NULL, '1'),
(2, 2, 167, NULL, '2015-03-25', NULL, NULL, 'X', 1, NULL, NULL, NULL, '1');

-- --------------------------------------------------------

--
-- Estructura de tabla para la tabla `c_nomenclatura`
--

CREATE TABLE IF NOT EXISTS `c_nomenclatura` (
  `fl_nomenclatura` mediumint(8) unsigned NOT NULL AUTO_INCREMENT,
  `fl_seccion` mediumint(8) unsigned NOT NULL,
  `fl_nomenclatura_default` tinyint(3) unsigned DEFAULT NULL,
  `nb_nomenclatura` varchar(100) DEFAULT NULL,
  `no_orden` tinyint(4) DEFAULT '0',
  `fe_alta` datetime DEFAULT NULL,
  `fe_ultmod` datetime DEFAULT NULL,
  PRIMARY KEY (`fl_nomenclatura`),
  KEY `fk_c_nomenclatura_c_seccion1_idx` (`fl_seccion`),
  KEY `fk_c_nomenclatura_c_nomenclatura_default1_idx` (`fl_nomenclatura_default`)
) ENGINE=InnoDB  DEFAULT CHARSET=utf8 AUTO_INCREMENT=111 ;

--
-- Volcado de datos para la tabla `c_nomenclatura`
--

INSERT INTO `c_nomenclatura` (`fl_nomenclatura`, `fl_seccion`, `fl_nomenclatura_default`, `nb_nomenclatura`, `no_orden`, `fe_alta`, `fe_ultmod`) VALUES
(11, 13, 2, '', 0, '2015-07-30 16:44:19', '2015-08-04 13:39:21'),
(13, 5, 6, '', 1, '2015-07-30 16:48:13', '2015-07-31 14:13:13'),
(14, 5, NULL, 'Habitaci&oacute;n', 2, '2015-07-30 16:48:13', '2015-07-31 14:26:33'),
(15, 5, 5, '', 0, '2015-07-31 12:37:58', '2015-07-31 14:13:13'),
(16, 1, 6, '', 0, '2015-07-31 12:38:26', '2015-08-26 16:46:29'),
(17, 1, 7, '', 1, '2015-07-31 12:38:26', '2015-08-26 16:46:29'),
(18, 2, 3, '', 0, '2015-07-31 12:39:11', '2015-08-21 10:12:26'),
(19, 2, 4, '', 1, '2015-07-31 12:39:11', '2015-08-21 10:12:26'),
(28, 13, 4, '', 1, '2015-07-31 14:35:16', '2015-08-04 13:39:21'),
(33, 15, 1, '', 0, '2015-08-18 16:21:32', '2015-08-18 16:21:32'),
(35, 15, 2, '', 1, '2015-08-18 16:21:32', '2015-08-18 16:21:58'),
(36, 15, 4, '', 2, '2015-08-18 16:21:58', '2015-08-18 16:21:58'),
(45, 19, NULL, 'Tipo', 0, '2015-10-29 19:39:10', '2015-10-29 19:39:10'),
(46, 19, NULL, 'Lado', 1, '2015-10-29 19:39:10', '2015-10-29 19:41:43'),
(47, 19, 3, '', 2, '2015-10-29 19:41:43', '2015-10-29 19:41:43'),
(48, 19, 4, '', 3, '2015-10-29 19:41:43', '2015-10-29 19:41:43'),
(49, 20, NULL, 'Tipo', 0, '2015-10-29 19:43:29', '2015-10-29 19:43:29'),
(50, 20, NULL, 'Lado', 1, '2015-10-29 19:44:22', '2015-10-29 19:44:22'),
(51, 20, 3, '', 2, '2015-10-29 19:44:24', '2015-10-29 19:44:24'),
(52, 20, 4, '', 3, '2015-10-29 19:44:28', '2015-10-29 19:44:28'),
(53, 21, NULL, 'Tipo', 0, '2015-10-29 19:46:34', '2015-10-29 19:46:34'),
(54, 21, NULL, 'Lado', 1, '2015-10-29 19:46:34', '2015-10-29 19:46:34'),
(55, 21, 3, '', 2, '2015-10-29 19:46:34', '2015-10-29 19:46:34'),
(56, 21, 4, '', 3, '2015-10-29 19:46:34', '2015-10-29 19:46:34'),
(57, 22, 5, '', 0, '2015-10-29 19:51:12', '2015-10-29 19:51:12'),
(58, 22, 6, '', 1, '2015-10-29 19:51:12', '2015-10-29 19:51:12'),
(59, 22, 7, '', 2, '2015-10-29 19:51:12', '2015-10-29 19:51:12'),
(60, 23, NULL, 'Tipo', 0, '2015-11-05 17:33:05', '2015-11-05 17:33:05'),
(61, 23, NULL, 'Lado', 1, '2015-11-05 17:33:05', '2015-11-05 17:33:05'),
(62, 23, 3, '', 2, '2015-11-05 17:33:05', '2015-11-05 17:33:05'),
(63, 23, 4, '', 3, '2015-11-05 17:33:05', '2015-11-05 17:33:05'),
(64, 24, NULL, 'Tipo', 0, '2015-11-05 17:35:51', '2015-11-05 17:35:51'),
(65, 24, NULL, 'Lado', 1, '2015-11-05 17:35:51', '2015-11-05 17:35:51'),
(66, 24, 3, '', 2, '2015-11-05 17:35:51', '2015-11-05 17:35:51'),
(67, 24, 4, '', 3, '2015-11-05 17:35:51', '2015-11-05 17:35:51'),
(71, 26, 4, '', 0, '2015-11-17 13:23:47', '2015-11-17 13:23:47'),
(72, 26, 2, '', 1, '2015-11-17 13:23:47', '2015-11-17 13:23:47'),
(75, 27, 5, '', 0, '2015-12-22 16:55:51', '2015-12-22 16:55:51'),
(76, 27, 6, '', 1, '2015-12-22 16:55:51', '2015-12-22 16:55:51'),
(77, 27, 7, '', 2, '2015-12-22 16:55:51', '2015-12-22 16:55:51'),
(78, 28, 5, '', 0, '2015-12-22 16:58:04', '2015-12-22 16:58:04'),
(79, 28, 6, '', 1, '2015-12-22 16:58:04', '2015-12-22 16:58:04'),
(80, 28, 7, '', 2, '2015-12-22 16:58:04', '2015-12-22 16:58:04'),
(81, 29, 5, '', 0, '2015-12-22 16:59:09', '2015-12-22 16:59:09'),
(82, 29, 6, '', 1, '2015-12-22 16:59:09', '2015-12-22 16:59:09'),
(83, 29, 7, '', 2, '2015-12-22 16:59:09', '2015-12-22 16:59:09'),
(84, 30, 7, '', 0, '2015-12-22 17:00:00', '2015-12-22 17:00:00'),
(85, 31, 5, '', 0, '2015-12-22 17:01:17', '2015-12-22 17:01:17'),
(86, 31, 6, '', 1, '2015-12-22 17:01:17', '2015-12-22 17:01:17'),
(87, 31, 7, '', 2, '2015-12-22 17:01:17', '2015-12-22 17:01:17'),
(88, 32, 5, '', 0, '2015-12-22 17:02:42', '2015-12-22 17:02:42'),
(89, 32, 6, '', 1, '2015-12-22 17:02:42', '2015-12-22 17:02:42'),
(90, 32, 7, '', 2, '2015-12-22 17:02:42', '2015-12-22 17:02:42'),
(91, 33, 5, '', 0, '2015-12-22 17:07:34', '2015-12-22 17:07:34'),
(92, 33, 6, '', 1, '2015-12-22 17:07:34', '2015-12-22 17:07:34'),
(93, 33, 7, '', 2, '2015-12-22 17:07:34', '2015-12-22 17:07:34'),
(94, 34, 5, '', 0, '2015-12-22 17:08:31', '2015-12-22 17:08:31'),
(95, 34, 6, '', 1, '2015-12-22 17:08:31', '2015-12-22 17:08:31'),
(96, 34, 7, '', 2, '2015-12-22 17:08:31', '2015-12-22 17:08:31'),
(97, 35, 5, '', 0, '2015-12-22 17:09:20', '2015-12-22 17:09:20'),
(98, 35, 6, '', 1, '2015-12-22 17:09:20', '2015-12-22 17:09:20'),
(99, 35, 7, '', 2, '2015-12-22 17:09:20', '2015-12-22 17:09:20'),
(100, 30, 6, '', 1, '2015-12-22 17:26:28', '2015-12-22 17:26:28'),
(103, 37, 6, '', 0, '2015-12-22 17:28:30', '2015-12-22 17:28:30'),
(104, 37, 7, '', 1, '2015-12-22 17:28:30', '2015-12-22 17:28:30'),
(105, 38, 3, '', 0, '2015-12-22 17:34:18', '2015-12-22 17:34:18'),
(106, 38, 4, '', 1, '2015-12-22 17:34:18', '2015-12-22 17:34:18'),
(107, 39, 1, '', 0, '2015-12-22 17:35:39', '2015-12-22 17:35:39'),
(108, 39, 2, '', 1, '2015-12-22 17:35:39', '2015-12-22 17:35:39'),
(109, 40, 1, '', 0, '2015-12-22 17:56:54', '2015-12-22 17:56:54'),
(110, 40, 2, '', 1, '2015-12-22 17:56:54', '2015-12-22 17:56:54');

-- --------------------------------------------------------

--
-- Estructura de tabla para la tabla `c_nomenclatura_default`
--

CREATE TABLE IF NOT EXISTS `c_nomenclatura_default` (
  `fl_nomenclatura_default` tinyint(3) unsigned NOT NULL AUTO_INCREMENT,
  `fg_construccion` enum('H','V') DEFAULT NULL,
  `nb_nomenclatura` varchar(45) DEFAULT NULL,
  `tr_nomenclatura` varchar(45) DEFAULT NULL,
  `fe_alta` datetime DEFAULT NULL,
  `fe_ultmod` datetime DEFAULT NULL,
  PRIMARY KEY (`fl_nomenclatura_default`)
) ENGINE=InnoDB  DEFAULT CHARSET=utf8 AUTO_INCREMENT=8 ;

--
-- Volcado de datos para la tabla `c_nomenclatura_default`
--

INSERT INTO `c_nomenclatura_default` (`fl_nomenclatura_default`, `fg_construccion`, `nb_nomenclatura`, `tr_nomenclatura`, `fe_alta`, `fe_ultmod`) VALUES
(1, 'H', 'Manzana', 'Manzana', '2015-07-31 13:13:02', '2015-07-31 13:13:02'),
(2, 'H', 'Lote', 'Lote', '2015-07-31 13:13:02', '2015-07-31 13:13:02'),
(3, 'H', 'Calle', 'Street', '2015-07-31 13:13:02', '2015-07-31 13:13:02'),
(4, 'H', 'N&uacute;mero', 'Number', '2015-07-31 13:13:02', '2015-07-31 13:13:02'),
(5, 'V', 'Edificio', 'Building', '2015-07-31 13:13:02', '2015-07-31 13:13:02'),
(6, 'V', 'Piso', 'Floor', '2015-07-31 13:13:02', '2015-07-31 13:13:02'),
(7, 'V', 'N&uacute;mero', 'Number', '2015-07-31 13:13:02', '2015-07-31 13:13:02');

-- --------------------------------------------------------

--
-- Estructura de tabla para la tabla `c_pagina`
--

CREATE TABLE IF NOT EXISTS `c_pagina` (
  `fl_pagina` smallint(5) unsigned NOT NULL AUTO_INCREMENT,
  `fl_contenido` mediumint(8) unsigned NOT NULL,
  `nb_pagina` varchar(100) NOT NULL,
  `tr_pagina` varchar(100) DEFAULT NULL,
  `nb_programa` varchar(50) NOT NULL,
  `fg_tipo` enum('P','N','B','G','T','U','A') NOT NULL DEFAULT 'P',
  `no_width_th` smallint(5) unsigned DEFAULT '160',
  `no_height_th` smallint(5) unsigned DEFAULT '120',
  `no_width_img` smallint(5) unsigned DEFAULT '200',
  `no_height_img` smallint(5) unsigned DEFAULT '150',
  `no_width_cat_th` smallint(5) unsigned DEFAULT '160',
  `no_height_cat_th` smallint(5) unsigned DEFAULT '120',
  `no_width_cat_img` smallint(5) unsigned DEFAULT '200',
  `no_height_cat_img` smallint(5) unsigned DEFAULT '150',
  `fg_tipo_orden` enum('F','FA','N','A') NOT NULL DEFAULT 'F',
  `fg_comentarios` enum('1','0') NOT NULL DEFAULT '1',
  `fg_compartir_rs` enum('0','1') NOT NULL DEFAULT '0',
  `fg_comentarios_rs` enum('0','1') NOT NULL DEFAULT '0',
  `fg_activo` enum('1','0') NOT NULL DEFAULT '1',
  `no_orden` tinyint(4) NOT NULL DEFAULT '0',
  `fg_categorias` enum('0','1') NOT NULL DEFAULT '0',
  PRIMARY KEY (`fl_pagina`),
  KEY `fk_c_pagina_c_contenido_idx` (`fl_contenido`)
) ENGINE=InnoDB  DEFAULT CHARSET=utf8 AUTO_INCREMENT=20 ;

--
-- Volcado de datos para la tabla `c_pagina`
--

INSERT INTO `c_pagina` (`fl_pagina`, `fl_contenido`, `nb_pagina`, `tr_pagina`, `nb_programa`, `fg_tipo`, `no_width_th`, `no_height_th`, `no_width_img`, `no_height_img`, `no_width_cat_th`, `no_height_cat_th`, `no_width_cat_img`, `no_height_cat_img`, `fg_tipo_orden`, `fg_comentarios`, `fg_compartir_rs`, `fg_comentarios_rs`, `fg_activo`, `no_orden`, `fg_categorias`) VALUES
(1, 1, 'P&aacute;gina de inicio', 'Home page', 'index.php', 'P', 160, 120, 200, 150, 160, 120, 200, 150, 'A', '0', '0', '0', '1', 1, '0'),
(2, 2, 'Noticias', 'News', 'noticias.php', 'N', 178, 156, 0, 0, 0, 0, 0, 0, 'F', '1', '0', '0', '1', 8, '1'),
(3, 3, 'Galer&iacute;a de Fotos de Cond&oacute;minos', 'Photo Gallery', 'galeria.php', 'G', 210, 145, 0, 0, 0, 0, 0, 0, 'N', '0', '0', '0', '1', 20, '1'),
(5, 8, 'Forma de contacto', 'Contact form', 'contacto.php', 'P', 160, 120, 200, 150, 160, 120, 200, 150, 'A', '0', '0', '0', '1', 10, '0'),
(7, 83, 'Art&iacute;culos', '', 'blog.php', 'B', 160, 120, 200, 150, 160, 120, 200, 150, 'N', '1', '0', '0', '1', 3, '1'),
(11, 87, 'Manual de Usuario', 'User Manual', 'ayuda.php', 'A', 160, 120, 200, 150, 160, 120, 200, 150, 'A', '0', '0', '0', '1', 11, '0'),
(12, 160, 'Gu&iacute;a de Reusables', '', 'reusables.php', 'A', 160, 120, 200, 150, 160, 120, 200, 150, 'A', '0', '0', '0', '1', 12, '0'),
(13, 169, 'Forma de registro', 'Registry', 'AD3M2SRC4/registro.php', 'P', 160, 120, 200, 150, 160, 120, 200, 150, 'A', '0', '0', '0', '1', 2, '0'),
(15, 171, 'Galer&iacute;a de Fotos de Mesa Directiva', 'Photo Gallery', 'g_mesa_directiva.php', 'G', 210, 145, 0, 0, 0, 0, 0, 0, 'N', '0', '0', '0', '1', 21, '1'),
(16, 172, 'Galer&iacute;a de Fotos de Comit&eacute;', 'Photo Gallery', 'g_comite.php', 'G', 210, 145, 0, 0, 0, 0, 0, 0, 'N', '0', '0', '0', '1', 22, '1'),
(17, 173, 'Galer&iacute;a de Fotos de Eventos', 'Photo Gallery', 'g_eventos.php', 'G', 210, 145, 0, 0, 0, 0, 0, 0, 'N', '0', '0', '0', '1', 23, '1'),
(18, 174, 'Gracias por registrarte', 'Thanks for signing', 'AD3M2SRC4/registro_gracias.php', 'P', 160, 120, 200, 150, 160, 120, 200, 150, 'F', '1', '0', '0', '1', 0, '0'),
(19, 181, 'Leyes', '', 'leyes.php', 'P', 160, 120, 200, 150, 160, 120, 200, 150, 'A', '0', '0', '0', '1', 0, '0');

-- --------------------------------------------------------

--
-- Estructura de tabla para la tabla `c_pagina_trad`
--

CREATE TABLE IF NOT EXISTS `c_pagina_trad` (
  `fl_pagina` smallint(5) unsigned NOT NULL,
  `fl_idioma` smallint(5) unsigned NOT NULL,
  `nb_pagina` varchar(100) DEFAULT NULL,
  PRIMARY KEY (`fl_pagina`,`fl_idioma`),
  KEY `fk_c_pagina_trad_c_idioma_idx` (`fl_idioma`),
  KEY `fk_c_pagina_trad_c_pagina_idx` (`fl_idioma`)
) ENGINE=InnoDB DEFAULT CHARSET=utf8;

--
-- Volcado de datos para la tabla `c_pagina_trad`
--

INSERT INTO `c_pagina_trad` (`fl_pagina`, `fl_idioma`, `nb_pagina`) VALUES
(19, 3, '');

-- --------------------------------------------------------

--
-- Estructura de tabla para la tabla `c_pago`
--

CREATE TABLE IF NOT EXISTS `c_pago` (
  `fl_pago` mediumint(8) unsigned NOT NULL AUTO_INCREMENT,
  `fl_cuenta` mediumint(8) unsigned NOT NULL,
  `fl_forma_pago` tinyint(3) unsigned NOT NULL,
  `fl_factura` bigint(19) unsigned DEFAULT NULL,
  `no_meses` tinyint(4) DEFAULT '1',
  `mn_subtotal` decimal(10,2) DEFAULT NULL,
  `mn_iva` decimal(10,2) DEFAULT NULL,
  `mn_total` decimal(10,2) DEFAULT NULL,
  `ds_recibo_folio` varchar(100) DEFAULT NULL,
  `ds_recibo` varchar(255) DEFAULT NULL COMMENT 'Ruta del recibo',
  `ds_soporte_pago` varchar(255) DEFAULT NULL,
  `fe_inicia` date DEFAULT NULL COMMENT 'Fecha inicial de vigencia del pago',
  `fe_finaliza` date DEFAULT NULL COMMENT 'Fecha finalde vigencia del pago',
  `fe_pago` datetime DEFAULT NULL,
  `fg_estatus` tinyint(2) unsigned DEFAULT '0' COMMENT '0 => POR PAGAR\n1 => PAGADO\n2 => CANCELADO',
  `fg_activo` tinyint(1) unsigned DEFAULT '1',
  `fe_cancelacion` datetime DEFAULT NULL,
  `fe_alta` datetime DEFAULT NULL,
  `fe_ultmod` datetime DEFAULT NULL,
  PRIMARY KEY (`fl_pago`),
  KEY `fk_c_pago_c_cuenta1_idx` (`fl_cuenta`),
  KEY `fk_c_pago_c_forma_pago1_idx` (`fl_forma_pago`),
  KEY `fk_c_pago_k_factura1_idx` (`fl_factura`)
) ENGINE=InnoDB  DEFAULT CHARSET=utf8 AUTO_INCREMENT=17 ;

--
-- Volcado de datos para la tabla `c_pago`
--

INSERT INTO `c_pago` (`fl_pago`, `fl_cuenta`, `fl_forma_pago`, `fl_factura`, `no_meses`, `mn_subtotal`, `mn_iva`, `mn_total`, `ds_recibo_folio`, `ds_recibo`, `ds_soporte_pago`, `fe_inicia`, `fe_finaliza`, `fe_pago`, `fg_estatus`, `fg_activo`, `fe_cancelacion`, `fe_alta`, `fe_ultmod`) VALUES
(11, 43, 4, 34, 3, '90900.00', '14544.00', '105444.00', NULL, NULL, 'soporte-pago-u66c18c43-20151210140924.jpg', '2016-02-10', '2016-05-10', '2015-12-10 14:09:24', 1, 1, NULL, '2015-12-10 14:09:24', '2015-12-21 11:51:29'),
(12, 38, 4, 35, 5, '55500.00', '8880.00', '64380.00', NULL, NULL, 'soporte-pago-u4c3c38-20151210170214.jpg', '2015-12-01', '2016-05-10', '2015-12-10 17:02:14', 1, 1, NULL, '2015-12-10 17:02:14', '2015-12-21 14:01:59'),
(15, 38, 4, 36, 1, '10620.00', '1699.20', '12319.20', NULL, NULL, 'soporte-pago-u4c3c38-20151214184225.jpg', '2016-06-10', '2016-07-10', '2015-12-14 18:42:25', 1, 1, NULL, '2015-12-14 18:42:25', '2015-12-21 14:12:44'),
(16, 42, 4, NULL, 1, '7050.00', '1128.00', '8178.00', NULL, NULL, 'soporte-pago-u67c19c42-20151215171339.jpg', '2015-12-01', '2016-01-10', '2015-12-15 17:13:39', 1, 1, NULL, '2015-12-15 17:13:39', '2015-12-21 14:41:27');

-- --------------------------------------------------------

--
-- Estructura de tabla para la tabla `c_pais`
--

CREATE TABLE IF NOT EXISTS `c_pais` (
  `fl_pais` smallint(5) unsigned NOT NULL AUTO_INCREMENT,
  `nb_pais` varchar(50) NOT NULL,
  `tr_pais` varchar(50) DEFAULT NULL,
  `cl_iso2` char(2) DEFAULT NULL,
  `cl_iso3` char(3) DEFAULT NULL,
  `ds_moneda` varchar(50) NOT NULL,
  `tr_moneda` varchar(50) DEFAULT NULL,
  `ds_observaciones` text,
  `tr_observaciones` text,
  PRIMARY KEY (`fl_pais`)
) ENGINE=InnoDB  DEFAULT CHARSET=utf8 AUTO_INCREMENT=3 ;

--
-- Volcado de datos para la tabla `c_pais`
--

INSERT INTO `c_pais` (`fl_pais`, `nb_pais`, `tr_pais`, `cl_iso2`, `cl_iso3`, `ds_moneda`, `tr_moneda`, `ds_observaciones`, `tr_observaciones`) VALUES
(1, 'M&eacute;xico', 'Mexico', 'MX', 'MEX', 'Pesos Mexicanos', 'Mexican Pesos', '', ''),
(2, 'Estados Unidos de Am&eacute;rica', 'United States of America', 'US', 'USA', 'D&oacute;lares americanos', 'US Dolars', '', '');

-- --------------------------------------------------------

--
-- Estructura de tabla para la tabla `c_pais_trad`
--

